418
CXUS53 KDTX 032005
CF6MBS
PRELIMINARY LOCAL CLIMATOLOGICAL DATA (WS FORM: F-6)
STATION: TRI CITIES MI
MONTH: JANUARY
YEAR: 2021
LATITUDE: 43 31 N
LONGITUDE: 84 5 W
TEMPERATURE IN F: :PCPN: SNOW: WIND :SUNSHINE: SKY :PK WND
================================================================================
1 2 3 4 5 6A 6B 7 8 9 10 11 12 13 14 15 16 17 18
12Z AVG MX 2MIN
DY MAX MIN AVG DEP HDD CDD WTR SNW DPTH SPD SPD DIR MIN PSBL S-S WX SPD DR
================================================================================
1 33 13 23 -1 42 0 0.19 1.5 1 8.1 18 30 M M 6 128 25 30
2 34 24 29 6 36 0 0.11 1.2 4 6.1 21 340 M M 10 1 24 340
3 35 30 33 10 32 0 0.00 0.0 4 4.3 12 290 M M 10 18 16 280
4 34 30 32 9 33 0 0.00 0.0 3 8.5 16 220 M M 10 18 21 210
5 36 30 33 10 32 0 T T 3 5.1 12 310 M M 10 18 15 320
6 38 33 36 13 29 0 T T 3 4.8 13 330 M M 10 1 16 330
7 36 23 30 7 35 0 0.00 0.0 2 7.0 12 40 M M 5 1 13 40
8 27 16 22 -1 43 0 0.00 0.0 2 8.3 16 20 M M 6 8 21 20
9 35 15 25 3 40 0 0.00 0.0 1 5.3 9 330 M M 0 11 330
10 31 19 25 3 40 0 0.00 0.0 1 4.3 8 200 M M 9 1 10 260
11 31 27 29 7 36 0 0.00 0.0 1 12.0 24 250 M M 10 18 33 230
12 31 27 29 7 36 0 T 0.0 1 10.3 16 210 M M 10 18 22 210
13 38 31 35 13 30 0 0.00 0.0 1 10.6 20 250 M M 5 18 25 240
14 38 29 34 12 31 0 0.00 0.0 1 6.2 13 100 M M 5 18 16 100
15 36 31 34 12 31 0 0.17 T 1 8.3 15 100 M M 9 18 21 110
16 34 26 30 8 35 0 T T 1 8.8 14 220 M M 7 1 17 250
17 35 28 32 10 33 0 0.01 0.1 1 6.3 10 270 M M 10 1 13 280
18 31 27 29 7 36 0 0.02 0.9 2 5.2 17 250 M M 10 1 23 250
19 30 21 26 4 39 0 T T 2 12.0 22 250 M M 9 18 27 250
20 28 17 23 1 42 0 0.00 0.0 1 12.7 25 220 M M 7 34 220
21 40 28 34 12 31 0 0.00 0.0 1 17.2 30 280 M M 6 43 290
22 34 17 26 4 39 0 T T T 14.6 23 310 M M 10 34 270
23 26 14 20 -2 45 0 0.00 0.0 0 8.5 16 300 M M 4 22 300
24 29 20 25 3 40 0 0.01 0.3 0 6.9 14 160 M M 9 1 19 170
25 31 23 27 5 38 0 0.00 0.0 T 7.6 18 30 M M 7 18 26 50
26 31 19 25 3 40 0 0.26 4.3 0 17.7 32 30 M M 10 128 39 40
27 24 8 16 -6 49 0 T T 3 5.9 13 360 M M 4 8 16 350
28 23 18 21 -1 44 0 T T 3 10.6 17 310 M M 10 23 300
29 26 12 19 -3 46 0 0.00 0.0 3 5.3 10 300 M M 6 15 280
30 27 6 17 -5 48 0 0.00 0.0 2 6.0 15 90 M M 3 18 19 80
31 30 25 28 6 37 0 T T 2 16.5 26 40 M M 9 18 33 30
================================================================================
SM 992 687 1168 0 0.77 8.3 271.0 M 236
================================================================================
AV 32.0 22.2 8.7 FASTST M M 8 MAX(MPH)
MISC ----> 32 30 43 290
================================================================================
NOTES:
# LAST OF SEVERAL OCCURRENCES
COLUMN 17 PEAK WIND IN M.P.H.
PRELIMINARY LOCAL CLIMATOLOGICAL DATA (WS FORM: F-6) , PAGE 2
STATION: TRI CITIES MI
MONTH: JANUARY
YEAR: 2021
LATITUDE: 43 31 N
LONGITUDE: 84 5 W
[TEMPERATURE DATA] [PRECIPITATION DATA] SYMBOLS USED IN COLUMN 16
AVERAGE MONTHLY: 27.1 TOTAL FOR MONTH: 0.77 1 = FOG OR MIST
DPTR FM NORMAL: 4.9 DPTR FM NORMAL: -0.94 2 = FOG REDUCING VISIBILITY
HIGHEST: 40 ON 21 GRTST 24HR 0.39 ON 1- 2 TO 1/4 MILE OR LESS
LOWEST: 6 ON 30 3 = THUNDER
SNOW, ICE PELLETS, HAIL 4 = ICE PELLETS
TOTAL MONTH: 8.3 INCHES 5 = HAIL
GRTST 24HR 4.3 ON 26-26 6 = FREEZING RAIN OR DRIZZLE
GRTST DEPTH: 4 ON 3, 2 7 = DUSTSTORM OR SANDSTORM:
VSBY 1/2 MILE OR LESS
8 = SMOKE OR HAZE
[NO. OF DAYS WITH] [WEATHER - DAYS WITH] 9 = BLOWING SNOW
X = TORNADO
MAX 32 OR BELOW: 16 0.01 INCH OR MORE: 7
MAX 90 OR ABOVE: 0 0.10 INCH OR MORE: 4
MIN 32 OR BELOW: 30 0.50 INCH OR MORE: 0
MIN 0 OR BELOW: 0 1.00 INCH OR MORE: 0
[HDD (BASE 65) ]
TOTAL THIS MO. 1168 CLEAR (SCALE 0-3) 2
DPTR FM NORMAL -157 PTCLDY (SCALE 4-7) 12
TOTAL FM JUL 1 3473 CLOUDY (SCALE 8-10) 17
DPTR FM NORMAL -491
[CDD (BASE 65) ]
TOTAL THIS MO. 0
DPTR FM NORMAL 0 [PRESSURE DATA]
TOTAL FM JAN 1 0 HIGHEST SLP 30.59 ON 28
DPTR FM NORMAL 0 LOWEST SLP 29.49 ON 15
[REMARKS]
#FINAL-01-21#
CORRECTED SNOW DEPTH ON 1/26.