000
CXUS56 KHNX 011420
CF6MCE
PRELIMINARY LOCAL CLIMATOLOGICAL DATA (WS FORM: F-6)
STATION: MERCED CA AIRPORT
MONTH: SEPTEMBER
YEAR: 2021
LATITUDE: 37 16 N
LONGITUDE: 120 36 W
TEMPERATURE IN F: :PCPN: SNOW: WIND :SUNSHINE: SKY :PK WND
================================================================================
1 2 3 4 5 6A 6B 7 8 9 10 11 12 13 14 15 16 17 18
12Z AVG MX 2MIN
DY MAX MIN AVG DEP HDD CDD WTR SNW DPTH SPD SPD DIR MIN PSBL S-S WX SPD DR
================================================================================
1 90 56 73 -3 0 8 0.00 0.0 0 5.2 10 270 M M 0 13 270
2 88 54 71 -5 0 6 0.00 0.0 0 6.7 14 340 M M 0 18 17 330
3 92 55 74 -2 0 9 0.00 0.0 0 4.6 13 350 M M 0 18 15 350
4 97 56 77 1 0 12 0.00 0.0 0 5.1 12 320 M M 0 8 16 350
5 101 57 79 3 0 14 0.00 0.0 0 5.0 14 320 M M 0 8 19 340
6 104 59 82 6 0 17 0.00 0.0 0 4.4 12 350 M M 0 8 16 330
7 104 65 85 9 0 20 0.00 0.0 0 8.1 18 340 M M 0 24 340
8 105 62 84 9 0 19 0.00 0.0 0 4.8 17 330 M M 0 20 320
9 105 66 86 11 0 21 0.00 0.0 0 3.4 12 340 M M 0 14 340
10 95 70 83 8 0 18 0.00 0.0 0 9.8 16 340 M M 0 20 340
11 96 62 79 4 0 14 0.00 0.0 0 6.0 12 330 M M 0 15 300
12 99 59 79 4 0 14 0.00 0.0 0 5.0 13 330 M M 0 16 300
13 99 60 80 6 0 15 0.00 0.0 0 4.7 12 330 M M 0 14 320
14 101 57 79 5 0 14 0.00 0.0 0 3.8 10 340 M M 0 8 15 340
15 96 62 79 5 0 14 0.00 0.0 0 6.4 13 330 M M 0 8 15 350
16 89 57 73 -1 0 8 0.00 0.0 0 7.4 14 350 M M 0 16 350
17 89 56 73 0 0 8 0.00 0.0 0 4.7 13 330 M M 0 16 330
18 84 54 69 -4 0 4 0.00 0.0 0 9.5 18 330 M M 0 22 350
19 83 60 72 -1 0 7 0.00 0.0 0 10.2 21 340 M M 1 26 340
20 87 52 70 -3 0 5 0.00 0.0 0 2.7 14 340 M M 0 16 340
21 96 57 77 5 0 12 0.00 0.0 0 2.3 8 130 M M 0 9 130
22 100 56 78 6 0 13 0.00 0.0 0 5.3 15 330 M M 1 8 19 330
23 96 58 77 5 0 12 0.00 0.0 0 5.3 13 340 M M 0 19 360
24 96 60 78 6 0 13 0.00 0.0 0 2.7 7 310 M M 0 10 180
25 94 60 77 6 0 12 0.00 0.0 0 5.1 14 350 M M 0 17 320
26 85 57 71 0 0 6 0.00 0.0 0 7.3 12 330 M M 0 15 340
27 85 56 71 0 0 6 0.00 0.0 0 10.2 18 330 M M 0 22 330
28 79 59 69 -1 0 4 0.00 0.0 0 12.3 24 330 M M 5 8 30 340
29 82 45 64 -6 1 0 0.00 0.0 0 3.9 15 340 M M 0 18 350
30 87 49 68 -2 0 3 0.00 0.0 0 2.0 7 330 M M 0 8 9 210
================================================================================
SM 2804 1736 1 328 0.00 0.0 173.9 M 7
================================================================================
AV 93.5 57.9 5.8 FASTST M M 0 MAX(MPH)
MISC ----> 24 330 30 340
================================================================================
NOTES:
# LAST OF SEVERAL OCCURRENCES
COLUMN 17 PEAK WIND IN M.P.H.
PRELIMINARY LOCAL CLIMATOLOGICAL DATA (WS FORM: F-6) , PAGE 2
STATION: MERCED CA AIRPORT
MONTH: SEPTEMBER
YEAR: 2021
LATITUDE: 37 16 N
LONGITUDE: 120 36 W
[TEMPERATURE DATA] [PRECIPITATION DATA] SYMBOLS USED IN COLUMN 16
AVERAGE MONTHLY: 75.7 TOTAL FOR MONTH: 0.00 1 = FOG OR MIST
DPTR FM NORMAL: 2.2 DPTR FM NORMAL: -0.05 2 = FOG REDUCING VISIBILITY
HIGHEST: 105 ON 9, 8 GRTST 24HR 0.00 ON 1- 1 TO 1/4 MILE OR LESS
LOWEST: 45 ON 29 3 = THUNDER
SNOW, ICE PELLETS, HAIL 4 = ICE PELLETS
TOTAL MONTH: 0.0 INCH 5 = HAIL
GRTST 24HR 0.0 6 = FREEZING RAIN OR DRIZZLE
GRTST DEPTH: 0 7 = DUSTSTORM OR SANDSTORM:
VSBY 1/2 MILE OR LESS
8 = SMOKE OR HAZE
[NO. OF DAYS WITH] [WEATHER - DAYS WITH] 9 = BLOWING SNOW
X = TORNADO
MAX 32 OR BELOW: 0 0.01 INCH OR MORE: 0
MAX 90 OR ABOVE: 19 0.10 INCH OR MORE: 0
MIN 32 OR BELOW: 0 0.50 INCH OR MORE: 0
MIN 0 OR BELOW: 0 1.00 INCH OR MORE: 0
[HDD (BASE 65) ]
TOTAL THIS MO. 1 CLEAR (SCALE 0-3) 29
DPTR FM NORMAL -6 PTCLDY (SCALE 4-7) 1
TOTAL FM JUL 1 1 CLOUDY (SCALE 8-10) 0
DPTR FM NORMAL -3
[CDD (BASE 65) ]
TOTAL THIS MO. 328
DPTR FM NORMAL 66 [PRESSURE DATA]
TOTAL FM JAN 1 1937 HIGHEST SLP 30.10 ON 21
DPTR FM NORMAL 419 LOWEST SLP 29.67 ON 1
[REMARKS]
#FINAL-09-21#