000
CXUS56 KHNX 050656
CLMMCE
CLIMATE REPORT
NATIONAL WEATHER SERVICE
1056 PM PST SUN FEB 04 2024
...................................
...THE MERCED CA AIRPORT CLIMATE SUMMARY FOR THE MONTH OF JANUARY 2024...
CLIMATE NORMAL PERIOD 1991 TO 2020
CLIMATE RECORD PERIOD 1928 TO 2024
WEATHER OBSERVED NORMAL DEPART LAST YEAR`S
VALUE DATE(S) VALUE FROM VALUE DATE(S)
NORMAL
................................................................
TEMPERATURE (F)
RECORD
HIGH 75 01/18/2021
LOW 16 01/10/1949
HIGHEST 73 01/29 MM 65 01/12
01/30
LOWEST 28 01/08 MM 28 01/31
MEAN 50.4 46.3 4.1 48.5
DAYS MAX >= 90 0 0.0 0.0 0
DAYS MIN <= 32 3 8.2 -5.2 5
PRECIPITATION (INCHES)
RECORD
MAXIMUM 8.00 1909
MINIMUM 0.02 2015
TOTALS 3.54 2.37 1.17
DAYS >= .01 14 9.6 4.4 15
DAYS >= .10 8 4.6 3.4 13
DAYS >= .50 2 1.5 0.5 4
DAYS >= 1.00 1 0.2 0.8 1
SNOWFALL (INCHES)
RECORDS
TOTAL MM MM
TOTALS 0.0 MM
DEGREE DAYS
HEATING TOTAL 429 580 -151 504
SINCE 7/1 1175 1610 -435 MM
COOLING TOTAL 0 0 0 0
SINCE 1/1 0 0 0 MM
................................................................
WIND (MPH)
AVERAGE WIND SPEED 5.4
HIGHEST WIND SPEED/DIRECTION 30/320 DATE 01/06
HIGHEST GUST SPEED/DIRECTION 40/300 DATE 01/06
AVERAGE RH (PERCENT) 77
WEATHER CONDITIONS. NUMBER OF DAYS WITH
THUNDERSTORM 0 RAIN 5
HAIL 0 FOG 23
FOG W/VIS <= 1/4 MILE 10 HAZE 12
- INDICATES NEGATIVE NUMBERS.
R INDICATES RECORD WAS SET OR TIED.
MM INDICATES DATA IS MISSING.
T INDICATES TRACE AMOUNT.
$$