000
CXUS53 KGLD 010823
CF6MCK
PRELIMINARY LOCAL CLIMATOLOGICAL DATA (WS FORM: F-6)
STATION: MCCOOK NE
MONTH: SEPTEMBER
YEAR: 2022
LATITUDE: 40 13 N
LONGITUDE: 100 35 W
TEMPERATURE IN F: :PCPN: SNOW: WIND :SUNSHINE: SKY :PK WND
================================================================================
1 2 3 4 5 6A 6B 7 8 9 10 11 12 13 14 15 16 17 18
12Z AVG MX 2MIN
DY MAX MIN AVG DEP HDD CDD WTR SNW DPTH SPD SPD DIR MIN PSBL S-S WX SPD DR
================================================================================
1 94 55 75 3 0 10 0.00 M M 5.1 14 150 M M 0 1 22 150
2 102 57 80 9 0 15 0.27 M M 5.5 29 270 M M 0 3 44 280
3 86 58 72 1 0 7 0.00 M M 7.4 15 70 M M 0 18 90
4 90 49 70 -1 0 5 0.00 M M 5.8 13 160 M M 0 20 150
5 95 49 72 2 0 7 0.00 M M 7.9 20 160 M M 0 27 150
6 103 56 80 10 0 15 0.00 M M 5.6 21 60 M M 0 26 60
7 97 55 76 6 0 11 0.00 M M 7.7 17 120 M M 0 18 23 120
8 104 60 82 12 0 17 0.00 M M 13.4 26 200 M M 0 41 170
9 81 53 67 -2 0 2 0.06 M M 17.2 28 40 M M 4 13 36 30
10 61 48 55 -14 10 0 0.21 M M 7.7 14 360 M M 8 13 18 360
11 77 42 60 -8 5 0 0.00 M M 6.1 14 200 M M 0 1 19 180
12 92 46 69 1 0 4 0.00 M M 4.2 14 230 M M 0 8 20 260
13 97 47 72 4 0 7 0.00 M M 7.7 20 160 M M 0 33 160
14 95 67 81 14 0 16 0.00 M M 15.8 31 170 M M 0 44 170
15 90 66 78 11 0 13 0.34 M M 9.6 29 170 M M 5 138 44 180
16 87 59 73 7 0 8 0.01 M M 6.8 17 30 M M 0 23 150
17 89 59 74 8 0 9 0.00 M M 8.6 17 350 M M 0 26 50
18 84 63 74 8 0 9 0.00 M M 8.6 20 40 M M 2 18 25 40
19 99 61 80 15 0 15 0.00 M M 5.6 12 210 M M 2 128 16 110
20 100 59 80 15 0 15 0.00 M M 7.5 20 10 M M 0 29 40
21 70 51 61 -3 4 0 0.48 M M 13.4 28 50 M M 6 13 37 40
22 53 49 51 -13 14 0 0.31 M M 6.9 17 140 M M 10 1 23 150
23 83 50 67 3 0 2 0.00 M M 9.1 21 310 M M 5 1 32 310
24 88 46 67 4 0 2 0.00 M M 8.8 28 310 M M 0 1 40 320
25 80 45 63 0 2 0 0.00 M M 8.1 22 330 M M 0 27 330
26 83 42 63 1 2 0 0.00 M M 4.1 13 130 M M 0 22 160
27 85 47 66 4 0 1 0.00 M M 8.4 18 360 M M 0 28 10
28 79 45 62 1 3 0 0.00 M M 11.3 23 140 M M 0 30 130
29 83 47 65 4 0 0 0.00 M M 12.0 22 160 M M 0 33 150
30 91 51 71 11 0 6 0.00 M M 11.8 24 150 M M 1 8 34 130
================================================================================
SM 2618 1582 40 196 1.68 M 257.7 M 43
================================================================================
AV 87.3 52.7 8.6 FASTST M M 1 MAX(MPH)
MISC ----> 31 170 # 44 280
================================================================================
NOTES:
# LAST OF SEVERAL OCCURRENCES
COLUMN 17 PEAK WIND IN M.P.H.
PRELIMINARY LOCAL CLIMATOLOGICAL DATA (WS FORM: F-6) , PAGE 2
STATION: MCCOOK NE
MONTH: SEPTEMBER
YEAR: 2022
LATITUDE: 40 13 N
LONGITUDE: 100 35 W
[TEMPERATURE DATA] [PRECIPITATION DATA] SYMBOLS USED IN COLUMN 16
AVERAGE MONTHLY: 70.0 TOTAL FOR MONTH: 1.68 1 = FOG OR MIST
DPTR FM NORMAL: 3.6 DPTR FM NORMAL: 0.05 2 = FOG REDUCING VISIBILITY
HIGHEST: 104 ON 8 GRTST 24HR 0.70 ON 21-22 TO 1/4 MILE OR LESS
LOWEST: 42 ON 26,11 3 = THUNDER
SNOW, ICE PELLETS, HAIL 4 = ICE PELLETS
TOTAL MONTH: M 5 = HAIL
GRTST 24HR M ON M 6 = FREEZING RAIN OR DRIZZLE
GRTST DEPTH: M ON M 7 = DUSTSTORM OR SANDSTORM:
VSBY 1/2 MILE OR LESS
8 = SMOKE OR HAZE
[NO. OF DAYS WITH] [WEATHER - DAYS WITH] 9 = BLOWING SNOW
X = TORNADO
MAX 32 OR BELOW: 0 0.01 INCH OR MORE: 7
MAX 90 OR ABOVE: 14 0.10 INCH OR MORE: 5
MIN 32 OR BELOW: 0 0.50 INCH OR MORE: 0
MIN 0 OR BELOW: 0 1.00 INCH OR MORE: 0
[HDD (BASE 65) ]
TOTAL THIS MO. 40 CLEAR (SCALE 0-3) 24
DPTR FM NORMAL -48 PTCLDY (SCALE 4-7) 5
TOTAL FM JUL 1 40 CLOUDY (SCALE 8-10) 1
DPTR FM NORMAL -54
[CDD (BASE 65) ]
TOTAL THIS MO. 196
DPTR FM NORMAL 65 [PRESSURE DATA]
TOTAL FM JAN 1 1541 HIGHEST SLP 30.37 ON 28
DPTR FM NORMAL 400 LOWEST SLP 29.61 ON 8
[REMARKS]
#FINAL-09-22#