000
CXUS52 KFFC 011010
CF6MCN
PRELIMINARY LOCAL CLIMATOLOGICAL DATA (WS FORM: F-6)
STATION: MACON
MONTH: JUNE
YEAR: 2023
LATITUDE: 32 42 N
LONGITUDE: 83 39 W
TEMPERATURE IN F: :PCPN: SNOW: WIND :SUNSHINE: SKY :PK WND
================================================================================
1 2 3 4 5 6A 6B 7 8 9 10 11 12 13 14 15 16 17 18
12Z AVG MX 2MIN
DY MAX MIN AVG DEP HDD CDD WTR SNW DPTH SPD SPD DIR MIN PSBL S-S WX SPD DR
================================================================================
1 85 63 74 -3 0 9 0.00 0.0 M 7.1 16 90 M M 2 8 22 70
2 88 61 75 -2 0 10 0.00 0.0 M 5.3 17 20 M M 2 1 25 40
3 87 61 74 -3 0 9 0.01 0.0 M 4.5 16 30 M M 3 1 21 10
4 89 63 76 -2 0 11 0.00 0.0 M 6.0 15 60 M M 3 1 24 90
5 86 60 73 -5 0 8 0.00 0.0 M 3.1 8 290 M M 1 1 14 40
6 93 61 77 -1 0 12 0.00 0.0 M 5.6 16 260 M M 1 1 22 250
7 92 64 78 0 0 13 0.00 0.0 M 7.6 20 230 M M 1 38 29 250
8 92 64 78 0 0 13 0.00 0.0 M 5.5 15 320 M M 2 1 21 310
9 86 59 73 -6 0 8 0.00 0.0 M 5.0 18 30 M M 1 18 23 20
10 90 54 72 -7 0 7 0.00 0.0 M 2.7 12 50 M M 0 18 16 50
11 89 69 79 0 0 14 T 0.0 M 6.9 15 250 M M 2 13 22 240
12 92 69 81 2 0 16 0.41 0.0 M 9.1 21 300 M M 4 13 30 310
13 84 67 76 -3 0 11 0.17 0.0 M 4.7 16 270 M M 5 138 21 270
14 79 65 72 -7 0 7 0.79 0.0 M 5.7 20 200 M M 7 13 29 200
15 78 65 72 -8 0 7 0.34 0.0 M 5.3 20 250 M M 5 13 29 240
16 90 67 79 -1 0 14 0.00 0.0 M 7.8 20 270 M M 4 27 270
17 92 68 80 0 0 15 0.00 0.0 M 4.6 16 260 M M 2 3 22 270
18 92 65 79 -1 0 14 0.10 0.0 M 2.7 28 260 M M 1 13 36 260
19 80 69 75 -5 0 10 1.05 0.0 M 4.2 14 210 M M 4 138 20 190
20 89 69 79 -1 0 14 0.27 0.0 M 4.7 24 330 M M 8 13 37 320
21 83 69 76 -4 0 11 0.34 0.0 M 5.7 18 180 M M 8 13 27 190
22 87 70 79 -2 0 14 2.47 0.0 M 5.0 20 270 M M 8 13 25 270
23 86 67 77 -4 0 12 0.01 0.0 M 3.8 14 300 M M 6 123 18 290
24 90 66 78 -3 0 13 0.00 0.0 M 5.3 15 320 M M 1 1 19 300
25 94 67 81 0 0 16 0.12 0.0 M 5.1 39 360 M M 2 13 56 20
26 94 67 81 0 0 16 0.00 0.0 M 7.5 18 240 M M 2 28 250
27 93 70 82 1 0 17 0.00 0.0 M 6.9 17 250 M M 1 22 290
28 93 66 80 -1 0 15 0.00 0.0 M 3.7 15 310 M M 0 22 310
29 94 68 81 0 0 16 0.00 0.0 M 2.1 10 80 M M 0 1 14 100
30 95 70 83 1 0 18 0.00 0.0 M 2.8 13 310 M M 1 18 19 320
================================================================================
SM 2662 1963 0 370 6.08 0.0 156.0 M 87
================================================================================
AV 88.7 65.4 5.2 FASTST M M 3 MAX(MPH)
MISC ----> 39 360 56 20
================================================================================
NOTES:
# LAST OF SEVERAL OCCURRENCES
COLUMN 17 PEAK WIND IN M.P.H.
PRELIMINARY LOCAL CLIMATOLOGICAL DATA (WS FORM: F-6) , PAGE 2
STATION: MACON
MONTH: JUNE
YEAR: 2023
LATITUDE: 32 42 N
LONGITUDE: 83 39 W
[TEMPERATURE DATA] [PRECIPITATION DATA] SYMBOLS USED IN COLUMN 16
AVERAGE MONTHLY: 77.1 TOTAL FOR MONTH: 6.08 1 = FOG OR MIST
DPTR FM NORMAL: -2.4 DPTR FM NORMAL: 1.64 2 = FOG REDUCING VISIBILITY
HIGHEST: 95 ON 30 GRTST 24HR 2.47 ON 22-22 TO 1/4 MILE OR LESS
LOWEST: 54 ON 10 3 = THUNDER
SNOW, ICE PELLETS, HAIL 4 = ICE PELLETS
TOTAL MONTH: 0.0 INCH 5 = HAIL
GRTST 24HR 0.0 6 = FREEZING RAIN OR DRIZZLE
GRTST DEPTH: M ON M 7 = DUSTSTORM OR SANDSTORM:
VSBY 1/2 MILE OR LESS
8 = SMOKE OR HAZE
[NO. OF DAYS WITH] [WEATHER - DAYS WITH] 9 = BLOWING SNOW
X = TORNADO
MAX 32 OR BELOW: 0 0.01 INCH OR MORE: 12
MAX 90 OR ABOVE: 15 0.10 INCH OR MORE: 10
MIN 32 OR BELOW: 0 0.50 INCH OR MORE: 3
MIN 0 OR BELOW: 0 1.00 INCH OR MORE: 2
[HDD (BASE 65) ]
TOTAL THIS MO. 0 CLEAR (SCALE 0-3) 19
DPTR FM NORMAL 0 PTCLDY (SCALE 4-7) 10
TOTAL FM JUL 1 1674 CLOUDY (SCALE 8-10) 1
DPTR FM NORMAL -472
[CDD (BASE 65) ]
TOTAL THIS MO. 370
DPTR FM NORMAL -65 [PRESSURE DATA]
TOTAL FM JAN 1 742 HIGHEST SLP 30.07 ON 30
DPTR FM NORMAL -58 LOWEST SLP 29.67 ON 8
[REMARKS]
#FINAL-06-23#