851
CXUS51 KCTP 011357
CF6MDT
PRELIMINARY LOCAL CLIMATOLOGICAL DATA (WS FORM: F-6)
STATION: HARRISBURG PA
MONTH: FEBRUARY
YEAR: 2021
LATITUDE: 40 11 N
LONGITUDE: 76 46 W
TEMPERATURE IN F: :PCPN: SNOW: WIND :SUNSHINE: SKY :PK WND
================================================================================
1 2 3 4 5 6A 6B 7 8 9 10 11 12 13 14 15 16 17 18
12Z AVG MX 2MIN
DY MAX MIN AVG DEP HDD CDD WTR SNW DPTH SPD SPD DIR MIN PSBL S-S WX SPD DR
================================================================================
1 32 23 28 -2 37 0 0.89 7.9 5 9.2 16 320 M M 10 12468 20 320
2 37 29 33 3 32 0 0.02 0.3 11 15.4 25 320 M M 10 8 33 310
3 39 27 33 3 32 0 T T 10 13.8 24 310 M M 8 33 330
4 42 25 34 3 31 0 0.00 0.0 8 7.8 23 310 M M 3 26 300
5 48 32 40 9 25 0 0.04 T 5 9.1 28 280 M M 7 35 290
6 42 28 35 4 30 0 0.00 0.0 4 9.4 28 280 M M 5 38 260
7 39 24 32 1 33 0 0.14 2.0 3 7.6 25 300 M M 7 18 30 300
8 30 18 24 -7 41 0 0.00 0.0 4 4.7 14 340 M M 4 18 330
9 35 22 29 -2 36 0 0.03 T 4 3.3 14 310 M M 9 18 17 310
10 35 24 30 -2 35 0 0.09 0.8 3 4.8 14 330 M M 8 18 17 330
11 32 29 31 -1 34 0 0.10 0.9 5 4.9 12 350 M M 10 18 15 30
12 29 23 26 -6 39 0 0.00 0.0 5 3.0 8 30 M M 10 11 60
13 30 27 29 -3 36 0 0.00 0.0 4 4.2 10 70 M M 10 16 80
14 36 26 31 -1 34 0 0.00 0.0 4 5.7 14 300 M M 10 8 16 300
15 36 33 35 2 30 0 0.45 0.0 3 4.7 14 120 M M 10 18 17 120
16 45 27 36 3 29 0 0.42 0.0 2 12.0 32 290 M M 8 18 38 290
17 30 23 27 -6 38 0 0.00 0.0 1 8.3 21 330 M M 7 27 320
18 29 24 27 -7 38 0 0.45 3.7 2 4.6 16 70 M M 10 168 19 60
19 38 27 33 -1 32 0 0.10 0.5 4 7.5 21 300 M M 10 168 25 300
20 32 24 28 -6 37 0 0.00 0.0 3 18.1 26 290 M M 4 32 290
21 38 19 29 -5 36 0 0.00 0.0 3 7.1 16 300 M M 2 21 310
22 37 29 33 -2 32 0 0.39 3.6 2 6.4 15 150 M M 10 128 18 140
23 48 29 39 4 26 0 0.00 0.0 5 10.4 24 290 M M 7 33 290
24 57 26 42 7 23 0 0.00 0.0 2 6.4 22 180 M M 5 31 200
25 49 34 42 6 23 0 0.00 0.0 0 11.2 29 300 M M 2 35 300
26 46 29 38 2 27 0 0.02 T 0 7.1 21 160 M M 8 1 26 140
27 50 33 42 6 23 0 0.22 T T 3.0 12 300 M M 9 18 14 290
28 42 38 40 4 25 0 0.98 0.0 0 4.5 15 110 M M 10 1 19 100
================================================================================
SM 1083 752 894 0 4.34 19.7 214.2 M 213
================================================================================
AV 38.7 26.9 7.7 FASTST M M 8 MAX(MPH)
MISC ----> 32 290 # 38 260
================================================================================
NOTES:
# LAST OF SEVERAL OCCURRENCES
COLUMN 17 PEAK WIND IN M.P.H.
PRELIMINARY LOCAL CLIMATOLOGICAL DATA (WS FORM: F-6) , PAGE 2
STATION: HARRISBURG PA
MONTH: FEBRUARY
YEAR: 2021
LATITUDE: 40 11 N
LONGITUDE: 76 46 W
[TEMPERATURE DATA] [PRECIPITATION DATA] SYMBOLS USED IN COLUMN 16
AVERAGE MONTHLY: 32.8 TOTAL FOR MONTH: 4.34 1 = FOG OR MIST
DPTR FM NORMAL: -0.1 DPTR FM NORMAL: 1.95 2 = FOG REDUCING VISIBILITY
HIGHEST: 57 ON 24 GRTST 24HR 1.04 ON 31- 1 TO 1/4 MILE OR LESS
LOWEST: 18 ON 8 3 = THUNDER
SNOW, ICE PELLETS, HAIL 4 = ICE PELLETS
TOTAL MONTH: 24.3 INCHES 5 = HAIL
GRTST 24HR 7.9 ON 1- 1 6 = FREEZING RAIN OR DRIZZLE
GRTST DEPTH: 11 ON 2 7 = DUSTSTORM OR SANDSTORM:
VSBY 1/2 MILE OR LESS
8 = SMOKE OR HAZE
[NO. OF DAYS WITH] [WEATHER - DAYS WITH] 9 = BLOWING SNOW
X = TORNADO
MAX 32 OR BELOW: 8 0.01 INCH OR MORE: 15
MAX 90 OR ABOVE: 0 0.10 INCH OR MORE: 10
MIN 32 OR BELOW: 24 0.50 INCH OR MORE: 2
MIN 0 OR BELOW: 0 1.00 INCH OR MORE: 0
[HDD (BASE 65) ]
TOTAL THIS MO. 894 CLEAR (SCALE 0-3) 3
DPTR FM NORMAL -5 PTCLDY (SCALE 4-7) 12
TOTAL FM JUL 1 3415 CLOUDY (SCALE 8-10) 13
DPTR FM NORMAL -572
[CDD (BASE 65) ]
TOTAL THIS MO. 0
DPTR FM NORMAL 0 [PRESSURE DATA]
TOTAL FM JAN 1 0 HIGHEST SLP 30.61 ON 21
DPTR FM NORMAL 0 LOWEST SLP 29.53 ON 2
[REMARKS]
#FINAL-02-21#