000
CXUS51 KCTP 010800
CF6MDT
PRELIMINARY LOCAL CLIMATOLOGICAL DATA (WS FORM: F-6)
STATION: HARRISBURG PA
MONTH: APRIL
YEAR: 2020
LATITUDE: 40 11 N
LONGITUDE: 76 46 W
TEMPERATURE IN F: :PCPN: SNOW: WIND :SUNSHINE: SKY :PK WND
================================================================================
1 2 3 4 5 6A 6B 7 8 9 10 11 12 13 14 15 16 17 18
12Z AVG MX 2MIN
DY MAX MIN AVG DEP HDD CDD WTR SNW DPTH SPD SPD DIR MIN PSBL S-S WX SPD DR
================================================================================
1 55 41 48 1 17 0 0.01 0.0 0 6.9 17 360 M M 7 18 26 10
2 62 37 50 3 15 0 0.00 0.0 0 15.6 29 320 M M 1 36 320
3 59 46 53 5 12 0 T 0.0 0 14.2 25 340 M M 7 33 310
4 59 45 52 4 13 0 0.00 0.0 0 4.7 12 330 M M 9 14 330
5 67 44 56 8 9 0 T 0.0 0 4.3 14 210 M M 8 16 330
6 66 44 55 6 10 0 0.00 0.0 0 5.4 14 350 M M 3 8 20 350
7 69 43 56 7 9 0 T 0.0 0 4.6 15 220 M M 8 8 20 230
8 73 47 60 10 5 0 0.52 0.0 0 9.7 22 290 M M 6 13 39 270
9 64 36 50 0 15 0 0.23 T 0 16.6 51 300 M M 7 1 68 300
10 48 38 43 -7 22 0 0.00 0.0 0 24.5 41 290 M M 5 50 310
11 56 36 46 -5 19 0 0.00 0.0 0 8.3 18 320 M M 4 27 240
12 66 35 51 0 14 0 0.17 0.0 0 6.4 15 130 M M 7 1 19 150
13 72 47 60 9 5 0 1.35 0.0 0 14.3 37 270 M M 7 123 56 270
14 53 39 46 -6 19 0 0.03 0.0 0 9.4 22 310 M M 8 27 300
15 52 36 44 -8 21 0 T 0.0 0 9.6 20 320 M M 5 27 270
16 47 31 39 -13 26 0 0.01 T 0 12.3 26 310 M M 6 33 300
17 48 29 39 -14 26 0 0.11 0.0 0 4.7 18 190 M M 7 18 24 190
18 51 33 42 -11 23 0 0.11 0.0 0 9.2 23 310 M M 7 1 30 320
19 60 29 45 -8 20 0 0.00 0.0 0 6.5 20 200 M M 5 28 240
20 60 43 52 -2 13 0 0.00 0.0 0 5.2 14 350 M M 6 22 270
21 59 39 49 -5 16 0 0.11 0.0 0 14.0 38 310 M M 5 1 49 300
22 54 36 45 -9 20 0 0.00 0.0 0 14.1 28 300 M M 2 36 290
23 57 41 49 -6 16 0 0.30 0.0 0 5.1 13 110 M M 10 1 18 340
24 55 44 50 -5 15 0 0.28 0.0 0 4.6 13 50 M M 9 1 18 50
25 65 41 53 -3 12 0 T 0.0 0 6.8 16 150 M M 7 128 21 160
26 50 43 47 -9 18 0 0.69 0.0 0 6.5 15 110 M M 10 1 19 110
27 55 37 46 -10 19 0 0.02 0.0 0 8.8 22 330 M M 8 1 30 10
28 61 37 49 -7 16 0 0.00 0.0 0 4.2 17 240 M M 6 23 220
29 71 45 58 1 7 0 T 0.0 0 13.2 28 130 M M 8 34 140
30 64 55 60 3 5 0 1.53 0.0 0 10.6 24 140 M M 10 1 38 150
================================================================================
SM 1778 1197 457 0 5.47 T 280.3 M 198
================================================================================
AV 59.3 39.9 9.3 FASTST M M 7 MAX(MPH)
MISC ----> 51 300 68 300
================================================================================
NOTES:
# LAST OF SEVERAL OCCURRENCES
COLUMN 17 PEAK WIND IN M.P.H.
PRELIMINARY LOCAL CLIMATOLOGICAL DATA (WS FORM: F-6) , PAGE 2
STATION: HARRISBURG PA
MONTH: APRIL
YEAR: 2020
LATITUDE: 40 11 N
LONGITUDE: 76 46 W
[TEMPERATURE DATA] [PRECIPITATION DATA] SYMBOLS USED IN COLUMN 16
AVERAGE MONTHLY: 49.6 TOTAL FOR MONTH: 5.47 1 = FOG OR MIST
DPTR FM NORMAL: -2.6 DPTR FM NORMAL: 2.37 2 = FOG REDUCING VISIBILITY
HIGHEST: 73 ON 8 GRTST 24HR 1.53 ON 30-30 TO 1/4 MILE OR LESS
LOWEST: 29 ON 19,17 3 = THUNDER
SNOW, ICE PELLETS, HAIL 4 = ICE PELLETS
TOTAL MONTH: T 5 = HAIL
GRTST 24HR T ON 9- 9 6 = FREEZING RAIN OR DRIZZLE
GRTST DEPTH: 0 7 = DUSTSTORM OR SANDSTORM:
VSBY 1/2 MILE OR LESS
8 = SMOKE OR HAZE
[NO. OF DAYS WITH] [WEATHER - DAYS WITH] 9 = BLOWING SNOW
X = TORNADO
MAX 32 OR BELOW: 0 0.01 INCH OR MORE: 15
MAX 90 OR ABOVE: 0 0.10 INCH OR MORE: 11
MIN 32 OR BELOW: 3 0.50 INCH OR MORE: 4
MIN 0 OR BELOW: 0 1.00 INCH OR MORE: 2
[HDD (BASE 65) ]
TOTAL THIS MO. 457 CLEAR (SCALE 0-3) 3
DPTR FM NORMAL 65 PTCLDY (SCALE 4-7) 20
TOTAL FM JUL 1 4378 CLOUDY (SCALE 8-10) 7
DPTR FM NORMAL -725
[CDD (BASE 65) ]
TOTAL THIS MO. 0
DPTR FM NORMAL -6 [PRESSURE DATA]
TOTAL FM JAN 1 0 HIGHEST SLP 30.35 ON 17
DPTR FM NORMAL -7 LOWEST SLP 29.25 ON 9
[REMARKS]
#FINAL-04-20#