000
CXUS56 KPDT 011810
CF6MEH
PRELIMINARY LOCAL CLIMATOLOGICAL DATA (WS FORM: F-6)
STATION: MEACHAM OR
MONTH: JUNE
YEAR: 2021
LATITUDE: 45 30 N
LONGITUDE: 118 24 W
TEMPERATURE IN F: :PCPN: SNOW: WIND :SUNSHINE: SKY :PK WND
================================================================================
1 2 3 4 5 6A 6B 7 8 9 10 11 12 13 14 15 16 17 18
12Z AVG MX 2MIN
DY MAX MIN AVG DEP HDD CDD WTR SNW DPTH SPD SPD DIR MIN PSBL S-S WX SPD DR
================================================================================
1 83 40 62 11 3 0 0.00 M M 0.4 9 30 M M 0 15 50
2 90 43 67 16 0 2 0.00 M M 0.8 7 30 M M 0 15 50
3 83 50 67 16 0 2 0.00 M M 0.8 7 260 M M 0 16 310
4 76 42 59 8 6 0 0.01 M M 1.7 8 300 M M 1 19 270
5 61 37 49 -3 16 0 0.00 M M 3.4 12 300 M M 5 23 300
6 54 30 42 -10 23 0 0.00 M M 0.7 6 260 M M 7 14 290
7 57 29 43 -9 22 0 T M M 1.3 9 30 M M 6 8 17 40
8 63 32 48 -4 17 0 0.00 M M 1.6 8 270 M M 3 19 320
9 60 43 52 0 13 0 0.00 M M 1.7 8 30 M M 7 15 290
10 61 34 48 -4 17 0 0.00 M M 2.4 10 270 M M 4 27 320
11 65 34 50 -3 15 0 0.17 M M 0.5 8 100 M M 8 1 18 90
12 72 49 61 8 4 0 0.10 M M 0.8 7 30 M M 6 1 15 10
13 79 47 63 10 2 0 0.00 M M 1.8 9 290 M M 1 8 19 250
14 78 47 63 10 2 0 0.12 M M 2.0 7 99 M M 3 M M
15 64 39 52 -1 13 0 0.44 M M 0.8 9 280 M M 5 1 20 260
16 67 33 50 -4 15 0 0.00 M M 1.0 8 30 M M 0 15 30
17 77 33 55 1 10 0 0.00 M M 0.9 7 30 M M 0 1 14 20
18 80 37 59 5 6 0 0.00 M M 1.8 8 330 M M 0 14 300
19 77 39 58 4 7 0 0.00 M M 1.6 9 250 M M 0 20 310
20 77 43 60 5 5 0 0.00 M M 0.9 8 30 M M 0 16 30
21 86 43 65 10 0 0 0.00 M M 0.9 7 330 M M 0 14 320
22 77 51 64 9 1 0 T M M 0.0 6 250 M M 3 12 270
23 85 51 68 13 0 3 0.00 M M 1.4 9 320 M M 1 17 330
24 82 46 64 8 1 0 0.00 M M 1.7 10 310 M M 0 18 310
25 82 51 67 11 0 2 0.00 M M 1.9 9 20 M M 1 21 290
26 92 48 70 14 0 5 0.00 M M 3.2 12 60 M M 0 25 60
27 98 52 75 19 0 10 0.00 M M 1.3 9 90 M M 0 17 90
28 100 57 79 22 0 14 0.00 M M 1.5 12 70 M M 0 22 40
29 103 56 80 23 0 15 0.00 M M 0.4 10 90 M M 0 8 21 70
30 101 56 79 22 0 14 T M M 1.0 10 70 M M 1 8 18 90
================================================================================
SM 2330 1292 198 67 0.84 M 40.2 M 62
================================================================================
AV 77.7 43.1 1.3 FASTST M M 2 MAX(MPH)
MISC ----> # 12 300 27 320
================================================================================
NOTES:
# LAST OF SEVERAL OCCURRENCES
COLUMN 17 PEAK WIND IN M.P.H.
PRELIMINARY LOCAL CLIMATOLOGICAL DATA (WS FORM: F-6) , PAGE 2
STATION: MEACHAM OR
MONTH: JUNE
YEAR: 2021
LATITUDE: 45 30 N
LONGITUDE: 118 24 W
[TEMPERATURE DATA] [PRECIPITATION DATA] SYMBOLS USED IN COLUMN 16
AVERAGE MONTHLY: 60.4 TOTAL FOR MONTH: 0.84 1 = FOG OR MIST
DPTR FM NORMAL: 6.7 DPTR FM NORMAL: -1.35 2 = FOG REDUCING VISIBILITY
HIGHEST: 103 ON 29 GRTST 24HR 0.44 ON 15-15 TO 1/4 MILE OR LESS
LOWEST: 29 ON 7 3 = THUNDER
SNOW, ICE PELLETS, HAIL 4 = ICE PELLETS
TOTAL MONTH: M 5 = HAIL
GRTST 24HR M ON M 6 = FREEZING RAIN OR DRIZZLE
GRTST DEPTH: M ON M 7 = DUSTSTORM OR SANDSTORM:
VSBY 1/2 MILE OR LESS
8 = SMOKE OR HAZE
[NO. OF DAYS WITH] [WEATHER - DAYS WITH] 9 = BLOWING SNOW
X = TORNADO
MAX 32 OR BELOW: 0 0.01 INCH OR MORE: 5
MAX 90 OR ABOVE: 6 0.10 INCH OR MORE: 4
MIN 32 OR BELOW: 3 0.50 INCH OR MORE: 0
MIN 0 OR BELOW: 0 1.00 INCH OR MORE: 0
[HDD (BASE 65) ]
TOTAL THIS MO. 198 CLEAR (SCALE 0-3) 20
DPTR FM NORMAL -145 PTCLDY (SCALE 4-7) 10
TOTAL FM JUL 1 7120 CLOUDY (SCALE 8-10) 0
DPTR FM NORMAL -990
[CDD (BASE 65) ]
TOTAL THIS MO. 67
DPTR FM NORMAL 63 [PRESSURE DATA]
TOTAL FM JAN 1 67 HIGHEST SLP 30.40 ON 16
DPTR FM NORMAL 63 LOWEST SLP 29.71 ON 29
[REMARKS]
#FINAL-06-21#