000
CXUS54 KJAN 011929
CLMMEI
CLIMATE REPORT
NATIONAL WEATHER SERVICE JACKSON MS
229 PM CDT WED NOV 01 2023
...................................
...THE MERIDIAN CLIMATE SUMMARY FOR THE MONTH OF OCTOBER 2023...
CLIMATE NORMAL PERIOD: 1991 TO 2020
CLIMATE RECORD PERIOD: 1889 TO 2023
WEATHER OBSERVED NORMAL DEPART LAST YEAR`S
VALUE DATE(S) VALUE FROM VALUE DATE(S)
NORMAL
................................................................
TEMPERATURE (F)
RECORD
HIGH 102 10/03/2019
10/02/2019
07/29/1930
LOW 24 10/30/1952
HIGHEST 91 10/01 89 2 88 10/07
LOWEST 41 10/08 35 6 31 10/19
10/09
10/17
10/20
AVG. MAXIMUM 79.8 79.5 0.3 78.0
AVG. MINIMUM 52.7 53.7 -1.0 48.2
MEAN 66.2 66.6 -0.4 63.1
DAYS MAX >= 90 1 1.9 -0.9 0
DAYS MAX <= 32 0 0.0 0.0 0
DAYS MIN <= 32 0 0.5 -0.5 2
DAYS MIN <= 0 0 0.0 0.0 0
PRECIPITATION (INCHES)
RECORD
MAXIMUM 11.67 2019
MINIMUM 0.00 1963
TOTALS 1.00 3.86 -2.86 4.18
DAILY AVG. 0.03 0.12 -0.09 0.13
DAYS >= .01 4 6.8 -2.8 5
DAYS >= .10 2 4.6 -2.6 3
DAYS >= .50 1 2.2 -1.2 2
DAYS >= 1.00 0 1.1 -1.1 1
GREATEST
24 HR. TOTAL 0.77 10/11 TO 10/12 3.20
SNOWFALL (INCHES)
RECORDS
TOTAL 0.0 MM
TOTALS 0.0 0.0 0.0 0.0
SINCE 7/1 0.0 0.0 0.0 MM
DAYS >= TRACE 0
DAYS >= 1.0 0 0.0 0.0 0
GREATEST
24 HR TOTAL MM
DEGREE DAYS
HEATING TOTAL 65 83 -18 89
SINCE 7/1 65 85 -20 MM
COOLING TOTAL 113 132 -19 36
SINCE 1/1 2659 2448 211 MM
................................................................
WIND (MPH)
AVERAGE WIND SPEED 5.1
HIGHEST WIND SPEED/DIRECTION 23/020 DATE 10/07
HIGHEST GUST SPEED/DIRECTION 34/120 DATE 10/11
34/320 10/15
SKY COVER
POSSIBLE SUNSHINE (PERCENT) MM
AVERAGE SKY COVER 0.23
NUMBER OF DAYS FAIR 23
NUMBER OF DAYS PC 4
NUMBER OF DAYS CLOUDY 4
AVERAGE RH (PERCENT) 68
WEATHER CONDITIONS. NUMBER OF DAYS WITH
THUNDERSTORM 0 MIXED PRECIP 0
HEAVY RAIN 1 RAIN 3
LIGHT RAIN 7 FREEZING RAIN 0
LT FREEZING RAIN 0 HAIL 0
HEAVY SNOW 0 SNOW 0
LIGHT SNOW 0 SLEET 0
FOG 9 FOG W/VIS <= 1/4 MILE 2
HAZE 5
- INDICATES NEGATIVE NUMBERS.
R INDICATES RECORD WAS SET OR TIED.
MM INDICATES DATA IS MISSING.
T INDICATES TRACE AMOUNT.
$$