000
CXUS54 KBRO 010800
CF6MFE
PRELIMINARY LOCAL CLIMATOLOGICAL DATA (WS FORM: F-6)
STATION: MCALLEN
MONTH: MAY
YEAR: 2021
LATITUDE: 26 10 N
LONGITUDE: 98 14 W
TEMPERATURE IN F: :PCPN: SNOW: WIND :SUNSHINE: SKY :PK WND
================================================================================
1 2 3 4 5 6A 6B 7 8 9 10 11 12 13 14 15 16 17 18
12Z AVG MX 2MIN
DY MAX MIN AVG DEP HDD CDD WTR SNW DPTH SPD SPD DIR MIN PSBL S-S WX SPD DR
================================================================================
1 80 68 74 -7 0 9 1.25 0.0 0 3.7 14 260 M M 9 13 22 260
2 95 65 80 -1 0 15 0.00 0.0 0 9.2 20 140 M M 1 128 24 140
3 100 73 87 6 0 22 0.00 0.0 0 16.9 25 130 M M 3 18 33 150
4 96 75 86 5 0 21 T 0.0 0 11.5 23 340 M M 8 29 340
5 91 72 82 1 0 17 0.00 0.0 0 10.1 18 10 M M 6 24 20
6 89 68 79 -3 0 14 0.00 0.0 0 7.5 18 50 M M 6 29 100
7 91 62 77 -5 0 12 0.00 0.0 0 7.2 21 100 M M 1 1 25 100
8 93 74 84 2 0 19 0.00 0.0 0 18.7 30 140 M M 5 37 160
9 97 76 87 5 0 22 0.00 0.0 0 18.0 28 160 M M 1 36 160
10 92 77 85 3 0 20 0.00 0.0 0 15.9 24 130 M M 5 31 140
11 95 72 84 1 0 19 0.03 0.0 0 14.6 46 340 M M 5 3 62 340
12 76 61 69 -14 0 4 2.00 0.0 0 9.0 47 340 M M 10 123 63 340
13 85 67 76 -7 0 11 0.12 0.0 0 8.3 18 360 M M 8 1 23 10
14 87 66 77 -6 0 12 0.00 0.0 0 9.2 18 110 M M 2 24 120
15 82 68 75 -8 0 10 1.50 0.0 0 12.2 29 120 M M 4 13 37 110
16 89 73 81 -3 0 16 0.00 0.0 0 13.8 24 120 M M 6 1 30 130
17 90 76 83 -1 0 18 0.00 0.0 0 17.3 26 140 M M 8 1 34 140
18 90 73 82 -2 0 17 0.00 0.0 0 15.3 26 140 M M 9 33 140
19 80 62 71 -13 0 6 2.59 0.0 0 10.0 30 300 M M 6 138 39 290
20 86 60 73 -11 0 8 0.00 0.0 0 7.5 15 130 M M 0 18 120
21 89 71 80 -5 0 15 0.00 0.0 0 8.7 16 70 M M 4 1 20 70
22 90 70 80 -5 0 15 0.00 0.0 0 10.6 22 110 M M 2 28 110
23 90 74 82 -3 0 17 0.00 0.0 0 9.3 22 80 M M 3 26 80
24 90 75 83 -2 0 18 0.02 0.0 0 12.1 21 120 M M 5 38 25 130
25 92 76 84 -1 0 19 0.00 0.0 0 14.7 25 130 M M 7 31 130
26 92 77 85 -1 0 20 0.00 0.0 0 14.9 25 120 M M 4 1 30 120
27 92 76 84 -2 0 19 0.00 0.0 0 15.4 25 130 M M 6 34 140
28 93 78 86 0 0 21 0.00 0.0 0 15.8 29 120 M M 5 18 34 130
29 84 72 78 -8 0 13 0.08 0.0 0 9.2 23 340 M M 6 13 27 340
30 92 75 84 -2 0 19 0.00 0.0 0 13.2 24 110 M M 4 30 100
31 92 74 83 -3 0 18 0.00 0.0 0 14.0 22 120 M M 5 28 130
================================================================================
SM 2780 2206 0 486 7.59 0.0 373.8 M 154
================================================================================
AV 89.7 71.2 12.1 FASTST M M 5 MAX(MPH)
MISC ----> 47 340 63 340
================================================================================
NOTES:
# LAST OF SEVERAL OCCURRENCES
COLUMN 17 PEAK WIND IN M.P.H.
PRELIMINARY LOCAL CLIMATOLOGICAL DATA (WS FORM: F-6) , PAGE 2
STATION: MCALLEN
MONTH: MAY
YEAR: 2021
LATITUDE: 26 10 N
LONGITUDE: 98 14 W
[TEMPERATURE DATA] [PRECIPITATION DATA] SYMBOLS USED IN COLUMN 16
AVERAGE MONTHLY: 80.4 TOTAL FOR MONTH: 7.59 1 = FOG OR MIST
DPTR FM NORMAL: -3.2 DPTR FM NORMAL: 5.56 2 = FOG REDUCING VISIBILITY
HIGHEST: 100 ON 3 GRTST 24HR 2.59 ON 19-19 TO 1/4 MILE OR LESS
LOWEST: 60 ON 20 3 = THUNDER
SNOW, ICE PELLETS, HAIL 4 = ICE PELLETS
TOTAL MONTH: 0.0 INCH 5 = HAIL
GRTST 24HR 0.0 6 = FREEZING RAIN OR DRIZZLE
GRTST DEPTH: 0 7 = DUSTSTORM OR SANDSTORM:
VSBY 1/2 MILE OR LESS
8 = SMOKE OR HAZE
[NO. OF DAYS WITH] [WEATHER - DAYS WITH] 9 = BLOWING SNOW
X = TORNADO
MAX 32 OR BELOW: 0 0.01 INCH OR MORE: 8
MAX 90 OR ABOVE: 20 0.10 INCH OR MORE: 5
MIN 32 OR BELOW: 0 0.50 INCH OR MORE: 4
MIN 0 OR BELOW: 0 1.00 INCH OR MORE: 4
[HDD (BASE 65) ]
TOTAL THIS MO. 0 CLEAR (SCALE 0-3) 7
DPTR FM NORMAL 0 PTCLDY (SCALE 4-7) 21
TOTAL FM JUL 1 582 CLOUDY (SCALE 8-10) 3
DPTR FM NORMAL 129
[CDD (BASE 65) ]
TOTAL THIS MO. 486
DPTR FM NORMAL -91 [PRESSURE DATA]
TOTAL FM JAN 1 1348 HIGHEST SLP M ON M
DPTR FM NORMAL -129 LOWEST SLP 29.45 ON 3
[REMARKS]
#FINAL-05-21#