000
CXUS54 KBRO 240800
CF6MFE
PRELIMINARY LOCAL CLIMATOLOGICAL DATA (WS FORM: F-6)
STATION: MCALLEN
MONTH: APRIL
YEAR: 2024
LATITUDE: 26 10 N
LONGITUDE: 98 14 W
TEMPERATURE IN F: :PCPN: SNOW: WIND :SUNSHINE: SKY :PK WND
================================================================================
1 2 3 4 5 6A 6B 7 8 9 10 11 12 13 14 15 16 17 18
12Z AVG MX 2MIN
DY MAX MIN AVG DEP HDD CDD WTR SNW DPTH SPD SPD DIR MIN PSBL S-S WX SPD DR
================================================================================
1 91 74 83 7 0 18 0.00 0.0 0 17.3 26 140 M M 5 18 37 150
2 91 71 81 5 0 16 0.00 0.0 0 13.2 24 340 M M 2 18 34 340
3 84 56 70 -6 0 5 0.00 0.0 0 8.9 21 340 M M 0 30 320
4 89 54 72 -5 0 7 0.00 0.0 0 7.0 20 140 M M 0 25 150
5 86 56 71 -6 0 6 0.00 0.0 0 14.4 28 140 M M 0 37 130
6 89 69 79 2 0 14 0.00 0.0 0 15.8 26 140 M M 4 37 180
7 86 74 80 3 0 15 0.00 0.0 0 8.4 21 150 M M 9 18 29 150
8 85 72 79 2 0 14 0.00 0.0 0 M 21 120 M M 8 18 25 120
9 91 77 84 6 0 19 0.00 0.0 0 14.6 23 140 M M 7 18 32 140
10 90 67 79 1 0 14 0.00 0.0 0 17.8 30 320 M M 2 18 45 320
11 91 56 74 -4 0 9 0.00 0.0 0 5.4 17 140 M M 0 24 130
12 88 57 73 -5 0 8 0.00 0.0 0 13.5 26 130 M M 0 37 160
13 86 62 74 -4 0 9 0.00 0.0 0 15.1 26 130 M M 0 36 140
14 91 71 81 3 0 16 0.00 0.0 0 17.2 26 140 M M 2 34 130
15 91 74 83 5 0 18 0.00 0.0 0 20.4 30 150 M M 6 43 140
16 93 76 85 7 0 20 0.00 0.0 0 13.5 24 150 M M 3 33 150
17 93 77 85 6 0 20 0.00 0.0 0 12.8 28 120 M M 6 37 140
18 90 77 84 5 0 19 T 0.0 0 11.4 25 110 M M 6 1 34 100
19 93 76 85 6 0 20 0.00 0.0 0 11.2 21 150 M M 6 8 29 150
20 91 77 84 5 0 19 T 0.0 0 11.5 29 110 M M 6 18 37 110
21 78 62 70 -9 0 5 0.05 0.0 0 10.4 26 10 M M 10 1 36 360
22 68 60 64 -15 1 0 0.20 0.0 0 4.8 14 350 M M 10 13 19 10
23 84 65 75 -5 0 10 T 0.0 0 9.9 20 140 M M 9 1 25 150
================================================================================
SM 2019 1560 1 301 0.25 0.0 274.5 M 101
================================================================================
AV 87.8 67.8 12.5 FASTST M M 4 MAX(MPH)
MISC ----> # 30 320 45 320
================================================================================
NOTES:
# LAST OF SEVERAL OCCURRENCES
COLUMN 17 PEAK WIND IN M.P.H.
PRELIMINARY LOCAL CLIMATOLOGICAL DATA (WS FORM: F-6) , PAGE 2
STATION: MCALLEN
MONTH: APRIL
YEAR: 2024
LATITUDE: 26 10 N
LONGITUDE: 98 14 W
[TEMPERATURE DATA] [PRECIPITATION DATA] SYMBOLS USED IN COLUMN 16
AVERAGE MONTHLY: 77.8 TOTAL FOR MONTH: 0.25 1 = FOG OR MIST
DPTR FM NORMAL: -0.1 DPTR FM NORMAL: -0.85 2 = FOG REDUCING VISIBILITY
HIGHEST: 93 ON 19,17 GRTST 24HR 0.20 ON 22-22 TO 1/4 MILE OR LESS
LOWEST: 54 ON 4 3 = THUNDER
SNOW, ICE PELLETS, HAIL 4 = ICE PELLETS
TOTAL MONTH: 0.0 INCH 5 = HAIL
GRTST 24HR 0.0 6 = FREEZING RAIN OR DRIZZLE
GRTST DEPTH: 0 7 = DUSTSTORM OR SANDSTORM:
VSBY 1/2 MILE OR LESS
8 = SMOKE OR HAZE
[NO. OF DAYS WITH] [WEATHER - DAYS WITH] 9 = BLOWING SNOW
X = TORNADO
MAX 32 OR BELOW: 0 0.01 INCH OR MORE: 2
MAX 90 OR ABOVE: 12 0.10 INCH OR MORE: 1
MIN 32 OR BELOW: 0 0.50 INCH OR MORE: 0
MIN 0 OR BELOW: 0 1.00 INCH OR MORE: 0
[HDD (BASE 65) ]
TOTAL THIS MO. 1 CLEAR (SCALE 0-3) 10
DPTR FM NORMAL 1 PTCLDY (SCALE 4-7) 9
TOTAL FM JUL 1 394 CLOUDY (SCALE 8-10) 4
DPTR FM NORMAL -54
[CDD (BASE 65) ]
TOTAL THIS MO. 301
DPTR FM NORMAL 0 [PRESSURE DATA]
TOTAL FM JAN 1 787 HIGHEST SLP M ON M
DPTR FM NORMAL -8 LOWEST SLP 29.47 ON 9
[REMARKS]