000
CXUS54 KBMX 011010
CF6MGM
PRELIMINARY LOCAL CLIMATOLOGICAL DATA (WS FORM: F-6)
STATION: MONTGOMERY
MONTH: APRIL
YEAR: 2021
LATITUDE: 32 17 N
LONGITUDE: 86 24 W
TEMPERATURE IN F: :PCPN: SNOW: WIND :SUNSHINE: SKY :PK WND
================================================================================
1 2 3 4 5 6A 6B 7 8 9 10 11 12 13 14 15 16 17 18
12Z AVG MX 2MIN
DY MAX MIN AVG DEP HDD CDD WTR SNW DPTH SPD SPD DIR MIN PSBL S-S WX SPD DR
================================================================================
1 60 42 51 -10 14 0 0.00 0.0 0 12.2 23 330 M M 0 32 320
2 63 37 50 -11 15 0 0.00 0.0 0 7.0 18 30 M M 0 27 10
3 68 35 52 -9 13 0 0.00 0.0 0 2.8 10 90 M M 0 14 40
4 74 40 57 -4 8 0 0.00 0.0 0 0.8 9 190 M M 0 13 190
5 79 44 62 0 3 0 0.00 0.0 M 2.3 9 210 M M 0 12 170
6 81 48 65 3 0 0 0.00 0.0 M 2.5 10 190 M M 0 13 190
7 83 54 69 7 0 4 0.00 0.0 M 5.3 14 200 M M 0 19 180
8 84 65 75 13 0 10 0.08 0.0 0 8.1 22 230 M M 3 29 230
9 74 64 69 7 0 4 0.84 0.0 0 7.9 22 40 M M 6 13 30 50
10 75 62 69 6 0 4 1.29 0.0 0 8.8 16 210 M M 4 13 23 210
11 78 54 66 3 0 1 0.00 0.0 0 5.4 14 260 M M 1 17 260
12 85 49 67 4 0 2 0.00 0.0 0 2.9 10 200 M M 0 14 260
13 87 53 70 7 0 5 0.00 0.0 0 2.4 7 210 M M 0 1 11 210
14 77 54 66 2 0 1 0.01 0.0 0 3.3 20 180 M M 4 27 180
15 76 60 68 4 0 3 0.01 0.0 0 3.9 12 320 M M 6 3 15 310
16 68 57 63 -1 2 0 T 0.0 0 3.3 13 40 M M 4 16 30
17 76 58 67 3 0 2 T 0.0 0 4.9 12 280 M M 6 15 280
18 75 53 64 -1 1 0 0.00 0.0 0 6.1 14 280 M M 1 20 290
19 75 50 63 -2 2 0 0.00 0.0 M 5.4 14 320 M M 1 17 330
20 78 53 66 1 0 1 0.00 0.0 M 3.6 10 180 M M 0 14 200
21 65 46 56 -9 9 0 0.00 0.0 0 10.4 20 350 M M 0 26 330
22 68 39 54 -12 11 0 0.00 0.0 0 3.5 13 40 M M 0 17 60
23 73 46 60 -6 5 0 0.02 0.0 M 6.1 13 140 M M 2 20 110
24 84 59 72 6 0 7 1.68 0.0 M 11.8 24 280 M M 6 13 33 270
25 79 54 67 1 0 2 0.00 0.0 0 7.9 20 310 M M 1 26 310
26 81 49 65 -2 0 0 0.00 0.0 0 3.1 9 160 M M 0 12 120
27 86 57 72 5 0 7 0.00 0.0 0 5.9 15 160 M M 1 19 160
28 86 64 75 8 0 10 0.00 0.0 0 5.3 14 130 M M 0 17 140
29 82 66 74 6 0 9 0.00 0.0 0 4.4 10 200 M M 3 13 200
30 82 62 72 4 0 7 0.02 0.0 0 6.3 14 350 M M 2 20 10
================================================================================
SM 2302 1574 83 79 3.95 0.0 163.6 M 51
================================================================================
AV 76.7 52.5 5.5 FASTST M M 2 MAX(MPH)
MISC ----> 24 280 33 270
================================================================================
NOTES:
# LAST OF SEVERAL OCCURRENCES
COLUMN 17 PEAK WIND IN M.P.H.
PRELIMINARY LOCAL CLIMATOLOGICAL DATA (WS FORM: F-6) , PAGE 2
STATION: MONTGOMERY
MONTH: APRIL
YEAR: 2021
LATITUDE: 32 17 N
LONGITUDE: 86 24 W
[TEMPERATURE DATA] [PRECIPITATION DATA] SYMBOLS USED IN COLUMN 16
AVERAGE MONTHLY: 64.6 TOTAL FOR MONTH: 3.95 1 = FOG OR MIST
DPTR FM NORMAL: 0.5 DPTR FM NORMAL: -0.07 2 = FOG REDUCING VISIBILITY
HIGHEST: 87 ON 13 GRTST 24HR 2.02 ON 9-10 TO 1/4 MILE OR LESS
LOWEST: 35 ON 3 3 = THUNDER
SNOW, ICE PELLETS, HAIL 4 = ICE PELLETS
TOTAL MONTH: 0.0 INCH 5 = HAIL
GRTST 24HR 0.0 6 = FREEZING RAIN OR DRIZZLE
GRTST DEPTH: 0 7 = DUSTSTORM OR SANDSTORM:
VSBY 1/2 MILE OR LESS
8 = SMOKE OR HAZE
[NO. OF DAYS WITH] [WEATHER - DAYS WITH] 9 = BLOWING SNOW
X = TORNADO
MAX 32 OR BELOW: 0 0.01 INCH OR MORE: 8
MAX 90 OR ABOVE: 0 0.10 INCH OR MORE: 3
MIN 32 OR BELOW: 0 0.50 INCH OR MORE: 3
MIN 0 OR BELOW: 0 1.00 INCH OR MORE: 2
[HDD (BASE 65) ]
TOTAL THIS MO. 83 CLEAR (SCALE 0-3) 22
DPTR FM NORMAL -16 PTCLDY (SCALE 4-7) 8
TOTAL FM JUL 1 1796 CLOUDY (SCALE 8-10) 0
DPTR FM NORMAL -429
[CDD (BASE 65) ]
TOTAL THIS MO. 79
DPTR FM NORMAL 7 [PRESSURE DATA]
TOTAL FM JAN 1 150 HIGHEST SLP 30.49 ON 3
DPTR FM NORMAL 49 LOWEST SLP 29.63 ON 24
[REMARKS]
#FINAL-04-21#