000
CXUS52 KMFL 011030
CF6MIA
PRELIMINARY LOCAL CLIMATOLOGICAL DATA (WS FORM: F-6)
STATION: MIAMI
MONTH: AUGUST
YEAR: 2022
LATITUDE: 25 49 N
LONGITUDE: 80 17 W
TEMPERATURE IN F: :PCPN: SNOW: WIND :SUNSHINE: SKY :PK WND
================================================================================
1 2 3 4 5 6A 6B 7 8 9 10 11 12 13 14 15 16 17 18
12Z AVG MX 2MIN
DY MAX MIN AVG DEP HDD CDD WTR SNW DPTH SPD SPD DIR MIN PSBL S-S WX SPD DR
================================================================================
1 91 80 86 2 0 21 0.00 0.0 0 10.3 18 110 M M 5 24 130
2 91 78 85 1 0 20 0.00 0.0 0 7.1 16 110 M M 5 3 20 110
3 90 77 84 0 0 19 0.00 0.0 0 7.4 15 110 M M 7 3 21 140
4 90 81 86 2 0 21 0.00 M M 10.4 17 120 M M 4 24 120
5 90 78 84 0 0 19 0.41 0.0 0 9.4 22 80 M M 6 13 25 80
6 90 79 85 1 0 20 0.03 0.0 0 13.9 22 100 M M 6 3 29 80
7 88 78 83 -1 0 18 0.11 0.0 0 10.7 25 80 M M 7 8 30 80
8 90 76 83 -1 0 18 0.23 0.0 0 9.5 20 100 M M 8 13 25 150
9 90 80 85 1 0 20 0.06 0.0 0 12.8 22 90 M M 7 13 27 110
10 91 81 86 2 0 21 0.00 0.0 0 11.8 20 100 M M 5 24 90
11 90 82 86 2 0 21 0.00 M M 10.2 15 100 M M 5 22 130
12 92 82 87 3 0 22 0.00 M M 8.7 16 120 M M 6 21 140
13 92 80 86 2 0 21 0.01 0.0 0 3.9 13 130 M M 7 3 17 140
14 92 77 85 1 0 20 0.16 0.0 0 2.9 15 130 M M 7 3 19 120
15 93 76 85 1 0 20 0.81 0.0 M 2.6 25 220 M M 5 13 35 220
16 93 77 85 1 0 20 0.75 0.0 M 3.8 18 220 M M 4 38 22 220
17 96 78 87 3 0 22 0.00 0.0 M 6.5 15 240 M M 4 22 240
18 96 79 88 4 0 23 0.00 0.0 0 5.7 18 180 M M 5 3 30 180
19 94 81 88 4 0 23 0.00 0.0 0 5.7 16 110 M M 3 21 120
20 94 80 87 3 0 22 0.13 0.0 0 11.0 18 110 M M 6 3 24 120
21 93 83 88 4 0 23 T 0.0 0 10.6 17 90 M M 5 27 100
22 93 78 86 2 0 21 0.55 0.0 0 8.6 25 90 M M 5 13 30 90
23 93 82 88 4 0 23 0.07 0.0 0 5.8 15 120 M M 6 3 20 130
24 93 82 88 4 0 23 0.00 0.0 0 7.8 17 100 M M 6 3 23 140
25 93 83 88 4 0 23 T 0.0 0 7.1 17 130 M M 6 25 150
26 93 82 88 4 0 23 0.00 0.0 0 5.5 15 120 M M 7 3 21 140
27 91 79 85 1 0 20 T 0.0 0 3.6 14 110 M M 6 3 21 150
28 91 77 84 0 0 19 0.67 0.0 0 4.8 21 110 M M 8 13 29 170
29 90 76 83 -1 0 18 0.49 0.0 0 7.1 18 130 M M 7 1 24 210
30 92 82 87 3 0 22 0.02 0.0 0 7.4 16 130 M M 5 23 120
31 90 76 83 -1 0 18 0.67 0.0 0 4.6 17 90 M M 5 38 21 150
================================================================================
SM 2845 2460 0 644 5.17 0.0 237.2 M 178
================================================================================
AV 91.8 79.4 7.7 FASTST M M 6 MAX(MPH)
MISC ----> # 25 80 35 220
================================================================================
NOTES:
# LAST OF SEVERAL OCCURRENCES
COLUMN 17 PEAK WIND IN M.P.H.
PRELIMINARY LOCAL CLIMATOLOGICAL DATA (WS FORM: F-6) , PAGE 2
STATION: MIAMI
MONTH: AUGUST
YEAR: 2022
LATITUDE: 25 49 N
LONGITUDE: 80 17 W
[TEMPERATURE DATA] [PRECIPITATION DATA] SYMBOLS USED IN COLUMN 16
AVERAGE MONTHLY: 85.6 TOTAL FOR MONTH: 5.17 1 = FOG OR MIST
DPTR FM NORMAL: 1.4 DPTR FM NORMAL: -4.41 2 = FOG REDUCING VISIBILITY
HIGHEST: 96 ON 18,17 GRTST 24HR 1.56 ON 15-16 TO 1/4 MILE OR LESS
LOWEST: 76 ON 31,29 3 = THUNDER
SNOW, ICE PELLETS, HAIL 4 = ICE PELLETS
TOTAL MONTH: 0.0 INCH 5 = HAIL
GRTST 24HR 0.0 6 = FREEZING RAIN OR DRIZZLE
GRTST DEPTH: 0 7 = DUSTSTORM OR SANDSTORM:
VSBY 1/2 MILE OR LESS
8 = SMOKE OR HAZE
[NO. OF DAYS WITH] [WEATHER - DAYS WITH] 9 = BLOWING SNOW
X = TORNADO
MAX 32 OR BELOW: 0 0.01 INCH OR MORE: 16
MAX 90 OR ABOVE: 30 0.10 INCH OR MORE: 11
MIN 32 OR BELOW: 0 0.50 INCH OR MORE: 5
MIN 0 OR BELOW: 0 1.00 INCH OR MORE: 0
[HDD (BASE 65) ]
TOTAL THIS MO. 0 CLEAR (SCALE 0-3) 1
DPTR FM NORMAL 0 PTCLDY (SCALE 4-7) 30
TOTAL FM JUL 1 0 CLOUDY (SCALE 8-10) 0
DPTR FM NORMAL 0
[CDD (BASE 65) ]
TOTAL THIS MO. 644
DPTR FM NORMAL 49 [PRESSURE DATA]
TOTAL FM JAN 1 3502 HIGHEST SLP 30.19 ON 10
DPTR FM NORMAL 367 LOWEST SLP 29.88 ON 27
[REMARKS]
#FINAL-08-22#