527
CXUS53 KIND 010600
CF6MIE
PRELIMINARY LOCAL CLIMATOLOGICAL DATA (WS FORM: F-6)
STATION: MUNCIE IN
MONTH: APRIL
YEAR: 2020
LATITUDE: 40 13 N
LONGITUDE: 85 23 W
TEMPERATURE IN F: :PCPN: SNOW: WIND :SUNSHINE: SKY :PK WND
================================================================================
1 2 3 4 5 6A 6B 7 8 9 10 11 12 13 14 15 16 17 18
12Z AVG MX 2MIN
DY MAX MIN AVG DEP HDD CDD WTR SNW DPTH SPD SPD DIR MIN PSBL S-S WX SPD DR
================================================================================
1 53 39 46 0 19 0 T M M 6.6 13 350 M M 9 18 15 360
2 61 32 47 1 18 0 0.00 M M 2.3 10 360 M M 1 128 13 350
3 65 41 53 6 12 0 0.00 M M 1.6 9 270 M M 4 8 12 260
4 65 44 55 8 10 0 0.03 M M 7.7 16 320 M M 7 1 20 280
5 53 39 46 -2 19 0 T M M 6.4 13 20 M M 8 18 15 20
6 68 34 51 3 14 0 0.00 M M 5.0 14 240 M M 3 128 19 240
7 80 59 70 22 0 5 0.00 M M 10.1 21 250 M M 5 3 29 250
8 78 53 66 17 0 1 0.17 M M 7.7 25 320 M M 4 38 30 270
9 53 35 44 -5 21 0 0.02 M M 16.5 33 270 M M 4 45 280
10 51 34 43 -6 22 0 0.00 M M 11.1 23 290 M M 3 30 330
11 63 34 49 -1 16 0 T M M 8.3 20 230 M M 4 31 240
12 67 49 58 8 7 0 0.01 M M 10.1 24 200 M M 9 1 37 210
13 56 38 47 -3 18 0 T M M 15.3 31 290 M M 8 18 45 290
14 46 31 39 -12 26 0 0.00 M M 9.5 23 290 M M 2 33 280
15 48 27 38 -13 27 0 0.01 M M 11.2 29 260 M M 4 1 46 280
16 50 29 40 -12 25 0 0.00 M M 8.9 22 300 M M 2 33 290
17 48 37 43 -9 22 0 0.07 M M 10.8 18 330 M M 10 18 23 330
18 56 34 45 -7 20 0 0.00 M M 9.0 18 240 M M 3 18 28 290
19 65 44 55 2 10 0 0.00 M M 8.7 16 240 M M 3 23 230
20 65 36 51 -2 14 0 T M M 9.4 22 260 M M 3 30 260
21 57 35 46 -8 19 0 0.00 M M 15.2 29 310 M M 2 42 320
22 73 31 52 -2 13 0 0.00 M M 6.6 17 240 M M 5 26 240
23 62 50 56 2 9 0 0.03 M M 7.5 16 40 M M 8 1 21 30
24 70 45 58 3 7 0 0.00 M M 5.2 15 20 M M 8 18 20 10
25 71 48 60 5 5 0 0.01 M M 12.4 23 60 M M 7 32 50
26 65 43 54 -1 11 0 0.07 M M 16.1 30 20 M M 5 41 20
27 69 37 53 -3 12 0 T M M 6.9 17 240 M M 2 23 210
28 79 57 68 12 0 3 T M M 11.4 21 270 M M 8 31 270
29 68 52 60 4 5 0 0.32 M M 12.3 26 180 M M 9 1 41 190
30 52 44 48 -9 17 0 0.02 M M 14.4 24 310 M M 10 18 32 270
================================================================================
SM 1857 1211 418 9 0.76 M 284.2 M 160
================================================================================
AV 61.9 40.4 9.5 FASTST M M 5 MAX(MPH)
MISC ----> 33 270 46 280
================================================================================
NOTES:
# LAST OF SEVERAL OCCURRENCES
COLUMN 17 PEAK WIND IN M.P.H.
PRELIMINARY LOCAL CLIMATOLOGICAL DATA (WS FORM: F-6) , PAGE 2
STATION: MUNCIE IN
MONTH: APRIL
YEAR: 2020
LATITUDE: 40 13 N
LONGITUDE: 85 23 W
[TEMPERATURE DATA] [PRECIPITATION DATA] SYMBOLS USED IN COLUMN 16
AVERAGE MONTHLY: 51.1 TOTAL FOR MONTH: 0.76 1 = FOG OR MIST
DPTR FM NORMAL: -0.3 DPTR FM NORMAL: -2.91 2 = FOG REDUCING VISIBILITY
HIGHEST: 80 ON 7 GRTST 24HR 0.34 ON 29-30 TO 1/4 MILE OR LESS
LOWEST: 27 ON 15 3 = THUNDER
SNOW, ICE PELLETS, HAIL 4 = ICE PELLETS
TOTAL MONTH: M 5 = HAIL
GRTST 24HR M ON M 6 = FREEZING RAIN OR DRIZZLE
GRTST DEPTH: M ON M 7 = DUSTSTORM OR SANDSTORM:
VSBY 1/2 MILE OR LESS
8 = SMOKE OR HAZE
[NO. OF DAYS WITH] [WEATHER - DAYS WITH] 9 = BLOWING SNOW
X = TORNADO
MAX 32 OR BELOW: 0 0.01 INCH OR MORE: 11
MAX 90 OR ABOVE: 0 0.10 INCH OR MORE: 2
MIN 32 OR BELOW: 5 0.50 INCH OR MORE: 0
MIN 0 OR BELOW: 0 1.00 INCH OR MORE: 0
[HDD (BASE 65) ]
TOTAL THIS MO. 418 CLEAR (SCALE 0-3) 9
DPTR FM NORMAL -4 PTCLDY (SCALE 4-7) 16
TOTAL FM JUL 1 4665 CLOUDY (SCALE 8-10) 5
DPTR FM NORMAL -926
[CDD (BASE 65) ]
TOTAL THIS MO. 9
DPTR FM NORMAL -5 [PRESSURE DATA]
TOTAL FM JAN 1 9 HIGHEST SLP M ON M
DPTR FM NORMAL -6 LOWEST SLP 29.32 ON 13
[REMARKS]
#FINAL-04-20#