000
CXUS53 KEAX 010736
CF6MKC
PRELIMINARY LOCAL CLIMATOLOGICAL DATA (WS FORM: F-6)
STATION: DOWNTOWN KANSAS CITY MO
MONTH: OCTOBER
YEAR: 2023
LATITUDE: 39 7 N
LONGITUDE: 94 36 W
TEMPERATURE IN F: :PCPN: SNOW: WIND :SUNSHINE: SKY :PK WND
================================================================================
1 2 3 4 5 6A 6B 7 8 9 10 11 12 13 14 15 16 17 18
12Z AVG MX 2MIN
DY MAX MIN AVG DEP HDD CDD WTR SNW DPTH SPD SPD DIR MIN PSBL S-S WX SPD DR
================================================================================
1 91 67 79 14 0 14 0.00 M M 5.1 14 150 M M 0 22 160
2 89 69 79 15 0 14 0.00 M M 5.5 14 150 M M 1 20 170
3 85 68 77 13 0 12 0.00 M M 10.2 22 160 M M 1 38 33 170
4 77 65 71 7 0 6 0.18 M M 5.3 16 290 M M 3 13 24 300
5 81 55 68 5 0 3 0.00 M M 4.3 18 330 M M 1 25 330
6 60 47 54 -9 11 0 T M M 8.1 28 330 M M 2 40 320
7 63 40 52 -10 13 0 0.00 M M 5.3 13 270 M M 0 17 300
8 79 45 62 0 3 0 0.00 M M 6.0 15 310 M M 0 20 300
9 68 47 58 -4 7 0 0.00 M M 3.2 13 350 M M 0 20 10
10 75 43 59 -2 6 0 0.01 M M 3.2 12 140 M M 1 3 17 150
11 82 58 70 9 0 5 T M M 11.0 22 160 M M 2 3 29 170
12 79 63 71 11 0 6 0.00 M M 13.9 22 150 M M 8 34 160
13 66 52 59 -1 6 0 T M M 14.8 25 250 M M 9 34 260
14 56 50 53 -6 12 0 T M M 10.4 18 340 M M 10 1 29 300
15 56 44 50 -9 15 0 T M M 9.1 17 340 M M 9 26 340
16 65 41 53 -5 12 0 0.00 M M 5.8 14 290 M M 0 20 290
17 71 40 56 -2 9 0 0.00 M M 6.1 15 190 M M 0 21 170
18 68 52 60 2 5 0 T M M 8.9 18 190 M M 2 27 280
19 73 49 61 4 4 0 0.00 M M 6.3 17 270 M M 3 25 250
20 80 48 64 7 1 0 0.00 M M 2.8 12 320 M M 0 17 280
21 80 50 65 9 0 0 0.00 M M 5.4 17 310 M M 0 23 330
22 74 49 62 6 3 0 0.00 M M 7.7 22 150 M M 0 30 160
23 87 61 74 19 0 9 T M M 14.6 25 170 M M 1 38 160
24 74 61 68 13 0 3 0.91 M M 9.6 20 150 M M 7 13 29 160
25 70 64 67 13 0 2 1.41 M M 5.8 14 170 M M 9 13 22 160
26 77 66 72 18 0 7 0.34 M M 10.0 21 170 M M 5 13 28 170
27 68 38 53 -1 12 0 0.03 M M 11.0 20 330 M M 6 1 33 300
28 40 32 36 -17 29 0 0.61 M M 8.2 15 10 M M 6 13 21 30
29 39 33 36 -17 29 0 0.01 M M 10.2 17 350 M M 9 1 23 360
30 41 27 34 -18 31 0 0.00 M M 7.0 14 320 M M 0 19 330
31 41 28 35 -17 30 0 0.00 M M 9.0 20 300 M M 0 28 330
================================================================================
SM 2155 1552 238 81 3.50 M 243.8 M 95
================================================================================
AV 69.5 50.1 7.9 FASTST M M 3 MAX(MPH)
MISC ----> 28 330 40 320
================================================================================
NOTES:
# LAST OF SEVERAL OCCURRENCES
COLUMN 17 PEAK WIND IN M.P.H.
PRELIMINARY LOCAL CLIMATOLOGICAL DATA (WS FORM: F-6) , PAGE 2
STATION: DOWNTOWN KANSAS CITY MO
MONTH: OCTOBER
YEAR: 2023
LATITUDE: 39 7 N
LONGITUDE: 94 36 W
[TEMPERATURE DATA] [PRECIPITATION DATA] SYMBOLS USED IN COLUMN 16
AVERAGE MONTHLY: 59.8 TOTAL FOR MONTH: 3.50 1 = FOG OR MIST
DPTR FM NORMAL: 1.4 DPTR FM NORMAL: 0.26 2 = FOG REDUCING VISIBILITY
HIGHEST: 91 ON 1 GRTST 24HR 2.26 ON 24-25 TO 1/4 MILE OR LESS
LOWEST: 27 ON 30 3 = THUNDER
SNOW, ICE PELLETS, HAIL 4 = ICE PELLETS
TOTAL MONTH: M 5 = HAIL
GRTST 24HR M ON M 6 = FREEZING RAIN OR DRIZZLE
GRTST DEPTH: M ON M 7 = DUSTSTORM OR SANDSTORM:
VSBY 1/2 MILE OR LESS
8 = SMOKE OR HAZE
[NO. OF DAYS WITH] [WEATHER - DAYS WITH] 9 = BLOWING SNOW
X = TORNADO
MAX 32 OR BELOW: 0 0.01 INCH OR MORE: 8
MAX 90 OR ABOVE: 1 0.10 INCH OR MORE: 5
MIN 32 OR BELOW: 3 0.50 INCH OR MORE: 3
MIN 0 OR BELOW: 0 1.00 INCH OR MORE: 1
[HDD (BASE 65) ]
TOTAL THIS MO. 238 CLEAR (SCALE 0-3) 21
DPTR FM NORMAL -8 PTCLDY (SCALE 4-7) 4
TOTAL FM JUL 1 238 CLOUDY (SCALE 8-10) 6
DPTR FM NORMAL -47
[CDD (BASE 65) ]
TOTAL THIS MO. 81
DPTR FM NORMAL 38 [PRESSURE DATA]
TOTAL FM JAN 1 1880 HIGHEST SLP M ON M
DPTR FM NORMAL 175 LOWEST SLP 29.50 ON 12
[REMARKS]
#FINAL-10-23#