000
CXUS53 KGRR 011010
CF6MKG
PRELIMINARY LOCAL CLIMATOLOGICAL DATA (WS FORM: F-6)
STATION: MUSKEGON
MONTH: FEBRUARY
YEAR: 2024
LATITUDE: 43 10 N
LONGITUDE: 86 14 W
TEMPERATURE IN F: :PCPN: SNOW: WIND :SUNSHINE: SKY :PK WND
================================================================================
1 2 3 4 5 6A 6B 7 8 9 10 11 12 13 14 15 16 17 18
12Z AVG MX 2MIN
DY MAX MIN AVG DEP HDD CDD WTR SNW DPTH SPD SPD DIR MIN PSBL S-S WX SPD DR
================================================================================
1 49 36 43 17 22 0 0.00 0.0 0 8.2 18 220 M M 8 18 24 210
2 44 29 37 11 28 0 0.00 0.0 0 6.1 13 70 M M 3 19 10
3 40 26 33 7 32 0 0.00 0.0 0 5.5 13 120 M M 4 18 15 90
4 52 24 38 12 27 0 0.00 0.0 0 4.2 12 310 M M 1 18 15 330
5 50 25 38 12 27 0 0.00 0.0 0 4.0 12 100 M M 1 18 15 110
6 39 28 34 8 31 0 0.00 0.0 0 5.4 13 120 M M 9 18 15 90
7 47 27 37 11 28 0 0.00 0.0 0 4.9 12 180 M M 6 18 15 170
8 63 38 51 25 14 0 T 0.0 0 17.1 30 180 M M 6 3 48 180
9 53 39 46 20 19 0 0.00 0.0 0 14.7 26 180 M M 4 41 190
10 41 26 34 7 31 0 0.00 0.0 0 9.2 17 290 M M 8 25 310
11 37 26 32 5 33 0 0.00 0.0 0 3.5 14 300 M M 10 21 320
12 43 23 33 6 32 0 0.00 0.0 0 6.0 18 200 M M 4 8 25 210
13 38 26 32 5 33 0 T T 0 7.6 17 310 M M 9 18 24 320
14 41 23 32 5 33 0 0.00 0.0 0 6.5 16 190 M M 7 25 200
15 38 32 35 8 30 0 0.56 5.0 4 12.7 28 320 M M 10 128 42 300
16 32 26 29 1 36 0 T T 3 10.0 21 310 M M 9 8 32 290
17 32 20 26 -2 39 0 0.01 0.3 3 16.7 32 230 M M 9 89 47 220
18 36 18 27 -1 38 0 0.00 0.0 3 11.4 26 270 M M 6 39 260
19 43 16 30 2 35 0 0.00 0.0 3 3.0 8 220 M M 6 18 11 90
20 53 23 38 10 27 0 0.00 0.0 2 8.4 20 190 M M 3 18 33 180
21 58 35 47 18 18 0 T 0.0 T 11.1 24 210 M M 6 18 34 190
22 57 30 44 15 21 0 0.00 0.0 0 3.2 10 210 M M 5 18 13 260
23 48 23 36 7 29 0 0.00 0.0 0 9.3 18 30 M M 6 8 27 20
24 35 15 25 -5 40 0 0.00 0.0 0 9.8 21 210 M M 2 29 210
25 47 33 40 10 25 0 0.00 0.0 0 12.8 26 210 M M 5 36 200
26 62 28 45 15 20 0 0.00 0.0 0 10.2 22 110 M M 5 18 29 120
27 67 57 62 32 3 0 0.01 0.0 0 18.3 30 200 M M 6 38 44 190
28 56 22 39 8 26 0 0.01 0.8 0 17.3 32 320 M M 9 189 50 320
29 39 22 31 0 34 0 0.00 0.0 T 11.6 22 190 M M 4 33 290
================================================================================
SM 1340 796 811 0 0.59 6.1 268.7 M 171
================================================================================
AV 46.2 27.4 9.3 FASTST M M 6 MAX(MPH)
MISC ----> # 32 230 50 320
================================================================================
NOTES:
# LAST OF SEVERAL OCCURRENCES
COLUMN 17 PEAK WIND IN M.P.H.
PRELIMINARY LOCAL CLIMATOLOGICAL DATA (WS FORM: F-6) , PAGE 2
STATION: MUSKEGON
MONTH: FEBRUARY
YEAR: 2024
LATITUDE: 43 10 N
LONGITUDE: 86 14 W
[TEMPERATURE DATA] [PRECIPITATION DATA] SYMBOLS USED IN COLUMN 16
AVERAGE MONTHLY: 36.8 TOTAL FOR MONTH: 0.59 1 = FOG OR MIST
DPTR FM NORMAL: 9.1 DPTR FM NORMAL: -1.52 2 = FOG REDUCING VISIBILITY
HIGHEST: 67 ON 27 GRTST 24HR 0.56 ON 15-15 TO 1/4 MILE OR LESS
LOWEST: 15 ON 24 3 = THUNDER
SNOW, ICE PELLETS, HAIL 4 = ICE PELLETS
TOTAL MONTH: 6.1 INCHES 5 = HAIL
GRTST 24HR 5.0 ON 15-15 6 = FREEZING RAIN OR DRIZZLE
GRTST DEPTH: 4 ON 15 7 = DUSTSTORM OR SANDSTORM:
VSBY 1/2 MILE OR LESS
8 = SMOKE OR HAZE
[NO. OF DAYS WITH] [WEATHER - DAYS WITH] 9 = BLOWING SNOW
X = TORNADO
MAX 32 OR BELOW: 2 0.01 INCH OR MORE: 4
MAX 90 OR ABOVE: 0 0.10 INCH OR MORE: 1
MIN 32 OR BELOW: 23 0.50 INCH OR MORE: 1
MIN 0 OR BELOW: 0 1.00 INCH OR MORE: 0
[HDD (BASE 65) ]
TOTAL THIS MO. 811 CLEAR (SCALE 0-3) 4
DPTR FM NORMAL -235 PTCLDY (SCALE 4-7) 17
TOTAL FM JUL 1 3705 CLOUDY (SCALE 8-10) 8
DPTR FM NORMAL -899
[CDD (BASE 65) ]
TOTAL THIS MO. 0
DPTR FM NORMAL 0 [PRESSURE DATA]
TOTAL FM JAN 1 0 HIGHEST SLP 30.49 ON 29
DPTR FM NORMAL 0 LOWEST SLP 29.14 ON 27
[REMARKS]
#FINAL-02-24#