043
CXHW52 PHFO 011250
CF6MKK
PRELIMINARY LOCAL CLIMATOLOGICAL DATA (WS FORM: F-6)
STATION: MOLOKAI HI
MONTH: NOVEMBER
YEAR: 2020
LATITUDE: 21 8 N
LONGITUDE: 157 6 W
TEMPERATURE IN F: :PCPN: SNOW: WIND :SUNSHINE: SKY :PK WND
================================================================================
1 2 3 4 5 6A 6B 7 8 9 10 11 12 13 14 15 16 17 18
12Z AVG MX 2MIN
DY MAX MIN AVG DEP HDD CDD WTR SNW DPTH SPD SPD DIR MIN PSBL S-S WX SPD DR
================================================================================
1 87 70 79 3 0 14 0.00 0.0 M 4.5 13 50 M M M 16 50
2 88 70 79 3 0 14 0.00 0.0 M 7.0 17 50 M M M 23 60
3 88 77 83 7 0 18 0.00 0.0 M 10.7 20 50 M M M 28 50
4 89 73 81 5 0 16 0.00 0.0 M 3.7 12 330 M M M 17 360
5 91 71 81 5 0 16 0.00 0.0 M 4.6 16 190 M M M 21 230
6 89 74 82 6 0 17 0.01 0.0 M 8.1 18 50 M M M 26 50
7 89 76 83 7 0 18 0.00 0.0 M 10.8 21 50 M M M 26 50
8 88 76 82 6 0 17 T 0.0 M 13.0 23 50 M M M 32 50
9 89 76 83 8 0 18 0.00 0.0 M 11.2 22 50 M M M 32 30
10 87 68 78 3 0 13 0.00 0.0 M 14.6 29 60 M M M 38 60
11 86 74 80 5 0 15 0.04 0.0 M 15.9 29 60 M M M 38 60
12 86 76 81 6 0 16 T 0.0 M 16.1 28 60 M M M 35 60
13 85 73 79 4 0 14 T 0.0 M 12.7 28 50 M M M 38 60
14 86 70 78 3 0 13 0.01 0.0 M 8.7 20 50 M M M 27 60
15 87 74 81 6 0 16 0.00 0.0 M 7.1 15 10 M M M 21 50
16 84 74 79 4 0 14 0.21 0.0 M 9.2 20 50 M M M 26 50
17 87 74 81 6 0 16 0.00 0.0 M 10.4 20 50 M M M 27 50
18 86 76 81 6 0 16 0.00 0.0 M 11.2 22 30 M M M 8 31 60
19 85 77 81 7 0 16 0.00 0.0 M 13.4 24 50 M M M 33 50
20 84 75 80 6 0 15 0.01 0.0 M 14.2 25 50 M M M 8 33 50
21 86 75 81 7 0 16 0.04 0.0 M 17.9 25 50 M M M 8 39 30
22 82 75 79 5 0 14 0.00 0.0 M 17.8 29 50 M M M 40 50
23 83 75 79 5 0 14 0.00 0.0 M 16.8 26 50 M M M 37 50
24 85 74 80 6 0 15 0.10 0.0 M 14.2 24 50 M M M 8 34 50
25 87 76 82 8 0 17 0.00 0.0 M 12.2 21 40 M M M 29 40
26 85 74 80 6 0 15 0.00 0.0 M 12.2 23 60 M M M 31 50
27 83 74 79 5 0 14 0.00 0.0 M 12.0 18 30 M M M 27 10
28 83 72 78 4 0 13 0.01 0.0 M 9.7 18 360 M M M 8 26 360
29 84 69 77 3 0 12 0.25 0.0 M 8.6 18 60 M M M 8 27 40
30 83 69 76 2 0 11 0.00 0.0 M 6.4 16 50 M M M 21 50
================================================================================
SM 2582 2207 0 453 0.68 0.0 334.9 M M
================================================================================
AV 86.1 73.6 11.2 FASTST M M 0 MAX(MPH)
MISC ----> # 29 60 # 40 50
================================================================================
NOTES:
# LAST OF SEVERAL OCCURRENCES
COLUMN 17 PEAK WIND IN M.P.H.
PRELIMINARY LOCAL CLIMATOLOGICAL DATA (WS FORM: F-6) , PAGE 2
STATION: MOLOKAI HI
MONTH: NOVEMBER
YEAR: 2020
LATITUDE: 21 8 N
LONGITUDE: 157 6 W
[TEMPERATURE DATA] [PRECIPITATION DATA] SYMBOLS USED IN COLUMN 16
AVERAGE MONTHLY: 79.8 TOTAL FOR MONTH: 0.68 1 = FOG OR MIST
DPTR FM NORMAL: 5.0 DPTR FM NORMAL: -2.58 2 = FOG REDUCING VISIBILITY
HIGHEST: 91 ON 5 GRTST 24HR 0.25 ON 29-29 TO 1/4 MILE OR LESS
LOWEST: 68 ON 10 3 = THUNDER
SNOW, ICE PELLETS, HAIL 4 = ICE PELLETS
TOTAL MONTH: 0.0 INCH 5 = HAIL
GRTST 24HR 0.0 6 = FREEZING RAIN OR DRIZZLE
GRTST DEPTH: M ON M 7 = DUSTSTORM OR SANDSTORM:
VSBY 1/2 MILE OR LESS
8 = SMOKE OR HAZE
[NO. OF DAYS WITH] [WEATHER - DAYS WITH] 9 = BLOWING SNOW
X = TORNADO
MAX 32 OR BELOW: 0 0.01 INCH OR MORE: 9
MAX 90 OR ABOVE: 1 0.10 INCH OR MORE: 3
MIN 32 OR BELOW: 0 0.50 INCH OR MORE: 0
MIN 0 OR BELOW: 0 1.00 INCH OR MORE: 0
[HDD (BASE 65) ]
TOTAL THIS MO. 0 CLEAR (SCALE 0-3) 0
DPTR FM NORMAL 0 PTCLDY (SCALE 4-7) 0
TOTAL FM JUL 1 0 CLOUDY (SCALE 8-10) 0
DPTR FM NORMAL 0
[CDD (BASE 65) ]
TOTAL THIS MO. 453
DPTR FM NORMAL 159 [PRESSURE DATA]
TOTAL FM JAN 1 3810 HIGHEST SLP 30.20 ON 12
DPTR FM NORMAL 562 LOWEST SLP 29.93 ON 7
[REMARKS]
#FINAL-11-20#