000
CXHW52 PHFO 011250
CF6MKK
PRELIMINARY LOCAL CLIMATOLOGICAL DATA (WS FORM: F-6)
STATION: MOLOKAI HI
MONTH: JULY
YEAR: 2023
LATITUDE: 21 8 N
LONGITUDE: 157 6 W
TEMPERATURE IN F: :PCPN: SNOW: WIND :SUNSHINE: SKY :PK WND
================================================================================
1 2 3 4 5 6A 6B 7 8 9 10 11 12 13 14 15 16 17 18
12Z AVG MX 2MIN
DY MAX MIN AVG DEP HDD CDD WTR SNW DPTH SPD SPD DIR MIN PSBL S-S WX SPD DR
================================================================================
1 87 71 79 0 0 14 0.00 M M 11.2 21 50 M M 1 29 50
2 88 71 80 1 0 15 0.00 M M 10.6 20 50 M M 1 27 60
3 88 73 81 2 0 16 0.00 M M 12.4 20 60 M M 3 28 30
4 86 74 80 1 0 15 0.00 M M 13.9 23 50 M M 3 33 60
5 85 74 80 1 0 15 T M M 12.3 24 50 M M 6 33 50
6 87 71 79 0 0 14 T M M 11.2 23 60 M M 3 1 32 60
7 84 71 78 -1 0 13 T M M 13.7 26 50 M M 5 36 50
8 85 72 79 0 0 14 0.01 M M 14.9 25 50 M M 5 1 35 50
9 85 71 78 -1 0 13 0.02 M M 14.5 24 50 M M 4 33 50
10 85 70 78 -1 0 13 0.08 M M 10.8 23 50 M M 3 1 32 50
11 87 73 80 1 0 15 T M M 10.9 24 50 M M 4 33 40
12 90 67 79 0 0 14 0.00 M M 8.6 21 50 M M 2 28 50
13 88 73 81 2 0 16 0.00 M M 13.8 23 50 M M 1 32 30
14 86 72 79 0 0 14 T M M 12.7 21 50 M M 3 1 32 360
15 84 70 77 -2 0 12 0.04 M M 9.3 17 50 M M 4 1 26 30
16 85 71 78 -1 0 13 T M M 10.7 25 60 M M 4 30 50
17 87 74 81 2 0 16 0.01 M M 12.8 23 50 M M 2 1 33 50
18 85 73 79 0 0 14 T M M 17.4 31 30 M M 6 45 30
19 79 74 77 -2 0 12 0.21 M M 16.0 28 60 M M 7 1 38 40
20 85 73 79 0 0 14 T M M 15.3 25 50 M M 4 1 38 50
21 88 74 81 2 0 16 T M M 13.8 23 50 M M 3 31 50
22 88 74 81 2 0 16 0.00 M M 11.7 22 60 M M 3 28 30
23 87 75 81 2 0 16 T M M 14.2 23 50 M M 2 1 33 50
24 87 75 81 2 0 16 0.00 M M 15.4 26 50 M M 1 35 60
25 85 75 80 1 0 15 0.00 M M 15.1 23 30 M M 3 32 30
26 87 73 80 1 0 15 T M M 14.5 24 50 M M 4 1 35 50
27 86 74 80 1 0 15 T M M 14.4 24 50 M M 3 1 33 50
28 85 74 80 1 0 15 0.00 M M 14.3 26 50 M M 2 36 50
29 88 72 80 0 0 15 0.00 M M 12.1 22 30 M M 2 31 50
30 87 72 80 0 0 15 0.00 M M 10.9 21 50 M M 2 29 50
31 85 75 80 0 0 15 0.00 M M 15.1 25 60 M M 4 35 40
================================================================================
SM 2669 2251 0 451 0.37 M 404.5 M 100
================================================================================
AV 86.1 72.6 13.0 FASTST M M 3 MAX(MPH)
MISC ----> 31 30 45 30
================================================================================
NOTES:
# LAST OF SEVERAL OCCURRENCES
COLUMN 17 PEAK WIND IN M.P.H.
PRELIMINARY LOCAL CLIMATOLOGICAL DATA (WS FORM: F-6) , PAGE 2
STATION: MOLOKAI HI
MONTH: JULY
YEAR: 2023
LATITUDE: 21 8 N
LONGITUDE: 157 6 W
[TEMPERATURE DATA] [PRECIPITATION DATA] SYMBOLS USED IN COLUMN 16
AVERAGE MONTHLY: 79.4 TOTAL FOR MONTH: 0.37 1 = FOG OR MIST
DPTR FM NORMAL: 0.3 DPTR FM NORMAL: -0.25 2 = FOG REDUCING VISIBILITY
HIGHEST: 90 ON 12 GRTST 24HR 0.21 ON 18-19 TO 1/4 MILE OR LESS
LOWEST: 67 ON 12 3 = THUNDER
SNOW, ICE PELLETS, HAIL 4 = ICE PELLETS
TOTAL MONTH: M 5 = HAIL
GRTST 24HR M ON M 6 = FREEZING RAIN OR DRIZZLE
GRTST DEPTH: M ON M 7 = DUSTSTORM OR SANDSTORM:
VSBY 1/2 MILE OR LESS
8 = SMOKE OR HAZE
[NO. OF DAYS WITH] [WEATHER - DAYS WITH] 9 = BLOWING SNOW
X = TORNADO
MAX 32 OR BELOW: 0 0.01 INCH OR MORE: 6
MAX 90 OR ABOVE: 1 0.10 INCH OR MORE: 1
MIN 32 OR BELOW: 0 0.50 INCH OR MORE: 0
MIN 0 OR BELOW: 0 1.00 INCH OR MORE: 0
[HDD (BASE 65) ]
TOTAL THIS MO. 0 CLEAR (SCALE 0-3) 13
DPTR FM NORMAL 0 PTCLDY (SCALE 4-7) 18
TOTAL FM JUL 1 0 CLOUDY (SCALE 8-10) 0
DPTR FM NORMAL 0
[CDD (BASE 65) ]
TOTAL THIS MO. 451
DPTR FM NORMAL 14 [PRESSURE DATA]
TOTAL FM JAN 1 2119 HIGHEST SLP 30.15 ON 25
DPTR FM NORMAL 61 LOWEST SLP 29.95 ON 18
[REMARKS]
#FINAL-07-23#