000
CXUS54 KMEG 072119
CF6MKL
PRELIMINARY LOCAL CLIMATOLOGICAL DATA (WS FORM: F-6)
STATION: JACKSON
MONTH: JANUARY
YEAR: 2021
LATITUDE: 35 35 N
LONGITUDE: 88 55 W
TEMPERATURE IN F: :PCPN: SNOW: WIND :SUNSHINE: SKY :PK WND
================================================================================
1 2 3 4 5 6A 6B 7 8 9 10 11 12 13 14 15 16 17 18
12Z AVG MX 2MIN
DY MAX MIN AVG DEP HDD CDD WTR SNW DPTH SPD SPD DIR MIN PSBL S-S WX SPD DR
================================================================================
1 60 42 51 13 14 0 0.28 M M 11.4 28 200 M M 8 1 42 160
2 45 38 42 4 23 0 0.02 M M 5.5 14 270 M M 10 18 19 250
3 50 29 40 2 25 0 0.00 M M 5.1 20 290 M M 3 23 300
4 54 28 41 3 24 0 0.00 M M 3.5 13 230 M M 2 16 230
5 50 27 39 1 26 0 0.00 M M 5.0 20 330 M M 2 24 320
6 51 25 38 0 27 0 0.00 M M 6.2 14 70 M M 2 19 80
7 43 36 40 2 25 0 0.08 M M 10.3 21 40 M M 9 25 40
8 39 34 37 -1 28 0 0.00 M M 10.7 17 10 M M 10 21 360
9 35 33 34 -4 31 0 0.00 M M 7.9 14 340 M M 10 18 350
10 35 31 33 -5 32 0 0.00 M M 6.3 12 10 M M 9 13 340
11 33 25 29 -9 36 0 T M M 7.3 14 20 M M 7 18 16 30
12 43 19 31 -7 34 0 0.00 M M 3.8 9 280 M M 2 1 12 340
13 51 21 36 -2 29 0 0.00 M M 8.1 17 210 M M 0 1 22 210
14 59 35 47 9 18 0 T M M 11.4 25 320 M M 2 34 330
15 47 29 38 0 27 0 T M M 12.9 30 260 M M 6 41 270
16 42 33 38 0 27 0 T M M 8.7 20 260 M M 9 1 23 260
17 50 30 40 2 25 0 T M M 8.7 21 280 M M 5 28 270
18 56 29 43 5 22 0 0.00 M M 7.5 20 240 M M 2 25 260
19 58 35 47 9 18 0 0.00 M M 6.8 13 330 M M 3 16 340
20 47 25 36 -2 29 0 0.07 M M 4.7 15 200 M M 3 1 19 200
21 50 37 44 6 21 0 0.30 M M 4.4 15 250 M M 6 1 21 260
22 51 30 41 3 24 0 0.00 M M 6.4 17 40 M M 3 12 21 50
23 50 27 39 1 26 0 0.00 M M 7.1 14 60 M M 3 18 110
24 50 40 45 7 20 0 0.16 M M 4.4 13 170 M M 9 128 18 150
25 70 47 59 21 6 0 0.29 M M 10.6 25 200 M M 9 13 38 200
26 59 38 49 11 16 0 0.00 M M 8.0 20 260 M M 3 12 23 250
27 42 33 38 -1 27 0 T M M 12.0 23 360 M M 3 29 330
28 41 27 34 -5 31 0 0.00 M M 8.4 18 30 M M 1 23 350
29 51 26 39 0 26 0 0.00 M M 3.6 10 170 M M 1 15 170
30 55 42 49 10 16 0 0.61 M M 9.1 21 180 M M 10 1 30 180
31 57 37 47 8 18 0 0.00 M M 14.0 24 330 M M 9 31 330
================================================================================
SM 1524 988 751 0 1.81 M 239.8 M 161
================================================================================
AV 49.2 31.9 7.7 FASTST M M 5 MAX(MPH)
MISC ----> 30 260 42 160
================================================================================
NOTES:
# LAST OF SEVERAL OCCURRENCES
COLUMN 17 PEAK WIND IN M.P.H.
PRELIMINARY LOCAL CLIMATOLOGICAL DATA (WS FORM: F-6) , PAGE 2
STATION: JACKSON
MONTH: JANUARY
YEAR: 2021
LATITUDE: 35 35 N
LONGITUDE: 88 55 W
[TEMPERATURE DATA] [PRECIPITATION DATA] SYMBOLS USED IN COLUMN 16
AVERAGE MONTHLY: 40.5 TOTAL FOR MONTH: 1.81 1 = FOG OR MIST
DPTR FM NORMAL: 2.3 DPTR FM NORMAL: -2.26 2 = FOG REDUCING VISIBILITY
HIGHEST: 70 ON 25 GRTST 24HR 2.30 ON 24-25 TO 1/4 MILE OR LESS
LOWEST: 19 ON 12 3 = THUNDER
SNOW, ICE PELLETS, HAIL 4 = ICE PELLETS
TOTAL MONTH: M 5 = HAIL
GRTST 24HR M ON M 6 = FREEZING RAIN OR DRIZZLE
GRTST DEPTH: M ON M 7 = DUSTSTORM OR SANDSTORM:
VSBY 1/2 MILE OR LESS
8 = SMOKE OR HAZE
[NO. OF DAYS WITH] [WEATHER - DAYS WITH] 9 = BLOWING SNOW
X = TORNADO
MAX 32 OR BELOW: 0 0.01 INCH OR MORE: 8
MAX 90 OR ABOVE: 0 0.10 INCH OR MORE: 5
MIN 32 OR BELOW: 16 0.50 INCH OR MORE: 1
MIN 0 OR BELOW: 0 1.00 INCH OR MORE: 0
[HDD (BASE 65) ]
TOTAL THIS MO. 751 CLEAR (SCALE 0-3) 15
DPTR FM NORMAL -80 PTCLDY (SCALE 4-7) 5
TOTAL FM JUL 1 2120 CLOUDY (SCALE 8-10) 11
DPTR FM NORMAL -130
[CDD (BASE 65) ]
TOTAL THIS MO. 0
DPTR FM NORMAL 0 [PRESSURE DATA]
TOTAL FM JAN 1 0 HIGHEST SLP 30.69 ON 28
DPTR FM NORMAL 0 LOWEST SLP 29.58 ON 25
[REMARKS]
#FINAL-01-21#