000
CXUS53 KMPX 022050
CF6MKT
PRELIMINARY LOCAL CLIMATOLOGICAL DATA (WS FORM: F-6)
STATION: MANKATO MN
MONTH: JANUARY
YEAR: 2022
LATITUDE: 44 13 N
LONGITUDE: 93 55 W
TEMPERATURE IN F: :PCPN: SNOW: WIND :SUNSHINE: SKY :PK WND
================================================================================
1 2 3 4 5 6A 6B 7 8 9 10 11 12 13 14 15 16 17 18
12Z AVG MX 2MIN
DY MAX MIN AVG DEP HDD CDD WTR SNW DPTH SPD SPD DIR MIN PSBL S-S WX SPD DR
================================================================================
1 -3 -13 -8 -23 73 0 T M M 12.5 16 320 M M 2 M M
2 8 -15 -3 -18 68 0 0.00 M M 6.0 10 180 M M 0 M M
3 29 7 18 3 47 0 0.00 M M 9.3 13 150 M M 0 M M
4 33 11 22 8 43 0 0.00 M M 13.7 32 300 M M 3 1 46 300
5 11 -4 4 -10 61 0 T M M 22.9 30 290 M M 10 18 44 290
6 -4 -16 -10 -24 75 0 T M M 15.5 20 310 M M 9 8 25 310
7 12 -17 -2 -16 67 0 T M M 11.7 24 160 M M 4 36 180
8 32 1 17 3 48 0 0.00 M M 18.3 27 310 M M 2 8 38 310
9 10 -2 4 -10 61 0 T M M 14.3 24 310 M M 3 35 310
10 10 -6 2 -12 63 0 0.00 M M 7.3 12 160 M M 0 M M
11 42 6 24 10 41 0 0.00 M M 14.9 22 280 M M 0 30 280
12 43 27 35 21 30 0 T M M 4.4 13 250 M M 3 1 M M
13 36 26 31 17 34 0 0.00 M M 8.4 17 350 M M 7 1 M M
14 28 12 20 6 45 0 0.12 M M 14.0 22 50 M M 10 1 30 50
15 19 -2 9 -5 56 0 0.58 M M 6.4 13 20 M M 0 18 M M
16 32 1 17 3 48 0 0.00 M M 12.4 21 320 M M 7 28 310
17 33 10 22 8 43 0 0.00 M M 8.2 17 320 M M 8 M M
18 43 6 25 11 40 0 0.00 M M 17.9 32 300 M M 5 44 310
19 6 -8 -1 -15 66 0 0.00 M M 20.4 30 290 M M 2 8 40 290
20 0 -14 -7 -21 72 0 0.00 M M 5.8 10 310 M M 0 M M
21 26 -12 7 -7 58 0 0.00 M M 14.9 21 190 M M 3 1 33 170
22 28 7 18 4 47 0 0.06 M M 13.1 25 290 M M 6 1 35 300
23 14 -11 2 -12 63 0 0.27 M M 9.1 16 190 M M 5 1 22 180
24 23 -10 7 -7 58 0 0.13 M M 14.6 21 340 M M 5 1 21 300
25 2 -16 -7 -22 72 0 T M M 9.7 15 300 M M 0 8 M M
26 31 -21 5 -10 60 0 0.00 M M 14.0 22 190 M M 1 33 190
27 35 -1 17 2 48 0 T M M 15.2 24 330 M M 6 30 330
28 12 -12 0 -15 65 0 0.00 M M 6.6 10 210 M M 3 M M
29 30 7 19 4 46 0 0.00 M M 12.7 22 310 M M 0 29 310
30 32 11 22 7 43 0 T M M 8.4 20 320 M M 6 M M
31 37 11 24 8 41 0 0.00 M M 14.8 23 150 M M 0 33 150
================================================================================
SM 690 -37 1682 0 1.16 M 377.4 M 110
================================================================================
AV 22.3 -1.2 12.2 FASTST M M 4 MAX(MPH)
MISC ----> # 32 300 46 300
================================================================================
NOTES:
# LAST OF SEVERAL OCCURRENCES
COLUMN 17 PEAK WIND IN M.P.H.
PRELIMINARY LOCAL CLIMATOLOGICAL DATA (WS FORM: F-6) , PAGE 2
STATION: MANKATO MN
MONTH: JANUARY
YEAR: 2022
LATITUDE: 44 13 N
LONGITUDE: 93 55 W
[TEMPERATURE DATA] [PRECIPITATION DATA] SYMBOLS USED IN COLUMN 16
AVERAGE MONTHLY: 10.5 TOTAL FOR MONTH: 1.16 1 = FOG OR MIST
DPTR FM NORMAL: -3.9 DPTR FM NORMAL: 0.22 2 = FOG REDUCING VISIBILITY
HIGHEST: 43 ON 18,12 GRTST 24HR 0.58 ON 15-15 TO 1/4 MILE OR LESS
LOWEST: -21 ON 26 3 = THUNDER
SNOW, ICE PELLETS, HAIL 4 = ICE PELLETS
TOTAL MONTH: M 5 = HAIL
GRTST 24HR M ON M 6 = FREEZING RAIN OR DRIZZLE
GRTST DEPTH: M ON M 7 = DUSTSTORM OR SANDSTORM:
VSBY 1/2 MILE OR LESS
8 = SMOKE OR HAZE
[NO. OF DAYS WITH] [WEATHER - DAYS WITH] 9 = BLOWING SNOW
X = TORNADO
MAX 32 OR BELOW: 23 0.01 INCH OR MORE: 5
MAX 90 OR ABOVE: 0 0.10 INCH OR MORE: 4
MIN 32 OR BELOW: 31 0.50 INCH OR MORE: 1
MIN 0 OR BELOW: 17 1.00 INCH OR MORE: 0
[HDD (BASE 65) ]
TOTAL THIS MO. 1682 CLEAR (SCALE 0-3) 15
DPTR FM NORMAL 113 PTCLDY (SCALE 4-7) 13
TOTAL FM JUL 1 3812 CLOUDY (SCALE 8-10) 3
DPTR FM NORMAL -847
[CDD (BASE 65) ]
TOTAL THIS MO. 0
DPTR FM NORMAL 0 [PRESSURE DATA]
TOTAL FM JAN 1 0 HIGHEST SLP M ON M
DPTR FM NORMAL 0 LOWEST SLP M ON M
[REMARKS]
#FINAL-01-22#
THE PRECIPITATION DATA IS FROM COCORAHS STATION MN-BU-23, WITH AN OBSERVATION TIME OF 7 AM.