000
CXUS54 KTSA 311127
CF6MLC
PRELIMINARY LOCAL CLIMATOLOGICAL DATA (WS FORM: F-6)
STATION: MCALESTER OKLAHOMA
MONTH: JUNE
YEAR: 2022
LATITUDE: 34 52 N
LONGITUDE: 95 47 W
TEMPERATURE IN F: :PCPN: SNOW: WIND :SUNSHINE: SKY :PK WND
================================================================================
1 2 3 4 5 6A 6B 7 8 9 10 11 12 13 14 15 16 17 18
12Z AVG MX 2MIN
DY MAX MIN AVG DEP HDD CDD WTR SNW DPTH SPD SPD DIR MIN PSBL S-S WX SPD DR
================================================================================
1 86 71 79 4 0 14 T 0.0 M 6.8 21 330 M M 3 31 330
2 80 63 72 -3 0 7 0.62 0.0 M 6.2 15 10 M M 7 13 20 350
3 83 61 72 -3 0 7 0.00 0.0 M 2.4 9 30 M M 2 14 10
4 84 60 72 -4 0 7 0.00 0.0 M 3.0 9 150 M M 2 17 130
5 76 64 70 -6 0 5 0.58 0.0 M 4.3 24 20 M M 4 13 37 20
6 87 67 77 1 0 12 T 0.0 M 5.8 16 210 M M 4 3 28 190
7 83 68 76 0 0 11 0.20 0.0 M 3.9 21 210 M M 3 13 31 220
8 79 65 72 -5 0 7 2.04 0.0 M 4.1 35 360 M M 6 123 49 350
9 85 66 76 -1 0 11 0.00 0.0 M 3.1 12 220 M M 3 1 16 90
10 88 69 79 2 0 14 0.73 0.0 M 5.0 29 250 M M 3 13 41 260
11 90 72 81 4 0 16 0.00 0.0 M 4.4 13 210 M M 2 19 220
12 95 80 88 10 0 23 0.00 0.0 M 8.9 21 220 M M 1 31 210
13 92 79 86 8 0 21 0.00 0.0 M 8.0 16 210 M M 0 25 190
14 90 77 84 6 0 19 0.00 0.0 M 9.2 16 200 M M 1 30 170
15 90 77 84 6 0 19 0.00 0.0 M 9.3 18 200 M M 2 31 190
16 93 76 85 7 0 20 0.00 0.0 M 4.7 10 210 M M 1 18 160
17 96 70 83 4 0 18 0.00 0.0 M 1.6 7 210 M M 2 11 210
18 95 71 83 4 0 18 0.17 0.0 M 3.9 20 120 M M 3 13 38 120
19 91 71 81 2 0 16 0.00 0.0 M 4.5 10 100 M M 2 16 100
20 93 66 80 1 0 15 0.00 0.0 M 3.5 8 140 M M 1 16 130
21 96 74 85 5 0 20 0.00 0.0 M 4.1 14 220 M M 1 19 210
22 97 71 84 4 0 19 0.01 0.0 M 1.1 12 350 M M 3 1 19 350
23 97 71 84 4 0 19 0.00 0.0 M 2.3 8 200 M M 2 18 12 220
24 98 74 86 6 0 21 0.00 0.0 M 4.7 14 220 M M 1 20 210
25 98 76 87 7 0 22 0.00 0.0 M 6.1 16 230 M M 0 23 210
26 90 69 80 0 0 15 0.00 0.0 M 10.1 22 10 M M 2 31 340
27 88 64 76 -4 0 11 0.00 0.0 M 6.0 16 10 M M 5 23 10
28 87 60 74 -7 0 9 0.00 0.0 M 1.4 8 20 M M 2 14 10
29 92 56 74 -7 0 9 0.00 0.0 M 2.1 9 120 M M 1 16 120
30 95 60 78 -3 0 13 0.00 0.0 M 3.4 10 220 M M 1 16 220
================================================================================
SM 2694 2068 0 438 4.35 0.0 143.9 M 70
================================================================================
AV 89.8 68.9 4.8 FASTST M M 2 MAX(MPH)
MISC ----> 35 360 49 350
================================================================================
NOTES:
# LAST OF SEVERAL OCCURRENCES
COLUMN 17 PEAK WIND IN M.P.H.
PRELIMINARY LOCAL CLIMATOLOGICAL DATA (WS FORM: F-6) , PAGE 2
STATION: MCALESTER OKLAHOMA
MONTH: JUNE
YEAR: 2022
LATITUDE: 34 52 N
LONGITUDE: 95 47 W
[TEMPERATURE DATA] [PRECIPITATION DATA] SYMBOLS USED IN COLUMN 16
AVERAGE MONTHLY: 79.4 TOTAL FOR MONTH: 4.35 1 = FOG OR MIST
DPTR FM NORMAL: 1.2 DPTR FM NORMAL: -0.11 2 = FOG REDUCING VISIBILITY
HIGHEST: 98 ON 25,24 GRTST 24HR 2.04 ON 8- 8 TO 1/4 MILE OR LESS
LOWEST: 56 ON 29 3 = THUNDER
SNOW, ICE PELLETS, HAIL 4 = ICE PELLETS
TOTAL MONTH: 0.0 INCH 5 = HAIL
GRTST 24HR 0.0 6 = FREEZING RAIN OR DRIZZLE
GRTST DEPTH: M ON M 7 = DUSTSTORM OR SANDSTORM:
VSBY 1/2 MILE OR LESS
8 = SMOKE OR HAZE
[NO. OF DAYS WITH] [WEATHER - DAYS WITH] 9 = BLOWING SNOW
X = TORNADO
MAX 32 OR BELOW: 0 0.01 INCH OR MORE: 7
MAX 90 OR ABOVE: 18 0.10 INCH OR MORE: 6
MIN 32 OR BELOW: 0 0.50 INCH OR MORE: 4
MIN 0 OR BELOW: 0 1.00 INCH OR MORE: 1
[HDD (BASE 65) ]
TOTAL THIS MO. 0 CLEAR (SCALE 0-3) 23
DPTR FM NORMAL 0 PTCLDY (SCALE 4-7) 7
TOTAL FM JUL 1 2744 CLOUDY (SCALE 8-10) 0
DPTR FM NORMAL -334
[CDD (BASE 65) ]
TOTAL THIS MO. 438
DPTR FM NORMAL 42 [PRESSURE DATA]
TOTAL FM JAN 1 791 HIGHEST SLP 30.25 ON 27
DPTR FM NORMAL 127 LOWEST SLP 29.61 ON 6
[REMARKS]
#FINAL-06-22#