000
CXUS55 KBYZ 011000
CF6MLS
PRELIMINARY LOCAL CLIMATOLOGICAL DATA (WS FORM: F-6)
STATION: MILES CITY MT
MONTH: MAY
YEAR: 2022
LATITUDE: 46 25 N
LONGITUDE: 105 53 W
TEMPERATURE IN F: :PCPN: SNOW: WIND :SUNSHINE: SKY :PK WND
================================================================================
1 2 3 4 5 6A 6B 7 8 9 10 11 12 13 14 15 16 17 18
12Z AVG MX 2MIN
DY MAX MIN AVG DEP HDD CDD WTR SNW DPTH SPD SPD DIR MIN PSBL S-S WX SPD DR
================================================================================
1 58 38 48 -2 17 0 0.00 M M 9.2 17 150 M M 6 23 160
2 60 44 52 2 13 0 T M M 14.0 25 130 M M 8 34 130
3 62 43 53 2 12 0 T M M 13.3 28 120 M M 2 34 120
4 69 38 54 3 11 0 0.00 M M 5.3 15 150 M M 2 19 160
5 76 44 60 8 5 0 0.00 M M 10.6 22 150 M M 0 30 140
6 76 52 64 12 1 0 T M M 10.7 26 150 M M 3 35 150
7 68 41 55 3 10 0 0.00 M M 15.0 35 310 M M 2 43 310
8 61 40 51 -2 14 0 0.05 M M 8.1 36 250 M M 4 13 45 250
9 59 39 49 -4 16 0 T M M 14.0 28 250 M M 6 35 300
10 64 35 50 -3 15 0 T M M 9.1 20 290 M M 2 25 250
11 55 48 52 -2 13 0 0.04 M M 10.9 18 60 M M 10 22 90
12 50 45 48 -6 17 0 0.57 M M 14.7 32 320 M M 10 1 38 320
13 63 43 53 -1 12 0 0.14 M M 20.4 43 310 M M 8 1 57 290
14 66 37 52 -3 13 0 0.00 M M 12.5 25 270 M M 1 32 280
15 70 46 58 3 7 0 0.00 M M 9.6 21 270 M M 2 30 290
16 77 48 63 7 2 0 0.00 M M 9.1 21 250 M M 1 27 250
17 75 51 63 7 2 0 0.00 M M 10.1 22 300 M M 2 27 340
18 69 46 58 2 7 0 T M M 10.9 23 320 M M 4 8 28 330
19 60 37 49 -8 16 0 0.24 M M 24.7 43 300 M M 6 1 54 290
20 47 32 40 -17 25 0 0.01 M M 19.9 35 320 M M 8 1 43 320
21 50 32 41 -16 24 0 T M M 9.8 23 350 M M 6 29 320
22 61 28 45 -13 20 0 0.02 M M 8.4 24 280 M M 2 3 31 280
23 66 41 54 -4 11 0 0.01 M M 5.6 30 20 M M 2 34 20
24 70 39 55 -3 10 0 0.00 M M 6.5 15 140 M M 3 18 140
25 72 44 58 -1 7 0 0.00 M M 9.2 22 250 M M 3 8 29 280
26 78 50 64 5 1 0 0.00 M M 9.3 23 280 M M 2 29 300
27 77 56 67 8 0 2 0.15 M M 8.9 29 300 M M 3 3 35 290
28 66 53 60 0 5 0 0.11 M M 8.1 18 10 M M 7 13 23 360
29 70 51 61 1 4 0 0.10 M M 6.0 18 10 M M 8 13 23 30
30 60 51 56 -4 9 0 0.01 M M 15.7 28 10 M M 8 18 34 10
31 65 42 54 -7 11 0 0.00 M M 16.0 32 340 M M 3 38 340
================================================================================
SM 2020 1334 330 2 1.45 M 355.6 M 134
================================================================================
AV 65.2 43.0 11.5 FASTST M M 4 MAX(MPH)
MISC ----> # 43 310 57 290
================================================================================
NOTES:
# LAST OF SEVERAL OCCURRENCES
COLUMN 17 PEAK WIND IN M.P.H.
PRELIMINARY LOCAL CLIMATOLOGICAL DATA (WS FORM: F-6) , PAGE 2
STATION: MILES CITY MT
MONTH: MAY
YEAR: 2022
LATITUDE: 46 25 N
LONGITUDE: 105 53 W
[TEMPERATURE DATA] [PRECIPITATION DATA] SYMBOLS USED IN COLUMN 16
AVERAGE MONTHLY: 54.1 TOTAL FOR MONTH: 1.45 1 = FOG OR MIST
DPTR FM NORMAL: -1.4 DPTR FM NORMAL: -1.28 2 = FOG REDUCING VISIBILITY
HIGHEST: 78 ON 26 GRTST 24HR 0.66 ON 12-13 TO 1/4 MILE OR LESS
LOWEST: 28 ON 22 3 = THUNDER
SNOW, ICE PELLETS, HAIL 4 = ICE PELLETS
TOTAL MONTH: M 5 = HAIL
GRTST 24HR M ON M 6 = FREEZING RAIN OR DRIZZLE
GRTST DEPTH: M ON M 7 = DUSTSTORM OR SANDSTORM:
VSBY 1/2 MILE OR LESS
8 = SMOKE OR HAZE
[NO. OF DAYS WITH] [WEATHER - DAYS WITH] 9 = BLOWING SNOW
X = TORNADO
MAX 32 OR BELOW: 0 0.01 INCH OR MORE: 12
MAX 90 OR ABOVE: 0 0.10 INCH OR MORE: 6
MIN 32 OR BELOW: 3 0.50 INCH OR MORE: 1
MIN 0 OR BELOW: 0 1.00 INCH OR MORE: 0
[HDD (BASE 65) ]
TOTAL THIS MO. 330 CLEAR (SCALE 0-3) 15
DPTR FM NORMAL 20 PTCLDY (SCALE 4-7) 12
TOTAL FM JUL 1 7322 CLOUDY (SCALE 8-10) 4
DPTR FM NORMAL -163
[CDD (BASE 65) ]
TOTAL THIS MO. 2
DPTR FM NORMAL -13 [PRESSURE DATA]
TOTAL FM JAN 1 2 HIGHEST SLP 30.39 ON 21
DPTR FM NORMAL -14 LOWEST SLP 29.34 ON 7
[REMARKS]
#FINAL-05-22#