000
CXUS51 KCAR 010600
CF6MLT
PRELIMINARY LOCAL CLIMATOLOGICAL DATA (WS FORM: F-6)
STATION: MILLINOCKET ME
MONTH: AUGUST
YEAR: 2021
LATITUDE: 45 39 N
LONGITUDE: 68 41 W
TEMPERATURE IN F: :PCPN: SNOW: WIND :SUNSHINE: SKY :PK WND
================================================================================
1 2 3 4 5 6A 6B 7 8 9 10 11 12 13 14 15 16 17 18
12Z AVG MX 2MIN
DY MAX MIN AVG DEP HDD CDD WTR SNW DPTH SPD SPD DIR MIN PSBL S-S WX SPD DR
================================================================================
1 76 47 62 -6 3 0 0.00 M M 1.7 8 310 M M 4 14 260
2 68 53 61 -7 4 0 0.25 M M 3.5 9 310 M M 7 1 13 260
3 80 49 65 -3 0 0 0.00 M M 2.9 13 250 M M 1 19 230
4 81 57 69 1 0 4 0.00 M M 1.2 7 180 M M 1 11 180
5 71 62 67 -1 0 2 0.11 M M 2.3 9 100 M M 8 18 13 100
6 86 63 75 7 0 10 T M M 2.2 9 270 M M 4 12 14 230
7 87 62 75 7 0 10 0.27 M M 2.1 14 300 M M 3 1 20 290
8 79 65 72 4 0 7 0.00 M M 4.6 13 40 M M 6 1 17 50
9 79 63 71 3 0 6 0.01 M M 2.4 8 150 M M 7 16 120
10 79 63 71 4 0 6 0.00 M M 2.8 9 130 M M 6 1 13 130
11 74 66 70 3 0 5 0.00 M M 3.3 7 160 M M 10 1 12 160
12 89 68 79 12 0 14 0.00 M M 2.9 9 170 M M 5 1 15 160
13 92 68 80 13 0 15 0.00 M M 3.3 10 300 M M 0 14 310
14 82 64 73 6 0 8 0.33 M M 3.1 21 320 M M 2 18 26 270
15 75 53 64 -3 1 0 0.00 M M 5.8 18 310 M M 0 25 320
16 80 49 65 -2 0 0 0.00 M M 2.4 10 310 M M 0 13 310
17 84 53 69 2 0 4 0.00 M M 1.7 9 230 M M 0 15 210
18 82 65 74 8 0 9 T M M 1.0 8 260 M M 6 12 250
19 84 65 75 9 0 10 0.00 M M 2.2 10 320 M M 1 14 290
20 91 69 80 14 0 15 T M M 2.5 9 30 M M 1 15 10
21 85 66 76 10 0 11 0.00 M M 3.6 10 80 M M 6 17 360
22 81 66 74 8 0 9 T M M 4.0 13 110 M M 9 12 17 100
23 78 66 72 6 0 7 1.15 M M 4.4 10 100 M M 10 1 14 90
24 87 67 77 11 0 12 0.57 M M 2.6 9 260 M M 7 1 13 240
25 89 64 77 12 0 12 0.00 M M 1.4 8 250 M M 0 1 10 240
26 91 65 78 13 0 13 0.02 M M 1.8 9 230 M M 1 1 18 170
27 74 51 63 -2 2 0 0.00 M M 5.9 17 310 M M 2 26 310
28 70 45 58 -7 7 0 0.00 M M 1.2 8 70 M M 0 11 50
29 66 56 61 -3 4 0 0.00 M M 3.6 10 180 M M 8 19 170
30 75 60 68 4 0 3 0.06 M M 2.3 9 220 M M 7 1 19 210
31 83 57 70 6 0 5 0.00 M M 3.4 13 260 M M 1 18 19 270
================================================================================
SM 2498 1867 21 197 2.77 M 88.1 M 123
================================================================================
AV 80.6 60.2 2.8 FASTST M M 4 MAX(MPH)
MISC ----> 21 320 # 26 270
================================================================================
NOTES:
# LAST OF SEVERAL OCCURRENCES
COLUMN 17 PEAK WIND IN M.P.H.
PRELIMINARY LOCAL CLIMATOLOGICAL DATA (WS FORM: F-6) , PAGE 2
STATION: MILLINOCKET ME
MONTH: AUGUST
YEAR: 2021
LATITUDE: 45 39 N
LONGITUDE: 68 41 W
[TEMPERATURE DATA] [PRECIPITATION DATA] SYMBOLS USED IN COLUMN 16
AVERAGE MONTHLY: 70.4 TOTAL FOR MONTH: 2.77 1 = FOG OR MIST
DPTR FM NORMAL: 3.9 DPTR FM NORMAL: -1.03 2 = FOG REDUCING VISIBILITY
HIGHEST: 92 ON 13 GRTST 24HR 1.71 ON 23-24 TO 1/4 MILE OR LESS
LOWEST: 45 ON 28 3 = THUNDER
SNOW, ICE PELLETS, HAIL 4 = ICE PELLETS
TOTAL MONTH: M 5 = HAIL
GRTST 24HR M ON M 6 = FREEZING RAIN OR DRIZZLE
GRTST DEPTH: M ON M 7 = DUSTSTORM OR SANDSTORM:
VSBY 1/2 MILE OR LESS
8 = SMOKE OR HAZE
[NO. OF DAYS WITH] [WEATHER - DAYS WITH] 9 = BLOWING SNOW
X = TORNADO
MAX 32 OR BELOW: 0 0.01 INCH OR MORE: 9
MAX 90 OR ABOVE: 3 0.10 INCH OR MORE: 6
MIN 32 OR BELOW: 0 0.50 INCH OR MORE: 2
MIN 0 OR BELOW: 0 1.00 INCH OR MORE: 1
[HDD (BASE 65) ]
TOTAL THIS MO. 21 CLEAR (SCALE 0-3) 14
DPTR FM NORMAL -23 PTCLDY (SCALE 4-7) 14
TOTAL FM JUL 1 77 CLOUDY (SCALE 8-10) 3
DPTR FM NORMAL 5
[CDD (BASE 65) ]
TOTAL THIS MO. 197
DPTR FM NORMAL 107 [PRESSURE DATA]
TOTAL FM JAN 1 410 HIGHEST SLP M ON M
DPTR FM NORMAL 142 LOWEST SLP 29.61 ON 31
[REMARKS]
#FINAL-08-21#