000
CXUS56 KPQR 021107
CF6MMV
PRELIMINARY LOCAL CLIMATOLOGICAL DATA (WS FORM: F-6)
STATION: MCMINNVILLE OR
MONTH: JUNE
YEAR: 2021
LATITUDE: 45 11 N
LONGITUDE: 123 8 W
TEMPERATURE IN F: :PCPN: SNOW: WIND :SUNSHINE: SKY :PK WND
================================================================================
1 2 3 4 5 6A 6B 7 8 9 10 11 12 13 14 15 16 17 18
12Z AVG MX 2MIN
DY MAX MIN AVG DEP HDD CDD WTR SNW DPTH SPD SPD DIR MIN PSBL S-S WX SPD DR
================================================================================
1 97 54 76 17 0 11 0.00 M M 3.8 13 220 M M 0 8 17 230
2 90 57 74 15 0 9 0.00 M M 5.9 15 220 M M 0 8 19 230
3 84 53 69 10 0 4 0.00 M M 5.2 16 220 M M 1 19 220
4 79 48 64 5 1 0 0.00 M M 5.1 16 250 M M 1 20 250
5 66 45 56 -3 9 0 T M M 10.5 22 260 M M 6 29 250
6 65 42 54 -5 11 0 0.05 M M 7.3 22 220 M M 6 1 26 230
7 65 44 55 -4 10 0 0.01 M M 5.0 18 220 M M 5 23 220
8 65 44 55 -5 10 0 T M M 5.8 17 250 M M 8 23 240
9 68 38 53 -7 12 0 0.23 M M 4.2 17 220 M M 2 23 320
10 66 41 54 -6 11 0 T M M 4.2 17 210 M M 7 24 200
11 66 50 58 -2 7 0 0.20 M M 4.1 15 240 M M 9 1 19 200
12 75 45 60 0 5 0 0.45 M M 3.8 18 250 M M 6 1 24 250
13 66 59 63 3 2 0 0.63 M M 4.7 12 240 M M 10 1 15 150
14 73 54 64 4 1 0 0.07 M M 5.3 16 260 M M 7 1 21 250
15 69 47 58 -3 7 0 0.01 M M 5.8 18 250 M M 3 23 270
16 80 44 62 1 3 0 0.00 M M 6.3 14 10 M M 0 1 17 20
17 85 48 67 6 0 2 0.00 M M 5.5 14 10 M M 0 1 17 20
18 81 47 64 3 1 0 0.00 M M 5.1 17 20 M M 0 20 10
19 85 48 67 5 0 2 0.00 M M 4.3 15 10 M M 0 19 50
20 92 54 73 11 0 8 0.00 M M 7.6 14 350 M M 0 20 340
21 92 59 76 14 0 11 0.00 M M 6.4 15 220 M M 0 20 220
22 88 55 72 10 0 7 0.00 M M 6.7 16 210 M M 0 21 210
23 84 54 69 7 0 4 0.00 M M 6.3 20 220 M M 2 25 220
24 91 52 72 9 0 7 0.00 M M 3.8 8 220 M M 0 10 220
25 94 58 76 13 0 11 0.00 M M 4.6 12 20 M M 0 16 30
26 104 65 85 22 0 20 0.00 M M 3.6 12 310 M M 0 14 320
27 111 68 90 27 0 25 0.00 M M 6.2 15 330 M M 0 19 360
28 114 65 90 26 0 25 0.00 M M 13.0 26 220 M M 0 34 230
29 89 59 74 10 0 9 0.00 M M 7.0 18 230 M M 0 23 230
30 74 59 67 3 0 2 0.00 M M 7.8 18 250 M M 7 21 250
================================================================================
SM 2458 1556 90 157 1.65 M 174.9 M 80
================================================================================
AV 81.9 51.9 5.8 FASTST M M 3 MAX(MPH)
MISC ----> 26 220 34 230
================================================================================
NOTES:
# LAST OF SEVERAL OCCURRENCES
COLUMN 17 PEAK WIND IN M.P.H.
PRELIMINARY LOCAL CLIMATOLOGICAL DATA (WS FORM: F-6) , PAGE 2
STATION: MCMINNVILLE OR
MONTH: JUNE
YEAR: 2021
LATITUDE: 45 11 N
LONGITUDE: 123 8 W
[TEMPERATURE DATA] [PRECIPITATION DATA] SYMBOLS USED IN COLUMN 16
AVERAGE MONTHLY: 66.9 TOTAL FOR MONTH: 1.65 1 = FOG OR MIST
DPTR FM NORMAL: 5.9 DPTR FM NORMAL: 0.33 2 = FOG REDUCING VISIBILITY
HIGHEST: 114 ON 28 GRTST 24HR 1.06 ON 12-13 TO 1/4 MILE OR LESS
LOWEST: 38 ON 9 3 = THUNDER
SNOW, ICE PELLETS, HAIL 4 = ICE PELLETS
TOTAL MONTH: M 5 = HAIL
GRTST 24HR M ON M 6 = FREEZING RAIN OR DRIZZLE
GRTST DEPTH: M ON M 7 = DUSTSTORM OR SANDSTORM:
VSBY 1/2 MILE OR LESS
8 = SMOKE OR HAZE
[NO. OF DAYS WITH] [WEATHER - DAYS WITH] 9 = BLOWING SNOW
X = TORNADO
MAX 32 OR BELOW: 0 0.01 INCH OR MORE: 8
MAX 90 OR ABOVE: 9 0.10 INCH OR MORE: 4
MIN 32 OR BELOW: 0 0.50 INCH OR MORE: 1
MIN 0 OR BELOW: 0 1.00 INCH OR MORE: 0
[HDD (BASE 65) ]
TOTAL THIS MO. 90 CLEAR (SCALE 0-3) 20
DPTR FM NORMAL -55 PTCLDY (SCALE 4-7) 8
TOTAL FM JUL 1 4274 CLOUDY (SCALE 8-10) 2
DPTR FM NORMAL -419
[CDD (BASE 65) ]
TOTAL THIS MO. 157
DPTR FM NORMAL 132 [PRESSURE DATA]
TOTAL FM JAN 1 163 HIGHEST SLP 30.36 ON 15
DPTR FM NORMAL 129 LOWEST SLP 29.55 ON 28
[REMARKS]
#FINAL-06-21#