000
CXUS56 KPQR 011200
CF6MMV
PRELIMINARY LOCAL CLIMATOLOGICAL DATA (WS FORM: F-6)
STATION: MCMINNVILLE OR
MONTH: OCTOBER
YEAR: 2020
LATITUDE: 45 11 N
LONGITUDE: 123 8 W
TEMPERATURE IN F: :PCPN: SNOW: WIND :SUNSHINE: SKY :PK WND
================================================================================
1 2 3 4 5 6A 6B 7 8 9 10 11 12 13 14 15 16 17 18
12Z AVG MX 2MIN
DY MAX MIN AVG DEP HDD CDD WTR SNW DPTH SPD SPD DIR MIN PSBL S-S WX SPD DR
================================================================================
1 76 49 63 6 2 0 0.00 M M 2.2 6 120 M M 2 12 8 130
2 80 49 65 9 0 0 0.00 M M 2.6 10 250 M M 5 128 13 220
3 78 51 65 9 0 0 0.00 M M 1.4 6 290 M M 4 128 10 50
4 68 49 59 3 6 0 0.00 M M 2.4 8 80 M M 5 12 16 170
5 77 50 64 9 1 0 0.00 M M 3.7 12 360 M M 4 12 15 350
6 79 44 62 7 3 0 0.00 M M 1.7 8 150 M M 1 12 11 130
7 73 47 60 5 5 0 0.00 M M 2.4 13 220 M M 4 12 16 230
8 68 51 60 6 5 0 0.00 M M 3.2 9 80 M M 8 1 19 90
9 71 53 62 8 3 0 0.04 M M 5.8 15 160 M M 6 1 18 170
10 64 51 58 4 7 0 0.62 M M 9.3 23 260 M M 6 1 29 260
11 61 48 55 2 10 0 0.49 M M 11.9 28 190 M M 8 1 35 180
12 66 55 61 8 4 0 0.02 M M 4.6 17 220 M M 8 1 23 230
13 65 50 58 6 7 0 0.27 M M 11.8 24 190 M M 7 1 33 180
14 65 41 53 1 12 0 T M M 2.0 8 350 M M 4 12 10 340
15 66 37 52 0 13 0 0.00 M M 3.2 12 360 M M 0 1 16 330
16 73 38 56 4 9 0 0.00 M M 5.6 16 280 M M 2 18 23 270
17 68 48 58 7 7 0 T M M 2.8 14 200 M M 5 12 16 190
18 71 53 62 11 3 0 0.00 M M 8.7 21 230 M M 6 26 170
19 66 47 57 6 8 0 0.00 M M 4.9 12 300 M M 4 1 15 320
20 65 42 54 4 11 0 0.00 M M 2.1 8 360 M M 7 1 11 30
21 60 36 48 -2 17 0 0.03 M M 4.4 17 330 M M 4 18 24 330
22 58 30 44 -6 21 0 0.00 M M 4.0 12 350 M M 0 12 16 20
23 57 31 44 -6 21 0 0.00 M M 5.7 16 180 M M 6 1 19 220
24 57 41 49 0 16 0 0.00 M M 11.4 21 50 M M 6 26 50
25 49 35 42 -7 23 0 0.00 M M 13.1 21 30 M M 0 27 30
26 56 25 41 -8 24 0 0.00 M M 1.7 8 340 M M 1 10 350
27 60 27 44 -5 21 0 0.00 M M 1.2 7 100 M M 0 12 9 70
28 67 33 50 1 15 0 0.00 M M 0.9 6 350 M M 2 12 7 140
29 62 38 50 2 15 0 0.00 M M 1.7 6 260 M M 6 12 10 150
30 63 36 50 2 15 0 0.01 M M 3.8 12 190 M M 6 12 14 200
31 63 30 47 -1 18 0 0.00 M M 5.3 12 360 M M 0 1 15 330
================================================================================
SM 2052 1315 322 0 1.48 M 145.5 M 127
================================================================================
AV 66.2 42.4 4.7 FASTST M M 4 MAX(MPH)
MISC ----> # 28 190 # 35 180
================================================================================
NOTES:
# LAST OF SEVERAL OCCURRENCES
COLUMN 17 PEAK WIND IN M.P.H.
PRELIMINARY LOCAL CLIMATOLOGICAL DATA (WS FORM: F-6) , PAGE 2
STATION: MCMINNVILLE OR
MONTH: OCTOBER
YEAR: 2020
LATITUDE: 45 11 N
LONGITUDE: 123 8 W
[TEMPERATURE DATA] [PRECIPITATION DATA] SYMBOLS USED IN COLUMN 16
AVERAGE MONTHLY: 54.3 TOTAL FOR MONTH: 1.48 1 = FOG OR MIST
DPTR FM NORMAL: 2.4 DPTR FM NORMAL: -1.67 2 = FOG REDUCING VISIBILITY
HIGHEST: 80 ON 2 GRTST 24HR 0.62 ON 10-10 TO 1/4 MILE OR LESS
LOWEST: 25 ON 26 3 = THUNDER
SNOW, ICE PELLETS, HAIL 4 = ICE PELLETS
TOTAL MONTH: M 5 = HAIL
GRTST 24HR M ON M 6 = FREEZING RAIN OR DRIZZLE
GRTST DEPTH: M ON M 7 = DUSTSTORM OR SANDSTORM:
VSBY 1/2 MILE OR LESS
8 = SMOKE OR HAZE
[NO. OF DAYS WITH] [WEATHER - DAYS WITH] 9 = BLOWING SNOW
X = TORNADO
MAX 32 OR BELOW: 0 0.01 INCH OR MORE: 7
MAX 90 OR ABOVE: 0 0.10 INCH OR MORE: 3
MIN 32 OR BELOW: 5 0.50 INCH OR MORE: 1
MIN 0 OR BELOW: 0 1.00 INCH OR MORE: 0
[HDD (BASE 65) ]
TOTAL THIS MO. 322 CLEAR (SCALE 0-3) 10
DPTR FM NORMAL -85 PTCLDY (SCALE 4-7) 20
TOTAL FM JUL 1 430 CLOUDY (SCALE 8-10) 1
DPTR FM NORMAL -193
[CDD (BASE 65) ]
TOTAL THIS MO. 0
DPTR FM NORMAL -1 [PRESSURE DATA]
TOTAL FM JAN 1 343 HIGHEST SLP 30.57 ON 15
DPTR FM NORMAL 128 LOWEST SLP 29.66 ON 10
[REMARKS]
#FINAL-10-20#