000
CXUS55 KBOU 010900
CF6MNH
PRELIMINARY LOCAL CLIMATOLOGICAL DATA (WS FORM: F-6)
STATION: ELBERT 6W CO
MONTH: APRIL
YEAR: 2022
LATITUDE: 39 13 N
LONGITUDE: 104 38 W
TEMPERATURE IN F: :PCPN: SNOW: WIND :SUNSHINE: SKY :PK WND
================================================================================
1 2 3 4 5 6A 6B 7 8 9 10 11 12 13 14 15 16 17 18
12Z AVG MX 2MIN
DY MAX MIN AVG DEP HDD CDD WTR SNW DPTH SPD SPD DIR MIN PSBL S-S WX SPD DR
================================================================================
1 48 30 39 M 26 0 M M M 9.2 17 360 M M 3 24 20
2 63 27 45 M 20 0 M M M 9.2 15 170 M M 1 23 280
3 43 32 38 M 27 0 M M M 9.0 16 190 M M 6 21 190
4 55 32 44 M 21 0 M M M 14.5 23 180 M M 2 30 180
5 55 27 41 M 24 0 M M M 16.5 36 310 M M 3 41 310
6 37 21 29 M 36 0 M M M 19.5 36 300 M M 0 46 300
7 43 18 31 M 34 0 M M M 12.8 22 350 M M 0 38 350
8 59 18 39 M 26 0 M M M 6.9 12 190 M M 0 18 330
9 70 36 53 M 12 0 M M M 11.9 25 230 M M 0 30 240
10 54 32 43 M 22 0 M M M 10.4 22 250 M M 3 2 39 270
11 55 27 41 M 24 0 M M M 21.4 30 180 M M 0 39 170
12 54 21 38 M 27 0 M M M 17.8 30 240 M M 0 43 200
13 34 12 23 M 42 0 M M M 7.8 25 310 M M 1 37 310
14 54 14 34 M 31 0 M M M 11.1 30 250 M M 0 37 260
15 59 27 43 M 22 0 M M M 12.8 24 260 M M 0 32 260
16 46 23 35 M 30 0 M M M 23.2 37 170 M M 0 48 160
17 63 30 47 M 18 0 M M M 11.0 16 330 M M 0 32 340
18 50 19 35 M 30 0 M M M 13.7 23 160 M M 0 30 170
19 73 34 54 M 11 0 M M M M M M M M M M M
20 68 43 56 M 9 0 M M M 11.7 20 180 M M 0 29 180
21 68 39 54 M 11 0 M M M 20.8 29 160 M M 0 38 150
22 75 39 57 M 8 0 M M M 19.6 39 180 M M 2 8 50 180
23 52 28 40 M 25 0 M M M 12.8 22 340 M M 0 39 290
24 43 25 34 M 31 0 M M M 5.3 14 10 M M 2 24 0
25 46 27 37 M 28 0 M M M 5.9 12 170 M M 1 20 170
26 64 28 46 M 19 0 M M M 10.4 20 170 M M 0 24 170
27 68 37 53 M 12 0 M M M 8.5 21 310 M M 0 29 270
28 70 39 55 M 10 0 M M M 9.2 15 160 M M 0 24 140
29 59 32 46 M 19 0 M M M 14.9 37 280 M M 0 46 280
30 55 28 42 M 23 0 M M M 8.3 16 130 M M 0 22 70
================================================================================
SM 1683 845 678 0 M M 366.1 M 24
================================================================================
AV 56.1 28.2 12.6 FASTST M M 1 MAX(MPH)
MISC ----> 39 180 50 180
================================================================================
NOTES:
# LAST OF SEVERAL OCCURRENCES
COLUMN 17 PEAK WIND IN M.P.H.
PRELIMINARY LOCAL CLIMATOLOGICAL DATA (WS FORM: F-6) , PAGE 2
STATION: ELBERT 6W CO
MONTH: APRIL
YEAR: 2022
LATITUDE: 39 13 N
LONGITUDE: 104 38 W
[TEMPERATURE DATA] [PRECIPITATION DATA] SYMBOLS USED IN COLUMN 16
AVERAGE MONTHLY: 42.1 TOTAL FOR MONTH: M 1 = FOG OR MIST
DPTR FM NORMAL: 0.0 DPTR FM NORMAL: M 2 = FOG REDUCING VISIBILITY
HIGHEST: 75 ON 22 GRTST 24HR M ON M TO 1/4 MILE OR LESS
LOWEST: 12 ON 13 3 = THUNDER
SNOW, ICE PELLETS, HAIL 4 = ICE PELLETS
TOTAL MONTH: M 5 = HAIL
GRTST 24HR M ON M 6 = FREEZING RAIN OR DRIZZLE
GRTST DEPTH: M ON M 7 = DUSTSTORM OR SANDSTORM:
VSBY 1/2 MILE OR LESS
8 = SMOKE OR HAZE
[NO. OF DAYS WITH] [WEATHER - DAYS WITH] 9 = BLOWING SNOW
X = TORNADO
MAX 32 OR BELOW: 0 0.01 INCH OR MORE: 0
MAX 90 OR ABOVE: 0 0.10 INCH OR MORE: 0
MIN 32 OR BELOW: 23 0.50 INCH OR MORE: 0
MIN 0 OR BELOW: 0 1.00 INCH OR MORE: 0
[HDD (BASE 65) ]
TOTAL THIS MO. 678 CLEAR (SCALE 0-3) 28
DPTR FM NORMAL M PTCLDY (SCALE 4-7) 1
TOTAL FM JUL 1 6273 CLOUDY (SCALE 8-10) 1
DPTR FM NORMAL M
[CDD (BASE 65) ]
TOTAL THIS MO. 0
DPTR FM NORMAL M [PRESSURE DATA]
TOTAL FM JAN 1 0 HIGHEST SLP M ON M
DPTR FM NORMAL M LOWEST SLP M ON M
[REMARKS]
#FINAL-04-22#