000
CXUS56 KSTO 051815
CF6MOD
PRELIMINARY LOCAL CLIMATOLOGICAL DATA (WS FORM: F-6)
STATION: MODESTO CA
MONTH: SEPTEMBER
YEAR: 2020
LATITUDE: 37 37 N
LONGITUDE: 120 57 W
TEMPERATURE IN F: :PCPN: SNOW: WIND :SUNSHINE: SKY :PK WND
================================================================================
1 2 3 4 5 6A 6B 7 8 9 10 11 12 13 14 15 16 17 18
12Z AVG MX 2MIN
DY MAX MIN AVG DEP HDD CDD WTR SNW DPTH SPD SPD DIR MIN PSBL S-S WX SPD DR
================================================================================
1 88 64 76 0 0 11 0.00 0.0 0 6.6 15 330 M M 0 8 17 350
2 87 59 73 -3 0 8 0.00 0.0 0 8.8 14 320 M M 0 8 17 330
3 92 59 76 0 0 11 0.00 0.0 0 8.5 15 320 M M 0 18 19 320
4 95 63 79 3 0 14 0.00 0.0 0 7.0 17 330 M M 0 21 320
5 101 62 82 6 0 17 0.00 0.0 0 3.1 9 330 M M 0 12 340
6 106 74 90 14 0 25 0.00 0.0 0 7.1 14 320 M M 0 8 17 330
7 107 74 91 15 0 26 0.00 0.0 0 4.9 14 350 M M 0 8 18 320
8 96 68 82 6 0 17 0.00 0.0 0 12.5 26 320 M M 6 8 35 300
9 88 60 74 -1 0 9 0.00 0.0 0 5.0 14 330 M M 10 8 17 330
10 80 62 71 -4 0 6 0.00 0.0 0 6.3 12 300 M M 10 8 14 320
11 88 61 75 0 0 10 0.00 0.0 0 3.5 8 290 M M 10 8 11 330
12 90 58 74 -1 0 9 0.00 0.0 0 1.3 7 320 M M 10 18 12 90
13 89 59 74 -1 0 9 0.00 0.0 0 3.5 12 270 M M 10 8 13 260
14 86 59 73 -2 0 8 0.00 0.0 0 6.7 13 320 M M 10 8 15 320
15 87 61 74 0 0 9 0.00 0.0 0 6.4 12 330 M M 2 8 14 290
16 90 61 76 2 0 11 0.00 0.0 0 6.9 12 320 M M 0 8 19 310
17 89 62 76 2 0 11 0.00 0.0 0 5.1 15 320 M M 0 18 340
18 85 64 75 1 0 10 0.00 0.0 0 10.1 21 290 M M 1 24 300
19 85 60 73 -1 0 8 0.00 0.0 0 8.9 17 320 M M 0 23 320
20 92 58 75 2 0 10 0.00 0.0 0 2.3 10 320 M M 0 8 14 310
21 94 57 76 3 0 11 0.00 0.0 0 4.1 14 330 M M 0 8 17 330
22 91 59 75 2 0 10 0.00 0.0 0 8.4 18 300 M M 0 8 22 300
23 91 61 76 3 0 11 0.00 0.0 0 8.0 17 320 M M 0 21 310
24 90 62 76 4 0 11 0.00 0.0 0 10.4 22 300 M M 0 33 300
25 84 57 71 -1 0 6 0.00 0.0 0 8.1 16 320 M M 0 21 320
26 90 61 76 4 0 11 0.00 0.0 0 11.4 23 310 M M 0 28 300
27 90 69 80 8 0 15 0.00 0.0 0 7.4 14 310 M M 0 M M
28 95 64 80 9 0 15 0.00 0.0 0 4.3 14 310 M M 1 16 310
29 98 62 80 9 0 15 0.00 0.0 0 4.3 10 330 M M 2 13 310
30 97 64 81 10 0 16 0.00 0.0 0 8.2 17 320 M M 1 8 20 320
================================================================================
SM 2741 1864 0 360 0.00 0.0 199.1 M 73
================================================================================
AV 91.4 62.1 6.6 FASTST M M 2 MAX(MPH)
MISC ----> # 26 320 # 35 300
================================================================================
NOTES:
# LAST OF SEVERAL OCCURRENCES
COLUMN 17 PEAK WIND IN M.P.H.
PRELIMINARY LOCAL CLIMATOLOGICAL DATA (WS FORM: F-6) , PAGE 2
STATION: MODESTO CA
MONTH: SEPTEMBER
YEAR: 2020
LATITUDE: 37 37 N
LONGITUDE: 120 57 W
[TEMPERATURE DATA] [PRECIPITATION DATA] SYMBOLS USED IN COLUMN 16
AVERAGE MONTHLY: 76.8 TOTAL FOR MONTH: 0.00 1 = FOG OR MIST
DPTR FM NORMAL: 2.7 DPTR FM NORMAL: -0.26 2 = FOG REDUCING VISIBILITY
HIGHEST: 107 ON 7 GRTST 24HR 0.00 ON 30-30 TO 1/4 MILE OR LESS
LOWEST: 57 ON 25,21 3 = THUNDER
SNOW, ICE PELLETS, HAIL 4 = ICE PELLETS
TOTAL MONTH: 0.0 INCH 5 = HAIL
GRTST 24HR 0.0 6 = FREEZING RAIN OR DRIZZLE
GRTST DEPTH: 0 7 = DUSTSTORM OR SANDSTORM:
VSBY 1/2 MILE OR LESS
8 = SMOKE OR HAZE
[NO. OF DAYS WITH] [WEATHER - DAYS WITH] 9 = BLOWING SNOW
X = TORNADO
MAX 32 OR BELOW: 0 0.01 INCH OR MORE: 0
MAX 90 OR ABOVE: 18 0.10 INCH OR MORE: 0
MIN 32 OR BELOW: 0 0.50 INCH OR MORE: 0
MIN 0 OR BELOW: 0 1.00 INCH OR MORE: 0
[HDD (BASE 65) ]
TOTAL THIS MO. 0 CLEAR (SCALE 0-3) 23
DPTR FM NORMAL -3 PTCLDY (SCALE 4-7) 1
TOTAL FM JUL 1 0 CLOUDY (SCALE 8-10) 6
DPTR FM NORMAL -3
[CDD (BASE 65) ]
TOTAL THIS MO. 360
DPTR FM NORMAL 84 [PRESSURE DATA]
TOTAL FM JAN 1 1969 HIGHEST SLP M ON M
DPTR FM NORMAL 357 LOWEST SLP 29.56 ON 8
[REMARKS]
#FINAL-09-20#