000
CXUS53 KMPX 010910
CF6MPX
PRELIMINARY LOCAL CLIMATOLOGICAL DATA (WS FORM: F-6)
STATION: CHANHASSEN MN
MONTH: OCTOBER
YEAR: 2021
LATITUDE: 44 50 N
LONGITUDE: 93 34 W
TEMPERATURE IN F: :PCPN: SNOW: WIND :SUNSHINE: SKY :PK WND
================================================================================
1 2 3 4 5 6A 6B 7 8 9 10 11 12 13 14 15 16 17 18
12Z AVG MX 2MIN
DY MAX MIN AVG DEP HDD CDD WTR SNW DPTH SPD SPD DIR MIN PSBL S-S WX SPD DR
================================================================================
1 76 62 69 15 0 4 0.03 0.0 0 M M M M M M M M
2 71 61 66 12 0 1 0.28 0.0 0 M M M M M M M M
3 70 50 60 6 5 0 T 0.0 0 M M M M M M M M
4 72 48 60 7 5 0 0.00 0.0 0 M M M M M M M M
5 74 47 61 8 4 0 0.00 0.0 0 M M M M M M M M
6 73 49 61 9 4 0 0.00 0.0 0 M M M M M M M M
7 70 59 65 13 0 0 T 0.0 0 M M M M M M M M
8 73 61 67 16 0 2 0.00 0.0 0 M M M M M M M M
9 78 58 68 17 0 3 T 0.0 0 M M M M M M M M
10 70 50 60 10 5 0 0.00 0.0 0 M M M M M M M M
11 68 44 56 6 9 0 0.00 0.0 0 M M M M M M M M
12 62 53 58 9 7 0 0.00 0.0 0 M M M M M M M M
13 64 51 58 9 7 0 0.05 0.0 0 M M M M M M M M
14 54 41 48 0 17 0 0.00 0.0 0 M M M M M M M M
15 53 36 45 -3 20 0 T 0.0 0 M M M M M M M M
16 62 37 50 3 15 0 0.00 0.0 0 M M M M M M M M
17 68 33 51 4 14 0 0.00 0.0 0 M M M M M M M M
18 77 40 59 13 6 0 0.00 0.0 0 M M M M M M M M
19 72 47 60 14 5 0 T 0.0 0 M M M M M M M M
20 56 46 51 5 14 0 0.36 0.0 0 M M M M M M M M
21 49 32 41 -4 24 0 T 0.0 0 M M M M M M M M
22 48 31 40 -5 25 0 0.00 0.0 0 M M M M M M M M
23 51 26 39 -5 26 0 0.00 0.0 0 M M M M M M M M
24 47 37 42 -2 23 0 0.00 0.0 0 M M M M M M M M
25 52 34 43 0 22 0 0.00 0.0 0 M M M M M M M M
26 56 36 46 3 19 0 0.00 0.0 0 M M M M M M M M
27 52 45 49 7 16 0 0.30 0.0 0 M M M M M M M M
28 47 44 46 4 19 0 0.47 0.0 0 M M M M M M M M
29 57 35 46 5 19 0 0.00 0.0 0 M M M M M M M M
30 58 31 45 4 20 0 0.00 0.0 0 M M M M M M M M
31 46 34 40 0 25 0 0.00 0.0 0 M M M M M M M M
================================================================================
SM 1926 1358 375 10 1.49 0.0 M M M
================================================================================
AV 62.1 43.8 M FASTST M M M MAX(MPH)
MISC ----> M M M M
================================================================================
NOTES:
# LAST OF SEVERAL OCCURRENCES
COLUMN 17 PEAK WIND IN M.P.H.
PRELIMINARY LOCAL CLIMATOLOGICAL DATA (WS FORM: F-6) , PAGE 2
STATION: CHANHASSEN MN
MONTH: OCTOBER
YEAR: 2021
LATITUDE: 44 50 N
LONGITUDE: 93 34 W
[TEMPERATURE DATA] [PRECIPITATION DATA] SYMBOLS USED IN COLUMN 16
AVERAGE MONTHLY: 53.0 TOTAL FOR MONTH: 1.49 1 = FOG OR MIST
DPTR FM NORMAL: 5.6 DPTR FM NORMAL: -1.17 2 = FOG REDUCING VISIBILITY
HIGHEST: 78 ON 9 GRTST 24HR 0.47 ON 28-28 TO 1/4 MILE OR LESS
LOWEST: 26 ON 23 3 = THUNDER
SNOW, ICE PELLETS, HAIL 4 = ICE PELLETS
TOTAL MONTH: 0.0 INCH 5 = HAIL
GRTST 24HR 0.0 6 = FREEZING RAIN OR DRIZZLE
GRTST DEPTH: 0 7 = DUSTSTORM OR SANDSTORM:
VSBY 1/2 MILE OR LESS
8 = SMOKE OR HAZE
[NO. OF DAYS WITH] [WEATHER - DAYS WITH] 9 = BLOWING SNOW
X = TORNADO
MAX 32 OR BELOW: 0 0.01 INCH OR MORE: 6
MAX 90 OR ABOVE: 0 0.10 INCH OR MORE: 4
MIN 32 OR BELOW: 4 0.50 INCH OR MORE: 0
MIN 0 OR BELOW: 0 1.00 INCH OR MORE: 0
[HDD (BASE 65) ]
TOTAL THIS MO. 375 CLEAR (SCALE 0-3) 0
DPTR FM NORMAL -174 PTCLDY (SCALE 4-7) 0
TOTAL FM JUL 1 477 CLOUDY (SCALE 8-10) 31
DPTR FM NORMAL -264
[CDD (BASE 65) ]
TOTAL THIS MO. 10
DPTR FM NORMAL 5 [PRESSURE DATA]
TOTAL FM JAN 1 811 HIGHEST SLP M ON M
DPTR FM NORMAL 228 LOWEST SLP M ON M
[REMARKS]
#FINAL-10-21#