000
CXUS53 KMPX 021532
CF6MPX
PRELIMINARY LOCAL CLIMATOLOGICAL DATA (WS FORM: F-6)
STATION: CHANHASSEN MN
MONTH: AUGUST
YEAR: 2020
LATITUDE: 44 50 N
LONGITUDE: 93 34 W
TEMPERATURE IN F: :PCPN: SNOW: WIND :SUNSHINE: SKY :PK WND
================================================================================
1 2 3 4 5 6A 6B 7 8 9 10 11 12 13 14 15 16 17 18
12Z AVG MX 2MIN
DY MAX MIN AVG DEP HDD CDD WTR SNW DPTH SPD SPD DIR MIN PSBL S-S WX SPD DR
================================================================================
1 80 57 69 -3 0 4 T 0.0 0 M M M M M M M M
2 73 54 64 -8 1 0 T 0.0 0 M M M M M M M M
3 73 52 63 -9 2 0 0.00 0.0 0 M M M M M M M M
4 76 48 62 -9 3 0 0.00 0.0 0 M M M M M M M M
5 76 52 64 -7 1 0 0.00 0.0 0 M M M M M M M M
6 78 58 68 -3 0 3 0.00 0.0 0 M M M M M M M M
7 80 64 72 1 0 7 T 0.0 0 M M M M M M M M
8 79 65 72 1 0 7 0.06 0.0 0 M M M M M M M M
9 85 65 75 4 0 10 2.70 T 0 M M M M M M M M
10 77 56 67 -4 0 2 2.83 0.0 0 M M M M M M M M
11 82 56 69 -2 0 4 0.00 0.0 0 M M M M M M M M
12 76 59 68 -3 0 3 0.60 0.0 0 M M M M M M M M
13 86 67 77 6 0 12 0.00 0.0 0 M M M M M M M M
14 83 62 73 2 0 8 0.46 0.0 0 M M M M M M M M
15 75 55 65 -5 0 0 0.00 0.0 0 M M M M M M M M
16 81 62 72 2 0 7 0.00 0.0 0 M M M M M M M M
17 75 56 66 -4 0 1 0.00 0.0 0 M M M M M M M M
18 78 54 66 -4 0 1 0.00 0.0 0 M M M M M M M M
19 81 58 70 0 0 5 0.00 0.0 0 M M M M M M M M
20 82 58 70 0 0 5 0.00 0.0 0 M M M M M M M M
21 85 66 76 6 0 11 0.35 0.0 0 M M M M M M M M
22 84 63 74 5 0 9 0.03 0.0 0 M M M M M M M M
23 87 66 77 8 0 12 0.00 0.0 0 M M M M M M M M
24 85 67 76 7 0 11 0.06 0.0 0 M M M M M M M M
25 88 70 79 10 0 14 0.00 0.0 0 M M M M M M M M
26 89 71 80 12 0 15 0.02 0.0 0 M M M M M M M M
27 86 70 78 10 0 13 0.00 0.0 0 M M M M M M M M
28 80 63 72 4 0 7 0.49 0.0 0 M M M M M M M M
29 74 56 65 -3 0 0 0.00 0.0 0 M M M M M M M M
30 74 52 63 -4 2 0 0.04 0.0 0 M M M M M M M M
31 71 54 63 -4 2 0 0.67 0.0 0 M M M M M M M M
================================================================================
SM 2479 1856 11 171 8.31 T M M M
================================================================================
AV 80.0 59.9 M FASTST M M M MAX(MPH)
MISC ----> M M M M
================================================================================
NOTES:
# LAST OF SEVERAL OCCURRENCES
COLUMN 17 PEAK WIND IN M.P.H.
PRELIMINARY LOCAL CLIMATOLOGICAL DATA (WS FORM: F-6) , PAGE 2
STATION: CHANHASSEN MN
MONTH: AUGUST
YEAR: 2020
LATITUDE: 44 50 N
LONGITUDE: 93 34 W
[TEMPERATURE DATA] [PRECIPITATION DATA] SYMBOLS USED IN COLUMN 16
AVERAGE MONTHLY: 69.9 TOTAL FOR MONTH: 8.31 1 = FOG OR MIST
DPTR FM NORMAL: 0.0 DPTR FM NORMAL: 4.17 2 = FOG REDUCING VISIBILITY
HIGHEST: 89 ON 26 GRTST 24HR 2.83 ON 10-10 TO 1/4 MILE OR LESS
LOWEST: 48 ON 4 3 = THUNDER
SNOW, ICE PELLETS, HAIL 4 = ICE PELLETS
TOTAL MONTH: T 5 = HAIL
GRTST 24HR T ON 9- 9 6 = FREEZING RAIN OR DRIZZLE
GRTST DEPTH: 0 7 = DUSTSTORM OR SANDSTORM:
VSBY 1/2 MILE OR LESS
8 = SMOKE OR HAZE
[NO. OF DAYS WITH] [WEATHER - DAYS WITH] 9 = BLOWING SNOW
X = TORNADO
MAX 32 OR BELOW: 0 0.01 INCH OR MORE: 12
MAX 90 OR ABOVE: 0 0.10 INCH OR MORE: 7
MIN 32 OR BELOW: 0 0.50 INCH OR MORE: 4
MIN 0 OR BELOW: 0 1.00 INCH OR MORE: 2
[HDD (BASE 65) ]
TOTAL THIS MO. 11 CLEAR (SCALE 0-3) 0
DPTR FM NORMAL -4 PTCLDY (SCALE 4-7) 0
TOTAL FM JUL 1 14 CLOUDY (SCALE 8-10) 31
DPTR FM NORMAL -2
[CDD (BASE 65) ]
TOTAL THIS MO. 171
DPTR FM NORMAL 3 [PRESSURE DATA]
TOTAL FM JAN 1 627 HIGHEST SLP M ON M
DPTR FM NORMAL 74 LOWEST SLP M ON M
[REMARKS]
#FINAL-08-20#
THE TRACE OF SNOWFALL ON AUGUST 9TH IS DUE TO 2 INCH DIAMETER HAIL.