000
CXUS54 KMAF 011110
CF6MRF
PRELIMINARY LOCAL CLIMATOLOGICAL DATA (WS FORM: F-6)
STATION: MARFA
MONTH: JULY
YEAR: 2023
LATITUDE: 30 22 N
LONGITUDE: 104 1 W
TEMPERATURE IN F: :PCPN: SNOW: WIND :SUNSHINE: SKY :PK WND
================================================================================
1 2 3 4 5 6A 6B 7 8 9 10 11 12 13 14 15 16 17 18
12Z AVG MX 2MIN
DY MAX MIN AVG DEP HDD CDD WTR SNW DPTH SPD SPD DIR MIN PSBL S-S WX SPD DR
================================================================================
1 91 66 79 M 0 14 0.12 M M 8.5 22 350 M M 2 3 25 350
2 90 61 76 M 0 11 M M M 7.1 16 60 M M 1 23 60
3 89 61 75 M 0 10 0.74 M M 6.7 28 290 M M 3 3 41 30
4 89 60 75 M 0 10 M M M 5.7 16 120 M M 1 M M
5 93 61 77 M 0 12 M M M 7.7 21 110 M M 0 26 110
6 92 62 77 M 0 12 M M M 6.7 16 110 M M 0 16 110
7 94 62 78 M 0 13 M M M 7.5 15 120 M M 0 20 130
8 94 61 78 M 0 13 M M M 6.8 15 140 M M 0 21 140
9 97 65 81 M 0 16 0.01 M M 7.0 15 60 M M 1 30 100
10 100 64 82 M 0 17 M M M 6.4 14 100 M M 0 8 23 120
11 95 69 82 M 0 17 T M M 6.8 23 250 M M 0 36 240
12 98 66 82 M 0 17 T M M 7.4 29 310 M M 1 3 32 310
13 100 71 86 M 0 21 T M M 6.7 26 50 M M 2 8 38 40
14 101 66 84 M 0 19 M M M 6.3 13 330 M M 1 22 10
15 97 69 83 M 0 18 M M M 9.1 24 30 M M 0 36 20
16 97 64 81 M 0 16 M M M 7.1 14 110 M M 0 18 80
17 98 62 80 M 0 15 M M M 8.1 16 110 M M 0 21 140
18 99 61 80 M 0 15 M M M 7.0 12 180 M M 0 18 150
19 101 62 82 M 0 17 M M M 7.5 15 120 M M 0 M M
20 100 62 81 M 0 16 M M M 8.6 20 120 M M 0 8 31 110
21 98 61 80 M 0 15 M M M 7.0 21 110 M M 0 24 110
22 94 65 80 M 0 15 M M M 10.1 18 70 M M 0 26 110
23 91 67 79 M 0 14 0.01 M M 6.8 20 110 M M 1 3 35 110
24 95 62 79 M 0 14 M M M 9.6 15 120 M M 1 24 130
25 94 57 76 M 0 11 M M M 7.1 17 130 M M 0 22 110
26 97 59 78 M 0 13 M M M 8.3 14 100 M M 0 20 80
27 95 60 78 M 0 13 M M M 8.5 17 60 M M 0 33 50
28 94 60 77 M 0 12 M M M 8.1 16 110 M M 0 21 140
29 92 60 76 M 0 11 M M M 10.0 17 90 M M 0 24 100
30 91 61 76 M 0 11 M M M 8.3 16 100 M M 1 23 110
31 91 66 79 M 0 14 0.28 M M 7.5 32 300 M M 1 3 39 300
================================================================================
SM 2947 1953 0 442 1.16 M 236.1 M 16
================================================================================
AV 95.1 63.0 7.6 FASTST M M 1 MAX(MPH)
MISC ----> 32 300 41 30
================================================================================
NOTES:
# LAST OF SEVERAL OCCURRENCES
COLUMN 17 PEAK WIND IN M.P.H.
PRELIMINARY LOCAL CLIMATOLOGICAL DATA (WS FORM: F-6) , PAGE 2
STATION: MARFA
MONTH: JULY
YEAR: 2023
LATITUDE: 30 22 N
LONGITUDE: 104 1 W
[TEMPERATURE DATA] [PRECIPITATION DATA] SYMBOLS USED IN COLUMN 16
AVERAGE MONTHLY: 79.0 TOTAL FOR MONTH: 1.16 1 = FOG OR MIST
DPTR FM NORMAL: 0.0 DPTR FM NORMAL: M 2 = FOG REDUCING VISIBILITY
HIGHEST: 101 ON 19,14 GRTST 24HR 0.74 ON 3- 3 TO 1/4 MILE OR LESS
LOWEST: 57 ON 25 3 = THUNDER
SNOW, ICE PELLETS, HAIL 4 = ICE PELLETS
TOTAL MONTH: M 5 = HAIL
GRTST 24HR M ON M 6 = FREEZING RAIN OR DRIZZLE
GRTST DEPTH: M ON M 7 = DUSTSTORM OR SANDSTORM:
VSBY 1/2 MILE OR LESS
8 = SMOKE OR HAZE
[NO. OF DAYS WITH] [WEATHER - DAYS WITH] 9 = BLOWING SNOW
X = TORNADO
MAX 32 OR BELOW: 0 0.01 INCH OR MORE: 5
MAX 90 OR ABOVE: 29 0.10 INCH OR MORE: 3
MIN 32 OR BELOW: 0 0.50 INCH OR MORE: 1
MIN 0 OR BELOW: 0 1.00 INCH OR MORE: 0
[HDD (BASE 65) ]
TOTAL THIS MO. 0 CLEAR (SCALE 0-3) 31
DPTR FM NORMAL M PTCLDY (SCALE 4-7) 0
TOTAL FM JUL 1 0 CLOUDY (SCALE 8-10) 0
DPTR FM NORMAL M
[CDD (BASE 65) ]
TOTAL THIS MO. 442
DPTR FM NORMAL M [PRESSURE DATA]
TOTAL FM JAN 1 874 HIGHEST SLP M ON M
DPTR FM NORMAL M LOWEST SLP M ON M
[REMARKS]
#FINAL-07-23#