000
CXUS56 KMTR 010843
CLMMRY
CLIMATE REPORT
NATIONAL WEATHER SERVICE SAN FRANCISCO BAY AREA
143 AM PDT FRI SEP 01 2023
...................................
...THE MONTEREY AIRPORT CLIMATE SUMMARY FOR THE MONTH OF AUGUST 2023...
CLIMATE NORMAL PERIOD: 1991 TO 2020
CLIMATE RECORD PERIOD: 1998 TO 2023
WEATHER OBSERVED LAST YEAR`S
VALUE DATE(S) VALUE DATE(S)
.........................................................
TEMPERATURE (F)
RECORD
HIGH 94 MM
LOW 47 08/27/2012
HIGHEST 82 08/23 78 08/04
LOWEST 51 08/07 52 08/31
AVG. MAXIMUM 71.0 71.3
AVG. MINIMUM 57.3 57.2
MEAN 64.1 64.3
DAYS MAX >= 90 0 0
DAYS MAX <= 32 0 0
DAYS MIN <= 32 0 0
DAYS MIN <= 0 0 0
PRECIPITATION (INCHES)
TOTALS 0.01 0.06
DAILY AVG. 0.00 0.00
DAYS >= .01 1 1
DAYS >= .10 0 0
DAYS >= .50 0 0
DAYS >= 1.00 0 0
GREATEST
24 HR. TOTAL 0.01 08/02 TO 08/02 0.06 08/17 TO 08/17
DEGREE DAYS
HEATING TOTAL 44 42
SINCE 7/1 197 MM
COOLING TOTAL 27 28
SINCE 1/1 29 MM
.........................................................
WIND (MPH)
AVERAGE WIND SPEED 5.8
RESULTANT WIND SPEED/DIRECTION 4/280
HIGHEST WIND SPEED/DIRECTION 21/250 DATE 08/24
HIGHEST GUST SPEED/DIRECTION 31/250 DATE 08/24
SKY COVER
POSSIBLE SUNSHINE (PERCENT) MM
AVERAGE SKY COVER 0.56
NUMBER OF DAYS FAIR 6
NUMBER OF DAYS PC 17
NUMBER OF DAYS CLOUDY 8
AVERAGE RH (PERCENT) 78
WEATHER CONDITIONS. NUMBER OF DAYS WITH
THUNDERSTORM 0 MIXED PRECIP 0
HEAVY RAIN 0 RAIN 0
LIGHT RAIN 2 FREEZING RAIN 0
LT FREEZING RAIN 0 HAIL 0
HEAVY SNOW 0 SNOW 0
LIGHT SNOW 0 SLEET 0
FOG 22 FOG W/VIS <= 1/4 MILE 1
HAZE 13
- INDICATES NEGATIVE NUMBERS.
R INDICATES RECORD WAS SET OR TIED.
MM INDICATES DATA IS MISSING.
T INDICATES TRACE AMOUNT.
$$