000
CXUS53 KMKX 011456 CCA
CF6MSN
PRELIMINARY LOCAL CLIMATOLOGICAL DATA (WS FORM: F-6)
STATION: MADISON WI
MONTH: JANUARY
YEAR: 2024
LATITUDE: 43 7 N
LONGITUDE: 89 20 W
TEMPERATURE IN F: :PCPN: SNOW: WIND :SUNSHINE: SKY :PK WND
================================================================================
1 2 3 4 5 6A 6B 7 8 9 10 11 12 13 14 15 16 17 18
12Z AVG MX 2MIN
DY MAX MIN AVG DEP HDD CDD WTR SNW DPTH SPD SPD DIR MIN PSBL S-S WX SPD DR
================================================================================
1 28 24 26 5 39 0 0.00 0.0 1 6.4 12 260 M M 10 21 250
2 31 23 27 6 38 0 T T 1 5.5 13 250 M M 8 16 23 220
3 34 27 31 10 34 0 T T 1 5.2 10 300 M M 10 17 310
4 31 20 26 5 39 0 0.00 0.0 T 4.1 9 250 M M 8 14 230
5 35 18 27 7 38 0 0.00 0.0 T 5.0 16 190 M M 7 23 200
6 34 29 32 12 33 0 0.09 2.3 1 2.9 9 100 M M 10 18 12 280
7 33 29 31 11 34 0 0.00 0.0 2 4.1 10 310 M M 10 18 14 310
8 33 26 30 10 35 0 T T 2 8.8 14 80 M M 10 1 19 200
9 33 30 32 12 33 0 0.46 5.7 2 16.8 28 10 M M 10 129 39 10
10 32 25 29 9 36 0 0.06 1.1 6 8.0 18 170 M M 10 1 24 320
11 31 24 28 8 37 0 0.12 1.2 7 4.2 10 290 M M 9 1 16 310
12 32 25 29 10 36 0 0.53 8.6 7 17.9 29 50 M M 10 19 40 50
13 26 0 13 -6 52 0 0.11 1.9 12 10.6 21 320 M M 9 19 33 340
14 0 -9 -4 -23 69 0 T 0.1 12 8.6 15 280 M M 6 18 27 280
15 3 -11 -4 -23 69 0 0.00 0.0 11 5.5 12 230 M M 7 19 240
16 2 -9 -3 -22 68 0 0.00 0.0 10 9.2 16 240 M M 3 30 210
17 13 -1 6 -13 59 0 0.00 0.0 10 6.8 12 240 M M 5 22 200
18 13 -1 6 -13 59 0 0.04 0.6 10 4.3 14 340 M M 8 1 21 330
19 9 1 5 -14 60 0 0.01 0.2 10 8.6 14 300 M M 8 8 21 320
20 14 -2 6 -13 59 0 0.00 0.0 10 5.5 12 310 M M 1 18 310
21 20 -4 8 -11 57 0 0.00 0.0 10 10.3 20 170 M M 6 27 190
22 32 20 26 7 39 0 T 0.0 10 8.4 16 190 M M 9 16 25 190
23 33 30 32 13 33 0 0.20 1.1 10 7.0 15 40 M M 10 146 20 30
24 36 32 34 15 31 0 T 0.0 11 2.6 8 80 M M 10 12 10 90
25 36 32 34 15 31 0 0.05 0.0 9 3.4 10 20 M M 10 1 14 30
26 36 33 35 16 30 0 0.31 0.0 7 3.3 8 10 M M 10 1 11 10
27 38 33 36 17 29 0 T 0.0 5 3.7 14 360 M M 10 1 18 360
28 35 30 33 14 32 0 T T 5 6.8 12 330 M M 10 1 18 330
29 37 28 33 14 32 0 0.00 0.0 4 6.5 14 200 M M 9 1 21 200
30 40 35 38 19 27 0 0.01 0.0 3 4.3 12 330 M M 10 1 17 340
31 40 33 37 18 28 0 0.00 0.0 3 5.4 15 220 M M 6 21 230
================================================================================
SM 850 570 1296 0 1.99 22.8 209.7 M 259
================================================================================
AV 27.4 18.4 6.8 FASTST M M 8 MAX(MPH)
MISC ----> 29 50 40 50
================================================================================
NOTES:
# LAST OF SEVERAL OCCURRENCES
COLUMN 17 PEAK WIND IN M.P.H.
PRELIMINARY LOCAL CLIMATOLOGICAL DATA (WS FORM: F-6) , PAGE 2
STATION: MADISON WI
MONTH: JANUARY
YEAR: 2024
LATITUDE: 43 7 N
LONGITUDE: 89 20 W
[TEMPERATURE DATA] [PRECIPITATION DATA] SYMBOLS USED IN COLUMN 16
AVERAGE MONTHLY: 22.9 TOTAL FOR MONTH: 1.99 1 = FOG OR MIST
DPTR FM NORMAL: 3.5 DPTR FM NORMAL: 0.52 2 = FOG REDUCING VISIBILITY
HIGHEST: 40 ON 31,30 GRTST 24HR 0.59 ON 12-13 TO 1/4 MILE OR LESS
LOWEST: -11 ON 15 3 = THUNDER
SNOW, ICE PELLETS, HAIL 4 = ICE PELLETS
TOTAL MONTH: 22.8 INCHES 5 = HAIL
GRTST 24HR 9.2 ON 12-13 6 = FREEZING RAIN OR DRIZZLE
GRTST DEPTH: 12 ON 14,13 7 = DUSTSTORM OR SANDSTORM:
VSBY 1/2 MILE OR LESS
8 = SMOKE OR HAZE
[NO. OF DAYS WITH] [WEATHER - DAYS WITH] 9 = BLOWING SNOW
X = TORNADO
MAX 32 OR BELOW: 16 0.01 INCH OR MORE: 12
MAX 90 OR ABOVE: 0 0.10 INCH OR MORE: 6
MIN 32 OR BELOW: 27 0.50 INCH OR MORE: 1
MIN 0 OR BELOW: 8 1.00 INCH OR MORE: 0
[HDD (BASE 65) ]
TOTAL THIS MO. 1296 CLEAR (SCALE 0-3) 2
DPTR FM NORMAL -117 PTCLDY (SCALE 4-7) 6
TOTAL FM JUL 1 3535 CLOUDY (SCALE 8-10) 23
DPTR FM NORMAL -617
[CDD (BASE 65) ]
TOTAL THIS MO. 0
DPTR FM NORMAL 0 [PRESSURE DATA]
TOTAL FM JAN 1 0 HIGHEST SLP 30.62 ON 21
DPTR FM NORMAL 0 LOWEST SLP 29.12 ON 9
[REMARKS]
#FINAL-01-24#
2%