000
CXUS51 KBTV 010800
CF6MSS
PRELIMINARY LOCAL CLIMATOLOGICAL DATA (WS FORM: F-6)
STATION: MASSENA NY
MONTH: FEBRUARY
YEAR: 2024
LATITUDE: 44 55 N
LONGITUDE: 74 51 W
TEMPERATURE IN F: :PCPN: SNOW: WIND :SUNSHINE: SKY :PK WND
================================================================================
1 2 3 4 5 6A 6B 7 8 9 10 11 12 13 14 15 16 17 18
12Z AVG MX 2MIN
DY MAX MIN AVG DEP HDD CDD WTR SNW DPTH SPD SPD DIR MIN PSBL S-S WX SPD DR
================================================================================
1 37 34 36 21 29 0 T M M 9.3 18 230 M M 10 1 26 220
2 35 28 32 17 33 0 0.01 M M 5.7 12 10 M M 10 1 15 360
3 30 18 24 9 41 0 0.00 M M 2.5 9 30 M M 7 11 30
4 34 12 23 8 42 0 0.00 M M 1.1 6 30 M M 8 8 350
5 34 17 26 11 39 0 0.00 M M 4.5 12 30 M M 2 14 30
6 33 12 23 8 42 0 0.00 M M 3.9 13 60 M M 0 14 40
7 34 12 23 7 42 0 0.00 M M 0.7 6 80 M M 4 8 60
8 43 17 30 14 35 0 0.00 M M 4.5 10 60 M M 2 1 13 60
9 52 29 41 25 24 0 0.13 M M 6.8 14 210 M M 5 1 M M
10 52 37 45 29 20 0 T M M 6.8 15 290 M M 9 1 21 270
11 39 34 37 21 28 0 0.00 M M 9.0 15 250 M M 10 20 260
12 35 21 28 11 37 0 0.00 M M 5.4 14 290 M M 9 18 290
13 39 19 29 12 36 0 T M M 5.1 20 300 M M 3 1 26 330
14 24 15 20 3 45 0 T M M 13.8 23 270 M M 5 30 310
15 28 7 18 0 47 0 0.03 M M 7.2 15 50 M M 3 1 20 60
16 29 14 22 4 43 0 0.01 M M 8.7 20 280 M M 8 1 26 280
17 20 -1 10 -8 55 0 T M M 7.0 18 280 M M 6 23 280
18 29 5 17 -1 48 0 T M M 16.1 31 210 M M 10 128 39 210
19 21 0 11 -8 54 0 T M M 8.7 22 290 M M 2 1 32 300
20 23 5 14 -5 51 0 T M M 3.5 9 30 M M 8 11 30
21 40 4 22 3 43 0 0.00 M M 4.4 10 210 M M 1 13 210
22 43 33 38 18 27 0 0.02 M M 5.8 15 200 M M 10 20 210
23 43 16 30 10 35 0 T M M 10.7 20 210 M M 10 8 27 210
24 17 4 11 -9 54 0 0.00 M M 8.2 16 350 M M 0 24 340
25 40 8 24 3 41 0 0.00 M M 7.4 20 220 M M 2 27 220
26 43 25 34 13 31 0 T M M 7.0 15 270 M M 5 1 22 270
27 69 24 47 25 18 0 0.00 M M 7.4 16 190 M M 1 32 190
28 65 12 39 17 26 0 0.25 M M 15.4 37 220 M M 8 1 59 220
29 21 11 16 -6 49 0 0.00 M M 16.3 28 290 M M 1 44 280
================================================================================
SM 1052 472 1115 0 0.45 M 212.9 M 159
================================================================================
AV 36.3 16.3 7.3 FASTST M M 5 MAX(MPH)
MISC ----> 37 220 59 220
================================================================================
NOTES:
# LAST OF SEVERAL OCCURRENCES
COLUMN 17 PEAK WIND IN M.P.H.
PRELIMINARY LOCAL CLIMATOLOGICAL DATA (WS FORM: F-6) , PAGE 2
STATION: MASSENA NY
MONTH: FEBRUARY
YEAR: 2024
LATITUDE: 44 55 N
LONGITUDE: 74 51 W
[TEMPERATURE DATA] [PRECIPITATION DATA] SYMBOLS USED IN COLUMN 16
AVERAGE MONTHLY: 26.3 TOTAL FOR MONTH: 0.45 1 = FOG OR MIST
DPTR FM NORMAL: 8.5 DPTR FM NORMAL: -1.13 2 = FOG REDUCING VISIBILITY
HIGHEST: 69 ON 27 GRTST 24HR 0.25 ON 28-28 TO 1/4 MILE OR LESS
LOWEST: -1 ON 17 3 = THUNDER
SNOW, ICE PELLETS, HAIL 4 = ICE PELLETS
TOTAL MONTH: M 5 = HAIL
GRTST 24HR M ON M 6 = FREEZING RAIN OR DRIZZLE
GRTST DEPTH: M ON M 7 = DUSTSTORM OR SANDSTORM:
VSBY 1/2 MILE OR LESS
8 = SMOKE OR HAZE
[NO. OF DAYS WITH] [WEATHER - DAYS WITH] 9 = BLOWING SNOW
X = TORNADO
MAX 32 OR BELOW: 10 0.01 INCH OR MORE: 6
MAX 90 OR ABOVE: 0 0.10 INCH OR MORE: 2
MIN 32 OR BELOW: 25 0.50 INCH OR MORE: 0
MIN 0 OR BELOW: 2 1.00 INCH OR MORE: 0
[HDD (BASE 65) ]
TOTAL THIS MO. 1115 CLEAR (SCALE 0-3) 10
DPTR FM NORMAL -208 PTCLDY (SCALE 4-7) 10
TOTAL FM JUL 1 4910 CLOUDY (SCALE 8-10) 9
DPTR FM NORMAL -982
[CDD (BASE 65) ]
TOTAL THIS MO. 0
DPTR FM NORMAL 0 [PRESSURE DATA]
TOTAL FM JAN 1 0 HIGHEST SLP 30.53 ON 20
DPTR FM NORMAL 0 LOWEST SLP 29.14 ON 28
[REMARKS]
#FINAL-02-24#