000
CXUS51 KBTV 010800
CF6MSS
PRELIMINARY LOCAL CLIMATOLOGICAL DATA (WS FORM: F-6)
STATION: MASSENA NY
MONTH: JANUARY
YEAR: 2024
LATITUDE: 44 55 N
LONGITUDE: 74 51 W
TEMPERATURE IN F: :PCPN: SNOW: WIND :SUNSHINE: SKY :PK WND
================================================================================
1 2 3 4 5 6A 6B 7 8 9 10 11 12 13 14 15 16 17 18
12Z AVG MX 2MIN
DY MAX MIN AVG DEP HDD CDD WTR SNW DPTH SPD SPD DIR MIN PSBL S-S WX SPD DR
================================================================================
1 23 15 19 1 46 0 0.00 M M 4.4 10 260 M M 7 13 270
2 34 22 28 10 37 0 0.00 M M 11.8 22 230 M M 9 31 230
3 36 33 35 17 30 0 T M M 8.4 13 210 M M 10 1 17 220
4 34 9 22 4 43 0 T M M 9.5 20 310 M M 6 1 28 310
5 30 9 20 3 45 0 T M M 7.6 16 220 M M 9 1 20 210
6 29 15 22 5 43 0 0.03 M M 14.6 22 70 M M 10 1 29 60
7 24 16 20 3 45 0 0.12 M M 7.9 17 70 M M 10 1 26 90
8 31 22 27 10 38 0 0.00 M M 5.1 14 270 M M 10 8 17 270
9 36 24 30 14 35 0 0.33 M M 12.9 25 50 M M 9 16 32 60
10 43 28 36 20 29 0 0.37 M M 12.8 29 220 M M 10 1 37 220
11 28 20 24 8 41 0 0.02 M M 4.4 15 280 M M 10 1 19 290
12 26 22 24 8 41 0 T M M 8.1 25 60 M M 7 1 30 60
13 37 24 31 15 34 0 0.30 M M 16.1 31 230 M M 10 168 42 220
14 29 20 25 9 40 0 T M M 15.0 36 250 M M 7 128 49 270
15 22 17 20 5 45 0 T M M 10.8 22 220 M M 8 18 28 220
16 20 9 15 0 50 0 0.04 M M 3.8 10 240 M M 9 18 13 240
17 19 4 12 -3 53 0 0.00 M M 11.5 24 240 M M 4 8 35 240
18 23 7 15 0 50 0 T M M 6.3 15 230 M M 9 18 20 250
19 18 -2 8 -7 57 0 T M M 6.6 13 10 M M 5 18 18 10
20 12 -3 5 -10 60 0 T M M 8.8 15 290 M M 9 18 20 280
21 16 -2 7 -8 58 0 T M M 9.5 18 240 M M 4 18 21 270
22 32 11 22 8 43 0 T M M 13.8 24 220 M M 7 1 33 220
23 32 17 25 11 40 0 T T M 9.2 17 60 M M 10 18 23 60
24 26 15 21 7 44 0 0.20 M M 8.4 17 60 M M 10 168 22 60
25 33 26 30 16 35 0 0.05 M M 3.0 14 60 M M 10 16 17 50
26 34 31 33 19 32 0 0.28 M M 8.4 15 60 M M 10 16 20 60
27 36 32 34 20 31 0 T M M 2.4 8 60 M M 10 1 10 50
28 35 31 33 19 32 0 0.00 M M 6.3 17 50 M M 10 12 23 60
29 33 28 31 17 34 0 0.01 M M 5.3 13 350 M M 10 168 17 360
30 28 19 24 9 41 0 0.00 M M 9.1 18 60 M M 8 21 60
31 37 21 29 14 36 0 0.00 M M 5.0 16 210 M M 10 20 210
================================================================================
SM 896 540 1288 0 1.75 T 266.8 M 267
================================================================================
AV 28.9 17.4 8.6 FASTST M M 9 MAX(MPH)
MISC ----> 36 250 49 270
================================================================================
NOTES:
# LAST OF SEVERAL OCCURRENCES
COLUMN 17 PEAK WIND IN M.P.H.
PRELIMINARY LOCAL CLIMATOLOGICAL DATA (WS FORM: F-6) , PAGE 2
STATION: MASSENA NY
MONTH: JANUARY
YEAR: 2024
LATITUDE: 44 55 N
LONGITUDE: 74 51 W
[TEMPERATURE DATA] [PRECIPITATION DATA] SYMBOLS USED IN COLUMN 16
AVERAGE MONTHLY: 23.2 TOTAL FOR MONTH: 1.75 1 = FOG OR MIST
DPTR FM NORMAL: 7.6 DPTR FM NORMAL: -0.36 2 = FOG REDUCING VISIBILITY
HIGHEST: 43 ON 10 GRTST 24HR 1.10 ON 9-10 TO 1/4 MILE OR LESS
LOWEST: -3 ON 20 3 = THUNDER
SNOW, ICE PELLETS, HAIL 4 = ICE PELLETS
TOTAL MONTH: T 5 = HAIL
GRTST 24HR T ON 23-23 6 = FREEZING RAIN OR DRIZZLE
GRTST DEPTH: M ON M 7 = DUSTSTORM OR SANDSTORM:
VSBY 1/2 MILE OR LESS
8 = SMOKE OR HAZE
[NO. OF DAYS WITH] [WEATHER - DAYS WITH] 9 = BLOWING SNOW
X = TORNADO
MAX 32 OR BELOW: 19 0.01 INCH OR MORE: 11
MAX 90 OR ABOVE: 0 0.10 INCH OR MORE: 6
MIN 32 OR BELOW: 30 0.50 INCH OR MORE: 0
MIN 0 OR BELOW: 3 1.00 INCH OR MORE: 0
[HDD (BASE 65) ]
TOTAL THIS MO. 1288 CLEAR (SCALE 0-3) 0
DPTR FM NORMAL -242 PTCLDY (SCALE 4-7) 9
TOTAL FM JUL 1 3795 CLOUDY (SCALE 8-10) 22
DPTR FM NORMAL -686
[CDD (BASE 65) ]
TOTAL THIS MO. 0
DPTR FM NORMAL 0 [PRESSURE DATA]
TOTAL FM JAN 1 0 HIGHEST SLP 30.60 ON 23
DPTR FM NORMAL 0 LOWEST SLP 28.94 ON 10
[REMARKS]
#FINAL-01-24#