000
CXUS52 KKEY 020158 CCA
CF6MTH
PRELIMINARY LOCAL CLIMATOLOGICAL DATA (WS FORM: F-6)...CORRECTED
STATION: MARATHON
MONTH: FEBRUARY
YEAR: 2023
LATITUDE: 24 43 N
LONGITUDE: 81 5 W
TEMPERATURE IN F: :PCPN: SNOW: WIND :SUNSHINE: SKY :PK WND
================================================================================
1 2 3 4 5 6A 6B 7 8 9 10 11 12 13 14 15 16 17 18
12Z AVG MX 2MIN
DY MAX MIN AVG DEP HDD CDD WTR SNW DPTH SPD SPD DIR MIN PSBL S-S WX SPD DR
================================================================================
1 86 75 81 10 0 16 0.00 0.0 0 6.4 12 120 M M 1 19 120
2 85 75 80 9 0 15 0.00 0.0 0 7.1 12 120 M M 1 18 110
3 86 72 79 8 0 14 0.00 0.0 0 5.8 17 30 M M 2 28 30
4 81 67 74 3 0 9 0.18 0.0 0 16.7 28 50 M M 6 1 37 50
5 85 71 78 7 0 13 T 0.0 0 5.4 15 40 M M 3 21 40
6 83 72 78 7 0 13 0.00 0.0 0 9.9 17 70 M M 1 25 50
7 82 75 79 7 0 14 0.00 0.0 0 11.3 17 80 M M 3 28 100
8 83 74 79 7 0 14 0.00 0.0 0 10.6 16 80 M M 3 26 90
9 84 72 78 6 0 13 0.10 0.0 0 10.6 18 130 M M 3 1 30 140
10 85 74 80 8 0 15 0.03 0.0 0 9.2 15 110 M M 3 1 24 110
11 86 72 79 7 0 14 0.47 0.0 0 7.4 13 160 M M 1 1 20 140
12 79 69 74 2 0 9 T 0.0 0 13.0 20 280 M M 7 32 280
13 73 65 69 -3 0 4 0.00 0.0 0 9.5 15 330 M M 2 26 320
14 80 63 72 0 0 7 0.00 0.0 0 8.8 14 110 M M 1 8 22 100
15 84 72 78 6 0 13 0.00 0.0 0 9.5 14 120 M M 1 25 110
16 85 75 80 7 0 15 0.02 0.0 0 9.5 16 120 M M 3 1 27 110
17 84 72 78 5 0 13 0.15 0.0 0 4.0 10 130 M M 4 18 18 120
18 81 71 76 3 0 11 0.00 0.0 0 8.8 18 70 M M 3 1 26 60
19 86 74 80 7 0 15 T 0.0 0 6.8 14 70 M M 1 22 80
20 86 72 79 6 0 14 0.00 0.0 0 4.5 10 30 M M 2 14 40
21 86 69 78 5 0 13 0.00 0.0 0 3.4 10 120 M M 1 17 110
22 87 76 82 9 0 17 0.00 0.0 0 8.9 14 120 M M 1 24 120
23 88 77 83 10 0 18 0.00 0.0 0 8.8 14 130 M M 1 22 150
24 87 77 82 9 0 17 0.00 0.0 0 8.5 14 60 M M 2 21 90
25 87 72 80 7 0 15 0.00 0.0 0 5.9 12 120 M M 2 17 70
26 85 70 78 5 0 13 0.00 0.0 0 3.3 9 40 M M 1 14 40
27 86 70 78 5 0 13 0.00 0.0 0 5.1 9 160 M M 1 15 130
28 86 69 78 5 0 13 0.00 0.0 0 3.9 7 210 M M 0 13 160
================================================================================
SM 2356 2012 0 370 0.95 0.0 222.6 M 60
================================================================================
AV 84.1 71.9 8.0 FASTST M M 2 MAX(MPH)
MISC ----> 28 50 37 50
================================================================================
NOTES:
# LAST OF SEVERAL OCCURRENCES
COLUMN 17 PEAK WIND IN M.P.H.
PRELIMINARY LOCAL CLIMATOLOGICAL DATA (WS FORM: F-6) , PAGE 2
STATION: MARATHON
MONTH: FEBRUARY
YEAR: 2023
LATITUDE: 24 43 N
LONGITUDE: 81 5 W
[TEMPERATURE DATA] [PRECIPITATION DATA] SYMBOLS USED IN COLUMN 16
AVERAGE MONTHLY: 78.0 TOTAL FOR MONTH: 0.95 1 = FOG OR MIST
DPTR FM NORMAL: 5.7 DPTR FM NORMAL: -0.75 2 = FOG REDUCING VISIBILITY
HIGHEST: 88 ON 23 GRTST 24HR 0.47 ON 11-11 TO 1/4 MILE OR LESS
LOWEST: 63 ON 14 3 = THUNDER
SNOW, ICE PELLETS, HAIL 4 = ICE PELLETS
TOTAL MONTH: 0.0 INCH 5 = HAIL
GRTST 24HR 0.0 6 = FREEZING RAIN OR DRIZZLE
GRTST DEPTH: 0 7 = DUSTSTORM OR SANDSTORM:
VSBY 1/2 MILE OR LESS
8 = SMOKE OR HAZE
[NO. OF DAYS WITH] [WEATHER - DAYS WITH] 9 = BLOWING SNOW
X = TORNADO
MAX 32 OR BELOW: 0 0.01 INCH OR MORE: 6
MAX 90 OR ABOVE: 0 0.10 INCH OR MORE: 4
MIN 32 OR BELOW: 0 0.50 INCH OR MORE: 0
MIN 0 OR BELOW: 0 1.00 INCH OR MORE: 0
[HDD (BASE 65) ]
TOTAL THIS MO. 0 CLEAR (SCALE 0-3) 25
DPTR FM NORMAL -15 PTCLDY (SCALE 4-7) 3
TOTAL FM JUL 1 44 CLOUDY (SCALE 8-10) 0
DPTR FM NORMAL -22
[CDD (BASE 65) ]
TOTAL THIS MO. 370
DPTR FM NORMAL 152 [PRESSURE DATA]
TOTAL FM JAN 1 670 HIGHEST SLP M ON M
DPTR FM NORMAL 264 LOWEST SLP 29.96 ON 11
[REMARKS]
CORRECTED AVERAGE WIND SPEED
CORRECTED ALIGNMENT OF SNOW, ICE PELLETS, HAIL TABLE
CORRECTED SKY COVER TABLE
CORRECTED SEASONAL HDD DEPARTURE FROM NORMAL
CORRECTED SEASONAL CDD DEPARTURE FROM NORMAL
#FINAL-02-23#
ROSS