000
CXUS51 KBTV 010800
CF6MVL
PRELIMINARY LOCAL CLIMATOLOGICAL DATA (WS FORM: F-6)
STATION: MORRISVILLE VT
MONTH: FEBRUARY
YEAR: 2020
LATITUDE: 44 31 N
LONGITUDE: 72 37 W
TEMPERATURE IN F: :PCPN: SNOW: WIND :SUNSHINE: SKY :PK WND
================================================================================
1 2 3 4 5 6A 6B 7 8 9 10 11 12 13 14 15 16 17 18
12Z AVG MX 2MIN
DY MAX MIN AVG DEP HDD CDD WTR SNW DPTH SPD SPD DIR MIN PSBL S-S WX SPD DR
================================================================================
1 29 24 27 11 38 0 0.00 M M 1.8 12 10 M M 10 13 10
2 31 23 27 11 38 0 T M M 1.1 7 10 M M 9 1 7 20
3 38 20 29 13 36 0 T M M 4.2 14 310 M M 9 1 24 280
4 36 19 28 12 37 0 0.00 M M 2.4 15 330 M M 6 20 340
5 33 8 21 5 44 0 T M M 6.5 15 10 M M 6 22 280
6 27 12 20 4 45 0 0.42 M M 1.5 8 30 M M 10 1 9 30
7 33 15 24 7 41 0 0.79 M M 4.7 18 20 M M 6 126 26 330
8 15 -16 0 -17 65 0 T M M 3.9 15 340 M M 0 8 24 320
9 21 -24 -1 -18 66 0 T M M 1.2 6 160 M M 3 6 150
10 37 18 28 11 37 0 0.10 M M 3.5 12 80 M M 10 1 15 70
11 34 21 28 10 37 0 0.05 M M 2.4 12 320 M M 10 12 17 320
12 35 28 32 14 33 0 T M M 6.9 17 320 M M 6 1 28 320
13 34 9 22 4 43 0 0.07 M M 6.4 21 20 M M 10 168 24 20
14 8 -17 -4 -22 69 0 T M M 9.2 22 10 M M 4 8 30 10
15 23 -23 0 -18 65 0 0.00 M M 3.3 13 170 M M 2 15 220
16 36 21 29 10 36 0 T M M 3.9 14 150 M M 9 20 210
17 34 -3 16 -3 49 0 0.01 M M 6.1 18 340 M M 4 1 24 350
18 38 -5 17 -2 48 0 0.09 M M 6.3 29 190 M M 8 18 42 180
19 38 13 26 6 39 0 T M M 8.6 22 320 M M 7 34 330
20 16 -10 3 -17 62 0 T M M 4.0 14 320 M M 6 18 21 330
21 27 -21 3 -17 62 0 T M M 4.0 15 220 M M 1 23 220
22 37 8 23 2 42 0 0.00 M M 5.3 15 220 M M 1 25 210
23 47 7 27 6 38 0 0.00 M M 1.3 12 200 M M 0 15 200
24 54 13 34 13 31 0 0.00 M M 3.9 17 200 M M 0 25 210
25 44 30 37 15 28 0 0.05 M M 0.4 5 330 M M 8 12 5 140
26 38 32 35 13 30 0 T M M 1.0 8 10 M M 10 12 10 360
27 41 22 32 10 33 0 0.96 M M 5.9 16 210 M M 10 12 27 130
28 26 17 22 -1 43 0 0.13 M M 6.5 15 220 M M 10 1 24 220
29 22 11 17 -6 48 0 0.05 M M 5.1 14 10 M M 10 1 M M
================================================================================
SM 932 252 1283 0 2.72 M 121.3 M 185
================================================================================
AV 32.1 8.7 4.2 FASTST M M 6 MAX(MPH)
MISC ----> 29 190 42 180
================================================================================
NOTES:
# LAST OF SEVERAL OCCURRENCES
COLUMN 17 PEAK WIND IN M.P.H.
PRELIMINARY LOCAL CLIMATOLOGICAL DATA (WS FORM: F-6) , PAGE 2
STATION: MORRISVILLE VT
MONTH: FEBRUARY
YEAR: 2020
LATITUDE: 44 31 N
LONGITUDE: 72 37 W
[TEMPERATURE DATA] [PRECIPITATION DATA] SYMBOLS USED IN COLUMN 16
AVERAGE MONTHLY: 20.4 TOTAL FOR MONTH: 2.72 1 = FOG OR MIST
DPTR FM NORMAL: 1.8 DPTR FM NORMAL: 0.98 2 = FOG REDUCING VISIBILITY
HIGHEST: 54 ON 24 GRTST 24HR 1.00 ON 27-28 TO 1/4 MILE OR LESS
LOWEST: -24 ON 9 3 = THUNDER
SNOW, ICE PELLETS, HAIL 4 = ICE PELLETS
TOTAL MONTH: M 5 = HAIL
GRTST 24HR M ON M 6 = FREEZING RAIN OR DRIZZLE
GRTST DEPTH: M ON M 7 = DUSTSTORM OR SANDSTORM:
VSBY 1/2 MILE OR LESS
8 = SMOKE OR HAZE
[NO. OF DAYS WITH] [WEATHER - DAYS WITH] 9 = BLOWING SNOW
X = TORNADO
MAX 32 OR BELOW: 11 0.01 INCH OR MORE: 11
MAX 90 OR ABOVE: 0 0.10 INCH OR MORE: 5
MIN 32 OR BELOW: 29 0.50 INCH OR MORE: 2
MIN 0 OR BELOW: 8 1.00 INCH OR MORE: 0
[HDD (BASE 65) ]
TOTAL THIS MO. 1283 CLEAR (SCALE 0-3) 6
DPTR FM NORMAL -15 PTCLDY (SCALE 4-7) 11
TOTAL FM JUL 1 5768 CLOUDY (SCALE 8-10) 12
DPTR FM NORMAL -275
[CDD (BASE 65) ]
TOTAL THIS MO. 0
DPTR FM NORMAL 0 [PRESSURE DATA]
TOTAL FM JAN 1 0 HIGHEST SLP 30.67 ON 15
DPTR FM NORMAL 0 LOWEST SLP 28.86 ON 7
[REMARKS]
#FINAL-02-20#