000
CXUS56 KOTX 010910
CF6MWH
PRELIMINARY LOCAL CLIMATOLOGICAL DATA (WS FORM: F-6)
STATION: MOSES LAKE WA AIRPORT
MONTH: MAY
YEAR: 2023
LATITUDE: 47 12 N
LONGITUDE: 119 19 W
TEMPERATURE IN F: :PCPN: SNOW: WIND :SUNSHINE: SKY :PK WND
================================================================================
1 2 3 4 5 6A 6B 7 8 9 10 11 12 13 14 15 16 17 18
12Z AVG MX 2MIN
DY MAX MIN AVG DEP HDD CDD WTR SNW DPTH SPD SPD DIR MIN PSBL S-S WX SPD DR
================================================================================
1 72 48 60 5 5 0 0.02 M M 7.7 16 240 M M 1 3 21 240
2 77 47 62 6 3 0 0.00 M M 9.0 23 170 M M 0 28 170
3 88 50 69 13 0 4 0.00 M M 5.7 13 20 M M 0 18 320
4 80 55 68 12 0 3 T M M 11.1 22 170 M M 1 37 170
5 61 51 56 0 9 0 0.02 M M 9.1 22 170 M M 10 27 170
6 66 46 56 -1 9 0 0.00 M M 6.0 13 330 M M 7 17 220
7 70 39 55 -2 10 0 0.00 M M 8.8 24 170 M M 1 29 170
8 70 46 58 1 7 0 0.05 M M 7.3 24 120 M M 4 3 29 120
9 69 40 55 -3 10 0 0.00 M M 5.2 16 190 M M 2 13 21 170
10 73 41 57 -1 8 0 0.00 M M 4.5 10 240 M M 0 14 230
11 78 43 61 3 4 0 0.00 M M 4.6 12 230 M M 0 17 230
12 84 42 63 4 2 0 0.00 M M 6.6 13 10 M M 0 17 20
13 89 51 70 11 0 5 0.00 M M 11.5 23 50 M M 0 31 50
14 89 57 73 14 0 8 0.00 M M 14.0 26 70 M M 0 33 60
15 88 60 74 14 0 9 0.00 M M 6.7 16 220 M M 1 24 230
16 74 57 66 6 0 1 0.24 M M 5.8 16 110 M M 4 13 19 110
17 82 51 67 7 0 2 0.00 M M 3.7 10 250 M M 1 1 14 250
18 89 53 71 11 0 6 0.00 M M 4.6 9 240 M M 0 15 130
19 93 58 76 15 0 11 0.00 M M 5.4 20 290 M M 0 18 24 270
20 94 63 79 18 0 14 0.00 M M 5.1 17 190 M M 0 25 200
21 84 58 71 10 0 6 0.02 M M 9.1 22 240 M M 1 3 27 240
22 73 49 61 0 4 0 0.00 M M 8.7 18 230 M M 3 23 220
23 73 46 60 -2 5 0 0.00 M M 4.9 14 220 M M 2 20 190
24 76 42 59 -3 6 0 0.00 M M 5.6 21 30 M M 3 24 10
25 78 49 64 2 1 0 0.00 M M 6.7 18 340 M M 5 21 340
26 81 50 66 4 0 1 0.00 M M 7.0 18 340 M M 3 3 24 330
27 84 52 68 6 0 3 0.41 M M 5.6 35 20 M M 3 3 39 360
28 84 51 68 6 0 3 0.00 M M 5.9 16 170 M M 0 19 160
29 85 50 68 5 0 3 0.00 M M 5.9 15 240 M M 0 18 240
30 82 51 67 4 0 2 0.00 M M 6.2 15 260 M M 0 21 150
31 77 52 65 2 0 0 0.00 M M 7.5 16 240 M M 0 24 200
================================================================================
SM 2463 1548 83 81 0.76 M 215.5 M 52
================================================================================
AV 79.5 49.9 7.0 FASTST M M 2 MAX(MPH)
MISC ----> 35 20 39 360
================================================================================
NOTES:
# LAST OF SEVERAL OCCURRENCES
COLUMN 17 PEAK WIND IN M.P.H.
PRELIMINARY LOCAL CLIMATOLOGICAL DATA (WS FORM: F-6) , PAGE 2
STATION: MOSES LAKE WA AIRPORT
MONTH: MAY
YEAR: 2023
LATITUDE: 47 12 N
LONGITUDE: 119 19 W
[TEMPERATURE DATA] [PRECIPITATION DATA] SYMBOLS USED IN COLUMN 16
AVERAGE MONTHLY: 64.7 TOTAL FOR MONTH: 0.76 1 = FOG OR MIST
DPTR FM NORMAL: 5.2 DPTR FM NORMAL: 0.04 2 = FOG REDUCING VISIBILITY
HIGHEST: 94 ON 20 GRTST 24HR 0.41 ON 27-27 TO 1/4 MILE OR LESS
LOWEST: 39 ON 7 3 = THUNDER
SNOW, ICE PELLETS, HAIL 4 = ICE PELLETS
TOTAL MONTH: M 5 = HAIL
GRTST 24HR M ON M 6 = FREEZING RAIN OR DRIZZLE
GRTST DEPTH: M ON M 7 = DUSTSTORM OR SANDSTORM:
VSBY 1/2 MILE OR LESS
8 = SMOKE OR HAZE
[NO. OF DAYS WITH] [WEATHER - DAYS WITH] 9 = BLOWING SNOW
X = TORNADO
MAX 32 OR BELOW: 0 0.01 INCH OR MORE: 6
MAX 90 OR ABOVE: 2 0.10 INCH OR MORE: 2
MIN 32 OR BELOW: 0 0.50 INCH OR MORE: 0
MIN 0 OR BELOW: 0 1.00 INCH OR MORE: 0
[HDD (BASE 65) ]
TOTAL THIS MO. 83 CLEAR (SCALE 0-3) 25
DPTR FM NORMAL -113 PTCLDY (SCALE 4-7) 5
TOTAL FM JUL 1 5622 CLOUDY (SCALE 8-10) 1
DPTR FM NORMAL -112
[CDD (BASE 65) ]
TOTAL THIS MO. 81
DPTR FM NORMAL 54 [PRESSURE DATA]
TOTAL FM JAN 1 82 HIGHEST SLP M ON M
DPTR FM NORMAL 54 LOWEST SLP 29.56 ON 3
[REMARKS]
#FINAL-05-23#