000
CXUS56 KSGX 011145
CF6MYF
PRELIMINARY LOCAL CLIMATOLOGICAL DATA (WS FORM: F-6)
STATION: SAN DIEGO/MONTGOMERY FLD CA
MONTH: JANUARY
YEAR: 2023
LATITUDE: 32 49 N
LONGITUDE: 117 9 W
TEMPERATURE IN F: :PCPN: SNOW: WIND :SUNSHINE: SKY :PK WND
================================================================================
1 2 3 4 5 6A 6B 7 8 9 10 11 12 13 14 15 16 17 18
12Z AVG MX 2MIN
DY MAX MIN AVG DEP HDD CDD WTR SNW DPTH SPD SPD DIR MIN PSBL S-S WX SPD DR
================================================================================
1 57 52 55 -1 10 0 1.37 M M 14.8 25 280 M M 10 18 35 260
2 58 47 53 -3 12 0 0.05 M M 6.3 15 250 M M 7 1 17 250
3 58 51 55 -1 10 0 0.27 M M 8.0 15 130 M M 10 18 20 130
4 66 56 61 5 4 0 0.09 M M 5.9 14 210 M M 9 1 17 240
5 60 53 57 1 8 0 0.24 M M 7.8 21 170 M M 9 1 27 190
6 62 45 54 -2 11 0 0.01 M M 4.6 15 320 M M 2 12 18 320
7 68 44 56 -1 9 0 0.00 M M 2.0 7 250 M M 1 12 10 260
8 68 46 57 0 8 0 0.00 M M 3.5 10 240 M M 0 13 240
9 65 47 56 -1 9 0 0.00 M M 6.4 15 140 M M 4 19 130
10 61 50 56 -1 9 0 0.34 M M 6.9 21 180 M M 8 18 28 170
11 61 45 53 -4 12 0 T M M 4.4 15 310 M M 0 1 17 300
12 73 47 60 3 5 0 0.00 M M 1.4 8 340 M M 0 9 340
13 69 47 58 1 7 0 0.00 M M 2.5 16 260 M M 0 1 19 260
14 59 47 53 -4 12 0 1.29 M M 8.4 24 210 M M 6 18 34 200
15 60 52 56 -1 9 0 0.88 M M 5.7 22 220 M M 10 1 31 220
16 58 50 54 -3 11 0 1.18 M M 11.9 25 180 M M 9 1 34 190
17 56 46 51 -6 14 0 0.14 M M 7.5 21 280 M M 5 8 27 290
18 61 42 52 -5 13 0 0.00 M M 3.8 12 310 M M 0 8 15 290
19 58 40 49 -8 16 0 0.08 M M 4.5 16 290 M M 3 1 22 230
20 61 45 53 -4 12 0 T M M 3.6 10 290 M M 2 1 16 320
21 64 39 52 -5 13 0 0.00 M M 2.6 14 320 M M 0 16 310
22 57 39 48 -9 17 0 0.00 M M 3.9 15 180 M M 1 19 180
23 62 40 51 -6 14 0 0.00 M M 5.5 18 280 M M 0 22 300
24 65 37 51 -6 14 0 0.00 M M 4.3 15 310 M M 0 18 320
25 68 41 55 -2 10 0 0.00 M M 4.0 13 330 M M 0 14 320
26 68 50 59 2 6 0 0.00 M M 12.0 29 60 M M 0 35 50
27 70 40 55 -2 10 0 0.00 M M 3.8 14 310 M M 0 16 300
28 59 43 51 -6 14 0 0.00 M M 7.7 16 190 M M 6 20 190
29 57 47 52 -5 13 0 0.01 M M 8.1 16 250 M M 9 1 26 230
30 56 46 51 -6 14 0 0.34 M M 4.9 14 210 M M 9 1 18 210
31 61 44 53 -4 12 0 T M M 3.2 14 280 M M 2 16 280
================================================================================
SM 1926 1418 338 0 6.29 M 179.9 M 122
================================================================================
AV 62.1 45.7 5.8 FASTST M M 4 MAX(MPH)
MISC ----> 29 60 # 35 260
================================================================================
NOTES:
# LAST OF SEVERAL OCCURRENCES
COLUMN 17 PEAK WIND IN M.P.H.
PRELIMINARY LOCAL CLIMATOLOGICAL DATA (WS FORM: F-6) , PAGE 2
STATION: SAN DIEGO/MONTGOMERY FLD CA
MONTH: JANUARY
YEAR: 2023
LATITUDE: 32 49 N
LONGITUDE: 117 9 W
[TEMPERATURE DATA] [PRECIPITATION DATA] SYMBOLS USED IN COLUMN 16
AVERAGE MONTHLY: 53.9 TOTAL FOR MONTH: 6.29 1 = FOG OR MIST
DPTR FM NORMAL: -2.7 DPTR FM NORMAL: 3.97 2 = FOG REDUCING VISIBILITY
HIGHEST: 73 ON 12 GRTST 24HR 1.56 ON 15-16 TO 1/4 MILE OR LESS
LOWEST: 37 ON 24 3 = THUNDER
SNOW, ICE PELLETS, HAIL 4 = ICE PELLETS
TOTAL MONTH: M 5 = HAIL
GRTST 24HR M ON M 6 = FREEZING RAIN OR DRIZZLE
GRTST DEPTH: M ON M 7 = DUSTSTORM OR SANDSTORM:
VSBY 1/2 MILE OR LESS
8 = SMOKE OR HAZE
[NO. OF DAYS WITH] [WEATHER - DAYS WITH] 9 = BLOWING SNOW
X = TORNADO
MAX 32 OR BELOW: 0 0.01 INCH OR MORE: 14
MAX 90 OR ABOVE: 0 0.10 INCH OR MORE: 9
MIN 32 OR BELOW: 0 0.50 INCH OR MORE: 4
MIN 0 OR BELOW: 0 1.00 INCH OR MORE: 3
[HDD (BASE 65) ]
TOTAL THIS MO. 338 CLEAR (SCALE 0-3) 17
DPTR FM NORMAL 75 PTCLDY (SCALE 4-7) 5
TOTAL FM JUL 1 850 CLOUDY (SCALE 8-10) 9
DPTR FM NORMAL 156
[CDD (BASE 65) ]
TOTAL THIS MO. 0
DPTR FM NORMAL -4 [PRESSURE DATA]
TOTAL FM JAN 1 0 HIGHEST SLP 30.35 ON 26
DPTR FM NORMAL -4 LOWEST SLP 29.71 ON 16
[REMARKS]
#FINAL-01-23#