000
CXUS55 KBOI 181002
CF6MYL
PRELIMINARY LOCAL CLIMATOLOGICAL DATA (WS FORM: F-6)
STATION: MCCALL ID
MONTH: APRIL
YEAR: 2024
LATITUDE: 44 52 N
LONGITUDE: 116 6 W
TEMPERATURE IN F: :PCPN: SNOW: WIND :SUNSHINE: SKY :PK WND
================================================================================
1 2 3 4 5 6A 6B 7 8 9 10 11 12 13 14 15 16 17 18
12Z AVG MX 2MIN
DY MAX MIN AVG DEP HDD CDD WTR SNW DPTH SPD SPD DIR MIN PSBL S-S WX SPD DR
================================================================================
1 52 22 37 2 28 0 0.00 M M 5.3 17 10 M M 0 25 340
2 55 23 39 4 26 0 0.00 M M 2.6 9 190 M M 0 10 190
3 47 32 40 5 25 0 0.35 M M 3.8 16 150 M M 9 1 25 140
4 38 31 35 0 30 0 1.05 M M 1.8 9 220 M M 10 1 15 20
5 35 27 31 -5 34 0 0.21 M M 5.1 13 350 M M 9 18 20 360
6 34 25 30 -6 35 0 0.11 M M 2.6 12 300 M M 10 1 15 310
7 41 24 33 -3 32 0 0.04 M M 4.0 14 350 M M 6 1 22 340
8 40 16 28 -8 37 0 0.00 M M 3.2 9 190 M M 3 12 180
9 48 30 39 2 26 0 T M M 3.0 15 250 M M 8 20 220
10 50 22 36 -1 29 0 0.00 M M 3.5 10 20 M M 0 14 30
11 53 23 38 1 27 0 T M M 2.6 12 190 M M 2 15 170
12 62 31 47 9 18 0 0.04 M M 5.1 25 200 M M 3 36 220
13 68 32 50 12 15 0 0.01 M M 4.6 16 50 M M 2 1 22 50
14 63 31 47 9 18 0 T M M 3.1 16 320 M M 4 22 330
15 57 36 47 9 18 0 T M M 5.4 16 260 M M 6 23 260
16 47 30 39 0 26 0 T M M 6.1 18 20 M M 7 29 20
17 41 25 33 -6 32 0 0.00 M M 9.2 23 360 M M 2 34 40
================================================================================
SM 831 460 456 0 1.81 M 71.0 M 81
================================================================================
AV 48.9 27.1 4.2 FASTST M M 5 MAX(MPH)
MISC ----> 25 200 36 220
================================================================================
NOTES:
# LAST OF SEVERAL OCCURRENCES
COLUMN 17 PEAK WIND IN M.P.H.
PRELIMINARY LOCAL CLIMATOLOGICAL DATA (WS FORM: F-6) , PAGE 2
STATION: MCCALL ID
MONTH: APRIL
YEAR: 2024
LATITUDE: 44 52 N
LONGITUDE: 116 6 W
[TEMPERATURE DATA] [PRECIPITATION DATA] SYMBOLS USED IN COLUMN 16
AVERAGE MONTHLY: 38.0 TOTAL FOR MONTH: 1.81 1 = FOG OR MIST
DPTR FM NORMAL: 1.2 DPTR FM NORMAL: 0.34 2 = FOG REDUCING VISIBILITY
HIGHEST: 68 ON 13 GRTST 24HR 1.06 ON 4- 5 TO 1/4 MILE OR LESS
LOWEST: 16 ON 8 3 = THUNDER
SNOW, ICE PELLETS, HAIL 4 = ICE PELLETS
TOTAL MONTH: M 5 = HAIL
GRTST 24HR M ON M 6 = FREEZING RAIN OR DRIZZLE
GRTST DEPTH: M ON M 7 = DUSTSTORM OR SANDSTORM:
VSBY 1/2 MILE OR LESS
8 = SMOKE OR HAZE
[NO. OF DAYS WITH] [WEATHER - DAYS WITH] 9 = BLOWING SNOW
X = TORNADO
MAX 32 OR BELOW: 0 0.01 INCH OR MORE: 7
MAX 90 OR ABOVE: 0 0.10 INCH OR MORE: 4
MIN 32 OR BELOW: 16 0.50 INCH OR MORE: 1
MIN 0 OR BELOW: 0 1.00 INCH OR MORE: 1
[HDD (BASE 65) ]
TOTAL THIS MO. 456 CLEAR (SCALE 0-3) 8
DPTR FM NORMAL -25 PTCLDY (SCALE 4-7) 5
TOTAL FM JUL 1 7043 CLOUDY (SCALE 8-10) 4
DPTR FM NORMAL -508
[CDD (BASE 65) ]
TOTAL THIS MO. 0
DPTR FM NORMAL 0 [PRESSURE DATA]
TOTAL FM JAN 1 0 HIGHEST SLP M ON M
DPTR FM NORMAL 0 LOWEST SLP 29.43 ON 5
[REMARKS]