000
CXUS56 KSTO 031555
CF6MYV
PRELIMINARY LOCAL CLIMATOLOGICAL DATA (WS FORM: F-6)
STATION: MARYSVILLE AIRPORT CA
MONTH: JUNE
YEAR: 2020
LATITUDE: 39 5 N
LONGITUDE: 121 34 W
TEMPERATURE IN F: :PCPN: SNOW: WIND :SUNSHINE: SKY :PK WND
================================================================================
1 2 3 4 5 6A 6B 7 8 9 10 11 12 13 14 15 16 17 18
12Z AVG MX 2MIN
DY MAX MIN AVG DEP HDD CDD WTR SNW DPTH SPD SPD DIR MIN PSBL S-S WX SPD DR
================================================================================
1 87 64 76 6 0 11 0.00 0.0 0 5.4 12 300 M M 2 14 310
2 98 59 79 9 0 14 0.00 0.0 0 2.9 9 300 M M 0 13 300
3 101 62 82 11 0 17 0.00 0.0 0 4.0 10 230 M M 0 14 210
4 101 61 81 10 0 16 0.00 0.0 0 5.7 13 150 M M 0 8 24 80
5 84 59 72 1 0 7 0.00 0.0 0 19.5 29 170 M M 0 8 36 150
6 83 55 69 -3 0 4 0.00 0.0 0 12.7 24 260 M M 1 31 170
7 75 47 61 -11 4 0 0.00 0.0 0 5.2 16 330 M M 1 30 320
8 85 52 69 -3 0 4 0.00 0.0 0 9.3 18 320 M M 0 32 80
9 93 49 71 -1 0 6 0.00 0.0 0 2.4 10 280 M M 0 32 210
10 97 58 78 6 0 13 0.00 0.0 0 3.8 18 260 M M 0 34 260
11 95 64 80 7 0 15 0.00 0.0 0 8.8 18 200 M M 0 30 150
12 81 58 70 -3 0 5 0.02 0.0 0 13.8 23 130 M M 2 29 120
13 78 57 68 -5 0 3 0.00 0.0 0 7.8 20 140 M M 6 8 26 140
14 86 53 70 -3 0 5 0.00 0.0 0 3.9 12 290 M M 0 8 19 260
15 89 62 76 2 0 11 0.00 0.0 0 7.1 17 260 M M 0 21 260
16 83 55 69 -5 0 4 0.00 0.0 0 6.3 16 330 M M 0 21 330
17 90 59 75 1 0 10 0.00 0.0 0 17.1 26 330 M M 0 33 320
18 98 59 79 5 0 14 0.00 0.0 0 6.0 12 300 M M 0 16 180
19 99 59 79 5 0 14 0.00 0.0 0 5.1 13 160 M M 0 15 160
20 95 62 79 4 0 14 0.00 0.0 0 8.0 13 170 M M 0 16 160
21 99 62 81 6 0 16 0.00 0.0 0 4.8 12 320 M M 0 17 350
22 100 64 82 7 0 17 0.00 0.0 0 5.0 13 150 M M 0 17 170
23 101 66 84 9 0 19 0.00 0.0 0 6.9 15 190 M M 0 41 270
24 100 63 82 7 0 17 0.00 0.0 0 5.6 13 180 M M 0 18 190
25 104 67 86 10 0 21 0.00 0.0 0 6.4 16 150 M M 0 19 150
26 107 68 88 12 0 23 0.00 0.0 0 6.6 17 170 M M 0 22 160
27 95 64 80 4 0 15 0.00 0.0 0 14.3 21 160 M M 0 27 160
28 85 59 72 -4 0 7 0.00 0.0 0 9.7 20 160 M M 0 27 170
29 90 58 74 -2 0 9 0.00 0.0 0 11.4 24 320 M M 0 8 30 330
30 93 58 76 0 0 11 0.00 0.0 0 4.4 10 160 M M 0 29 260
================================================================================
SM 2772 1783 4 342 0.02 0.0 229.9 M 12
================================================================================
AV 92.4 59.4 7.7 FASTST M M 0 MAX(MPH)
MISC ----> # 29 170 # 41 270
================================================================================
NOTES:
# LAST OF SEVERAL OCCURRENCES
COLUMN 17 PEAK WIND IN M.P.H.
PRELIMINARY LOCAL CLIMATOLOGICAL DATA (WS FORM: F-6) , PAGE 2
STATION: MARYSVILLE AIRPORT CA
MONTH: JUNE
YEAR: 2020
LATITUDE: 39 5 N
LONGITUDE: 121 34 W
[TEMPERATURE DATA] [PRECIPITATION DATA] SYMBOLS USED IN COLUMN 16
AVERAGE MONTHLY: 75.9 TOTAL FOR MONTH: 0.02 1 = FOG OR MIST
DPTR FM NORMAL: 2.4 DPTR FM NORMAL: -0.35 2 = FOG REDUCING VISIBILITY
HIGHEST: 107 ON 26 GRTST 24HR 0.02 ON 12-12 TO 1/4 MILE OR LESS
LOWEST: 47 ON 7 3 = THUNDER
SNOW, ICE PELLETS, HAIL 4 = ICE PELLETS
TOTAL MONTH: 0.0 INCH 5 = HAIL
GRTST 24HR 0.0 6 = FREEZING RAIN OR DRIZZLE
GRTST DEPTH: 0 7 = DUSTSTORM OR SANDSTORM:
VSBY 1/2 MILE OR LESS
8 = SMOKE OR HAZE
[NO. OF DAYS WITH] [WEATHER - DAYS WITH] 9 = BLOWING SNOW
X = TORNADO
MAX 32 OR BELOW: 0 0.01 INCH OR MORE: 1
MAX 90 OR ABOVE: 19 0.10 INCH OR MORE: 0
MIN 32 OR BELOW: 0 0.50 INCH OR MORE: 0
MIN 0 OR BELOW: 0 1.00 INCH OR MORE: 0
[HDD (BASE 65) ]
TOTAL THIS MO. 4 CLEAR (SCALE 0-3) 29
DPTR FM NORMAL 0 PTCLDY (SCALE 4-7) 1
TOTAL FM JUL 1 2312 CLOUDY (SCALE 8-10) 0
DPTR FM NORMAL -423
[CDD (BASE 65) ]
TOTAL THIS MO. 342
DPTR FM NORMAL 81 [PRESSURE DATA]
TOTAL FM JAN 1 554 HIGHEST SLP 30.16 ON 8
DPTR FM NORMAL 168 LOWEST SLP 29.59 ON 28
[REMARKS]
#FINAL-06-20#