000
CXHW50 PHFO 011250
CF6NGF
PRELIMINARY LOCAL CLIMATOLOGICAL DATA (WS FORM: F-6)
STATION: KANEOHE BAY MCAS HI
MONTH: MARCH
YEAR: 2022
LATITUDE: 21 25 N
LONGITUDE: 157 46 W
TEMPERATURE IN F: :PCPN: SNOW: WIND :SUNSHINE: SKY :PK WND
================================================================================
1 2 3 4 5 6A 6B 7 8 9 10 11 12 13 14 15 16 17 18
12Z AVG MX 2MIN
DY MAX MIN AVG DEP HDD CDD WTR SNW DPTH SPD SPD DIR MIN PSBL S-S WX SPD DR
================================================================================
1 80 72 76 3 0 11 0.03 M M 2.7 8 30 M M 4 M M
2 81 72 77 4 0 12 0.00 M M 3.0 7 20 M M 3 M M
3 80 68 74 1 0 9 0.00 M M 5.4 13 340 M M 4 21 340
4 78 74 76 3 0 11 0.03 M M 6.1 12 20 M M 5 M M
5 78 72 75 2 0 10 0.00 M M 3.3 7 30 M M 4 M M
6 80 66 73 0 0 8 0.00 M M 4.3 11 110 M M 4 M M
7 80 69 75 2 0 10 0.00 M M 4.7 12 20 M M 4 M M
8 79 72 76 3 0 11 0.07 M M 8.7 13 30 M M 6 M M
9 78 70 74 1 0 9 0.00 M M 5.3 10 50 M M 5 M M
10 82 72 77 4 0 12 0.00 M M 6.2 10 60 M M 5 15 60
11 81 75 78 5 0 13 0.00 M M 7.1 12 60 M M 5 M M
12 81 74 78 4 0 13 0.00 M M 9.2 12 60 M M 5 18 60
13 81 74 78 4 0 13 T M M 7.8 12 70 M M 4 16 80
14 80 73 77 3 0 12 0.00 M M 7.4 12 60 M M 3 16 80
15 80 74 77 3 0 12 0.00 M M 6.6 10 70 M M 6 M M
16 83 77 80 6 0 15 T M M 6.6 12 70 M M 6 15 90
17 80 74 77 3 0 12 0.00 M M 8.7 11 80 M M 6 15 50
18 75 75 75 1 0 10 0.00 M M 9.9 11 80 M M 4 18 70
19 80 75 78 4 0 13 0.00 M M 6.4 8 70 M M 5 M M
20 75 75 75 1 0 10 0.02 M M 5.6 8 90 M M 8 M M
21 M M M M M M 0.00 M M 1.7 8 20 M M 3 M M
22 80 74 77 3 0 12 0.11 M M 9.7 16 50 M M 5 22 80
23 82 74 78 4 0 13 0.00 M M 12.1 15 60 M M 4 21 60
24 81 71 76 2 0 11 0.00 M M 12.9 19 40 M M 5 25 40
25 78 74 76 2 0 11 0.13 M M 15.3 20 30 M M 8 1 25 50
26 79 74 77 3 0 12 0.00 M M 13.5 18 30 M M 7 M M
27 80 72 76 2 0 11 T M M 8.8 12 50 M M 5 M M
28 81 72 77 3 0 12 0.04 M M 5.6 10 120 M M 5 M M
29 81 74 78 4 0 13 0.00 M M 6.2 11 110 M M 3 15 80
30 81 74 78 4 0 13 0.06 M M 7.6 10 60 M M 7 15 70
31 78 72 75 1 0 10 0.14 M M 9.8 16 50 M M 7 1 22 60
================================================================================
SM 2393 2184 0 344 0.63 M 228.2 M 155
================================================================================
AV 79.8 72.8 7.4 FASTST M M 5 MAX(MPH)
MISC ----> 20 30 # 25 40
================================================================================
NOTES:
# LAST OF SEVERAL OCCURRENCES
COLUMN 17 PEAK WIND IN M.P.H.
PRELIMINARY LOCAL CLIMATOLOGICAL DATA (WS FORM: F-6) , PAGE 2
STATION: KANEOHE BAY MCAS HI
MONTH: MARCH
YEAR: 2022
LATITUDE: 21 25 N
LONGITUDE: 157 46 W
[TEMPERATURE DATA] [PRECIPITATION DATA] SYMBOLS USED IN COLUMN 16
AVERAGE MONTHLY: 76.3 TOTAL FOR MONTH: 0.63 1 = FOG OR MIST
DPTR FM NORMAL: 2.6 DPTR FM NORMAL: -2.99 2 = FOG REDUCING VISIBILITY
HIGHEST: 83 ON 16 GRTST 24HR 0.14 ON 31-31 TO 1/4 MILE OR LESS
LOWEST: 66 ON 6 3 = THUNDER
SNOW, ICE PELLETS, HAIL 4 = ICE PELLETS
TOTAL MONTH: M 5 = HAIL
GRTST 24HR M ON M 6 = FREEZING RAIN OR DRIZZLE
GRTST DEPTH: M ON M 7 = DUSTSTORM OR SANDSTORM:
VSBY 1/2 MILE OR LESS
8 = SMOKE OR HAZE
[NO. OF DAYS WITH] [WEATHER - DAYS WITH] 9 = BLOWING SNOW
X = TORNADO
MAX 32 OR BELOW: 0 0.01 INCH OR MORE: 9
MAX 90 OR ABOVE: 0 0.10 INCH OR MORE: 3
MIN 32 OR BELOW: 0 0.50 INCH OR MORE: 0
MIN 0 OR BELOW: 0 1.00 INCH OR MORE: 0
[HDD (BASE 65) ]
TOTAL THIS MO. 0 CLEAR (SCALE 0-3) 1
DPTR FM NORMAL 0 PTCLDY (SCALE 4-7) 29
TOTAL FM JUL 1 0 CLOUDY (SCALE 8-10) 1
DPTR FM NORMAL 0
[CDD (BASE 65) ]
TOTAL THIS MO. 344
DPTR FM NORMAL 74 [PRESSURE DATA]
TOTAL FM JAN 1 859 HIGHEST SLP M ON M
DPTR FM NORMAL 101 LOWEST SLP 29.88 ON 3
[REMARKS]
#FINAL-03-22#