000
CXUS51 KOKX 010910
CF6NYC
PRELIMINARY LOCAL CLIMATOLOGICAL DATA (WS FORM: F-6)
STATION: CENTRAL PARK NY
MONTH: APRIL
YEAR: 2022
LATITUDE: 40 46 N
LONGITUDE: 73 58 W
TEMPERATURE IN F: :PCPN: SNOW: WIND :SUNSHINE: SKY :PK WND
================================================================================
1 2 3 4 5 6A 6B 7 8 9 10 11 12 13 14 15 16 17 18
12Z AVG MX 2MIN
DY MAX MIN AVG DEP HDD CDD WTR SNW DPTH SPD SPD DIR MIN PSBL S-S WX SPD DR
================================================================================
1 61 43 52 4 13 0 0.28 0.0 0 8.8 22 280 M M 9 1 34 290
2 54 38 46 -2 19 0 0.00 0.0 0 6.2 20 300 M M 3 30 300
3 48 40 44 -5 21 0 0.12 0.0 0 4.0 14 300 M M 6 1 23 290
4 54 39 47 -2 18 0 0.00 0.0 0 6.7 16 310 M M 2 22 310
5 57 45 51 1 14 0 0.04 0.0 0 3.3 13 150 M M 9 1 18 170
6 53 44 49 -1 16 0 0.45 0.0 0 10.8 22 80 M M 10 1 36 40
7 54 45 50 0 15 0 1.12 0.0 0 7.3 18 120 M M 10 138 31 120
8 65 49 57 6 8 0 0.03 0.0 0 6.7 15 240 M M 4 1 24 230
9 55 47 51 0 14 0 0.05 0.0 0 5.0 17 280 M M 8 8 28 220
10 50 42 46 -6 19 0 T 0.0 0 9.7 21 300 M M 8 32 300
11 61 40 51 -1 14 0 0.00 0.0 0 4.8 12 300 M M 1 17 190
12 72 50 61 9 4 0 0.07 0.0 0 3.9 12 310 M M 4 1 18 300
13 71 55 63 10 2 0 0.00 0.0 0 3.9 14 170 M M 3 19 170
14 79 57 68 15 0 3 0.06 0.0 0 4.7 16 290 M M 3 38 26 320
15 70 52 61 7 4 0 0.00 0.0 0 5.9 15 190 M M 1 25 200
16 73 44 59 5 6 0 0.20 0.0 0 6.3 14 350 M M 3 1 26 220
17 51 41 46 -8 19 0 0.00 0.0 0 7.0 18 300 M M 3 29 320
18 54 39 47 -8 18 0 0.85 0.0 0 7.7 21 70 M M 4 1 32 70
19 50 39 45 -10 20 0 1.24 0.0 0 10.6 25 60 M M 7 1 37 50
20 60 42 51 -5 14 0 0.00 0.0 0 6.2 20 300 M M 2 29 300
21 59 44 52 -4 13 0 0.00 0.0 0 6.0 16 180 M M 3 25 140
22 70 53 62 6 3 0 0.00 0.0 0 6.2 15 300 M M 0 24 320
23 65 51 58 2 7 0 0.00 0.0 0 5.2 10 170 M M 5 8 17 190
24 63 48 56 -1 9 0 0.00 0.0 0 5.3 14 60 M M 2 21 130
25 58 46 52 -5 13 0 0.00 0.0 0 5.0 12 130 M M 7 18 120
26 60 52 56 -2 9 0 0.02 0.0 0 3.4 10 50 M M 10 18 18 120
27 58 41 50 -8 15 0 0.00 0.0 0 10.4 20 300 M M 5 32 320
28 58 40 49 -9 16 0 0.00 0.0 0 10.2 21 300 M M 3 34 320
29 63 41 52 -6 13 0 0.00 0.0 0 7.8 18 300 M M 0 26 300
30 68 44 56 -3 9 0 0.00 0.0 0 3.0 13 300 M M 0 19 290
================================================================================
SM 1814 1351 365 3 4.53 0.0 192.0 M 135
================================================================================
AV 60.5 45.0 6.4 FASTST M M 5 MAX(MPH)
MISC ----> 25 60 37 50
================================================================================
NOTES:
# LAST OF SEVERAL OCCURRENCES
COLUMN 17 PEAK WIND IN M.P.H.
PRELIMINARY LOCAL CLIMATOLOGICAL DATA (WS FORM: F-6) , PAGE 2
STATION: CENTRAL PARK NY
MONTH: APRIL
YEAR: 2022
LATITUDE: 40 46 N
LONGITUDE: 73 58 W
[TEMPERATURE DATA] [PRECIPITATION DATA] SYMBOLS USED IN COLUMN 16
AVERAGE MONTHLY: 52.8 TOTAL FOR MONTH: 4.53 1 = FOG OR MIST
DPTR FM NORMAL: -1.0 DPTR FM NORMAL: 0.44 2 = FOG REDUCING VISIBILITY
HIGHEST: 79 ON 14 GRTST 24HR 2.09 ON 18-19 TO 1/4 MILE OR LESS
LOWEST: 38 ON 2 3 = THUNDER
SNOW, ICE PELLETS, HAIL 4 = ICE PELLETS
TOTAL MONTH: 0.0 INCH 5 = HAIL
GRTST 24HR 0.0 6 = FREEZING RAIN OR DRIZZLE
GRTST DEPTH: 0 7 = DUSTSTORM OR SANDSTORM:
VSBY 1/2 MILE OR LESS
8 = SMOKE OR HAZE
[NO. OF DAYS WITH] [WEATHER - DAYS WITH] 9 = BLOWING SNOW
X = TORNADO
MAX 32 OR BELOW: 0 0.01 INCH OR MORE: 13
MAX 90 OR ABOVE: 0 0.10 INCH OR MORE: 7
MIN 32 OR BELOW: 0 0.50 INCH OR MORE: 3
MIN 0 OR BELOW: 0 1.00 INCH OR MORE: 2
[HDD (BASE 65) ]
TOTAL THIS MO. 365 CLEAR (SCALE 0-3) 14
DPTR FM NORMAL 11 PTCLDY (SCALE 4-7) 10
TOTAL FM JUL 1 4136 CLOUDY (SCALE 8-10) 6
DPTR FM NORMAL -280
[CDD (BASE 65) ]
TOTAL THIS MO. 3
DPTR FM NORMAL -11 [PRESSURE DATA]
TOTAL FM JAN 1 3 HIGHEST SLP M ON M
DPTR FM NORMAL -12 LOWEST SLP 29.41 ON 1
[REMARKS]
#FINAL-04-22#