000
CXUS55 KPSR 011432
CLMNYL
CLIMATE REPORT
NATIONAL WEATHER SERVICE PHOENIX AZ
732 AM MST FRI MAR 01 2024
...................................
...THE YUMA AZ CLIMATE SUMMARY FOR THE MONTH OF FEBRUARY 2024...
CLIMATE NORMAL PERIOD 1991 TO 2020
CLIMATE RECORD PERIOD 1876 TO 2024
WEATHER OBSERVED NORMAL DEPART LAST YEAR`S
VALUE DATE(S) VALUE FROM VALUE
NORMAL
..............................................................
TEMPERATURE (F)
RECORD
HIGH 97 02/28/1986
LOW 27 02/13/1948
HIGHEST 80 02/25 85 -5
LOWEST 41 02/12 40 1
02/13
AVG. MAXIMUM 71.8 73.4 -1.6
AVG. MINIMUM 50.9 50.4 0.5
MEAN 61.3 61.9 -0.6
DAYS MAX >= 90 0 0.1 -0.1
DAYS MAX >= 100 0
DAYS MAX >= 110 0
DAYS MIN <= 32 0 0.1 -0.1
DAYS MIN >= 90 0
PRECIPITATION (INCHES)
RECORD
MAXIMUM 3.43 1905
MINIMUM 0.00 2021
TOTALS 0.49 0.38 0.11
DAYS >= .01 3 2.3 0.7
DAYS >= .10 2 1.2 0.8
DAYS >= .50 0 0.3 -0.3
DAYS >= 1.00 0 0.0 0.0
GREATEST
24 HR. TOTAL 0.30 02/06 TO 02/06
DEGREE DAYS
HEATING TOTAL 120 118 2
SINCE 7/1 511 626 -115
COOLING TOTAL 20 32 -12
SINCE 1/1 21 37 -16
..............................................................
WIND (MPH)
AVERAGE WIND SPEED 5.5
HIGHEST GUST SPEED/DIRECTION 55/260 DATE 02/06
AVERAGE RH (PERCENT) 51
WEATHER CONDITIONS. NUMBER OF DAYS WITH
THUNDERSTORM 2 HEAVY RAIN 1
RAIN 2 LIGHT RAIN 3
FOG W/VIS <= 1/4 MILE 0
- INDICATES NEGATIVE NUMBERS.
R INDICATES RECORD WAS SET OR TIED.
MM INDICATES DATA IS MISSING.
T INDICATES TRACE AMOUNT.
$$