000
CXUS53 KOAX 221710 CCA
CLMOAX
CLIMATE REPORT...CORRECTED TEMPERATURES
NATIONAL WEATHER SERVICE OMAHA/VALLEY NE
1210 PM CDT SAT JUL 22 2023
...................................
...THE VALLEY NWS NE CLIMATE SUMMARY FOR THE MONTH OF JUNE 2023...
CLIMATE NORMAL PERIOD 1991 TO 2020
CLIMATE RECORD PERIOD 1997 TO 2023
WEATHER OBSERVED NORMAL DEPART
VALUE DATE(S) VALUE FROM
NORMAL
................................................
TEMPERATURE (F)
HIGHEST 95 06/19
LOWEST 49 06/12
AVG. MAXIMUM 87.2 82.9 4.3
AVG. MINIMUM 64.0 64.0 -0.0
MEAN 75.6 73.5 2.1
DAYS MAX >= 90 13
DAYS MAX <= 32 0
DAYS MIN <= 32 0
DAYS MIN <= 0 0
PRECIPITATION (INCHES)
TOTALS 3.15 5.29 -2.14
DAYS >= .01 10
DAYS >= .10 6
DAYS >= .50 4
DAYS >= 1.00 0
GREATEST
24 HR. TOTAL 0.93 06/01 TO 06/01
SNOWFALL (INCHES)
TOTALS 0.0 0.0 0.0
SINCE 7/1 14.8
DAYS >= 1.0 0
GREATEST
SNOW DEPTH 0
24 HR TOTAL MM
DEGREE DAYS
HEATING TOTAL 4 12 -8
SINCE 7/1 5821 5940 -119
COOLING TOTAL 322 266 56
SINCE 1/1 499 358 141
................................................
WIND (MPH)
HIGHEST GUST SPEED/DIRECTION 44/MM
WEATHER CONDITIONS. NUMBER OF DAYS WITH
THUNDERSTORM 7 MIXED PRECIP 0
HEAVY RAIN 2 RAIN 3
LIGHT RAIN 14 FREEZING RAIN 0
LT FREEZING RAIN 0 HAIL 0
HEAVY SNOW 0 SNOW 0
LIGHT SNOW 0 SLEET 0
FOG 0 FOG W/VIS <= 1/4 MILE 0
HAZE 4
- INDICATES NEGATIVE NUMBERS.
R INDICATES RECORD WAS SET OR TIED.
MM INDICATES DATA IS MISSING.
T INDICATES TRACE AMOUNT.
&&
JUNE IN VALLEY WAS WARMER AND DRIER THAN NORMAL. THE MONTH ENDED UP
1.9 DEGREES ABOVE NORMAL FOR AVERAGE TEMPERATURE AND 2.14 INCHES
BELOW NORMAL FOR PRECIPITATION.
$$
DEWALD