000
CXUS52 KCAE 011400
CF6OGB
PRELIMINARY LOCAL CLIMATOLOGICAL DATA (WS FORM: F-6)
STATION: ORANGEBURG AIRPORT SC
MONTH: SEPTEMBER
YEAR: 2021
LATITUDE: 33 27 N
LONGITUDE: 80 51 W
TEMPERATURE IN F: :PCPN: SNOW: WIND :SUNSHINE: SKY :PK WND
================================================================================
1 2 3 4 5 6A 6B 7 8 9 10 11 12 13 14 15 16 17 18
12Z AVG MX 2MIN
DY MAX MIN AVG DEP HDD CDD WTR SNW DPTH SPD SPD DIR MIN PSBL S-S WX SPD DR
================================================================================
1 85 74 80 1 0 15 T M M 10.3 20 240 M M 9 26 240
2 85 70 78 -1 0 13 0.00 M M 7.1 15 20 M M 3 20 60
3 83 61 72 -7 0 7 0.00 M M 5.6 13 20 M M 0 18 30
4 85 57 71 -7 0 6 0.00 M M 1.8 12 40 M M 0 1 16 40
5 87 59 73 -5 0 8 0.00 M M 2.7 13 230 M M 1 1 16 250
6 91 66 79 1 0 14 0.11 M M 2.6 17 300 M M 7 12 22 290
7 87 72 80 2 0 15 T M M 2.6 12 190 M M 6 1 14 200
8 87 71 79 1 0 14 0.59 M M 4.2 13 250 M M 5 12 17 250
9 86 66 76 -2 0 11 0.24 M M 3.9 15 10 M M 5 1 20 360
10 84 62 73 -4 0 8 0.00 M M 3.2 13 20 M M 0 17 30
11 85 58 72 -5 0 7 0.00 M M 1.1 9 140 M M 0 1 12 50
12 86 60 73 -4 0 8 0.00 M M 0.7 7 110 M M 0 1 10 100
13 87 60 74 -3 0 9 0.00 M M 1.9 10 220 M M 0 1 13 190
14 87 66 77 1 0 12 0.00 M M 2.1 12 200 M M 3 12 16 180
15 89 68 79 3 0 14 0.93 M M 2.3 15 20 M M 6 12 19 70
16 84 70 77 1 0 12 1.26 M M 3.7 15 170 M M 5 12 21 150
17 87 70 79 3 0 14 0.12 M M 1.4 8 30 M M 4 1 10 20
18 89 71 80 5 0 15 0.00 M M 2.7 10 30 M M 3 1 13 40
19 86 71 79 4 0 14 0.00 M M 3.9 12 120 M M 1 1 16 110
20 83 73 78 3 0 13 0.04 M M 5.9 13 140 M M 6 1 20 140
21 85 73 79 4 0 14 0.50 M M 4.2 10 130 M M 10 1 14 120
22 88 67 78 4 0 13 0.05 M M 6.1 17 200 M M 7 1 23 200
23 78 58 68 -6 0 3 0.00 M M 5.4 13 280 M M 0 16 290
24 77 55 66 -8 0 1 0.00 M M 3.5 13 40 M M 0 21 30
25 80 53 67 -6 0 2 0.00 M M 2.3 10 310 M M 0 15 20
26 84 56 70 -3 0 5 0.00 M M 2.0 9 20 M M 1 12 70
27 83 57 70 -3 0 5 0.00 M M 3.2 12 220 M M 0 12 15 220
28 86 60 73 1 0 8 0.00 M M 3.2 14 240 M M 0 1 17 240
29 88 61 75 3 0 10 0.00 M M 1.2 8 230 M M 1 12 11 270
30 89 63 76 4 0 11 0.00 M M 1.3 9 190 M M 1 1 11 180
================================================================================
SM 2561 1928 0 301 3.84 M 102.1 M 84
================================================================================
AV 85.4 64.3 3.4 FASTST M M 3 MAX(MPH)
MISC ----> 20 240 26 240
================================================================================
NOTES:
# LAST OF SEVERAL OCCURRENCES
COLUMN 17 PEAK WIND IN M.P.H.
PRELIMINARY LOCAL CLIMATOLOGICAL DATA (WS FORM: F-6) , PAGE 2
STATION: ORANGEBURG AIRPORT SC
MONTH: SEPTEMBER
YEAR: 2021
LATITUDE: 33 27 N
LONGITUDE: 80 51 W
[TEMPERATURE DATA] [PRECIPITATION DATA] SYMBOLS USED IN COLUMN 16
AVERAGE MONTHLY: 74.8 TOTAL FOR MONTH: 3.84 1 = FOG OR MIST
DPTR FM NORMAL: -1.0 DPTR FM NORMAL: -0.14 2 = FOG REDUCING VISIBILITY
HIGHEST: 91 ON 6 GRTST 24HR 1.26 ON 15-16 TO 1/4 MILE OR LESS
LOWEST: 53 ON 25 3 = THUNDER
SNOW, ICE PELLETS, HAIL 4 = ICE PELLETS
TOTAL MONTH: M 5 = HAIL
GRTST 24HR M ON M 6 = FREEZING RAIN OR DRIZZLE
GRTST DEPTH: M ON M 7 = DUSTSTORM OR SANDSTORM:
VSBY 1/2 MILE OR LESS
8 = SMOKE OR HAZE
[NO. OF DAYS WITH] [WEATHER - DAYS WITH] 9 = BLOWING SNOW
X = TORNADO
MAX 32 OR BELOW: 0 0.01 INCH OR MORE: 9
MAX 90 OR ABOVE: 1 0.10 INCH OR MORE: 7
MIN 32 OR BELOW: 0 0.50 INCH OR MORE: 4
MIN 0 OR BELOW: 0 1.00 INCH OR MORE: 1
[HDD (BASE 65) ]
TOTAL THIS MO. 0 CLEAR (SCALE 0-3) 18
DPTR FM NORMAL -3 PTCLDY (SCALE 4-7) 10
TOTAL FM JUL 1 0 CLOUDY (SCALE 8-10) 2
DPTR FM NORMAL 0
[CDD (BASE 65) ]
TOTAL THIS MO. 301
DPTR FM NORMAL -26 [PRESSURE DATA]
TOTAL FM JAN 1 2044 HIGHEST SLP 30.33 ON 12
DPTR FM NORMAL -61 LOWEST SLP 29.69 ON 1
[REMARKS]
#FINAL-09-21#