000
CXHW52 PHFO 011250
CF6OGG
PRELIMINARY LOCAL CLIMATOLOGICAL DATA (WS FORM: F-6)
STATION: KAHULUI HI
MONTH: APRIL
YEAR: 2022
LATITUDE: 20 53 N
LONGITUDE: 156 26 W
TEMPERATURE IN F: :PCPN: SNOW: WIND :SUNSHINE: SKY :PK WND
================================================================================
1 2 3 4 5 6A 6B 7 8 9 10 11 12 13 14 15 16 17 18
12Z AVG MX 2MIN
DY MAX MIN AVG DEP HDD CDD WTR SNW DPTH SPD SPD DIR MIN PSBL S-S WX SPD DR
================================================================================
1 87 71 79 4 0 14 T M M 17.1 33 40 M M 2 39 40
2 85 71 78 3 0 13 T M M 18.9 31 70 M M 3 41 60
3 83 72 78 3 0 13 T M M 20.1 36 80 M M 3 46 70
4 85 69 77 2 0 12 T M M 16.1 29 60 M M 3 39 60
5 87 72 80 5 0 15 0.00 M M 13.1 24 40 M M 2 29 40
6 86 71 79 4 0 14 T M M 13.6 26 60 M M 4 35 60
7 86 72 79 4 0 14 0.00 M M 20.2 30 70 M M 1 41 90
8 84 68 76 1 0 11 T M M 17.9 30 70 M M 5 40 70
9 86 64 75 0 0 10 0.00 M M 13.0 29 70 M M 4 41 70
10 88 68 78 3 0 13 0.00 M M 13.3 26 70 M M 3 35 70
11 88 73 81 6 0 16 0.00 M M 13.9 28 60 M M 4 35 70
12 89 68 79 4 0 14 0.00 M M 13.3 26 60 M M 2 35 80
13 87 66 77 1 0 12 0.00 M M 12.9 25 70 M M 3 8 33 60
14 86 69 78 2 0 13 0.00 M M 16.3 29 50 M M 2 36 60
15 84 70 77 1 0 12 0.03 M M 16.2 30 40 M M 4 1 37 50
16 82 69 76 0 0 11 0.03 M M 11.8 26 70 M M 6 18 36 90
17 85 68 77 1 0 12 T M M 15.7 29 40 M M 4 35 40
18 83 70 77 1 0 12 T M M 15.6 25 30 M M 3 29 30
19 84 70 77 1 0 12 T M M 17.6 32 30 M M 3 8 37 30
20 86 70 78 2 0 13 T M M 18.1 31 60 M M 4 40 60
21 87 70 79 3 0 14 0.00 M M 17.1 29 40 M M 3 38 60
22 85 73 79 3 0 14 0.01 M M 16.1 26 60 M M 4 8 36 60
23 87 70 79 3 0 14 0.00 M M 16.7 30 70 M M 4 41 70
24 87 73 80 4 0 15 T M M 19.6 30 60 M M 4 39 70
25 86 72 79 3 0 14 T M M 18.6 30 60 M M 4 8 40 70
26 86 70 78 2 0 13 0.02 M M 16.4 26 40 M M 5 35 70
27 85 68 77 1 0 12 T M M 10.9 28 70 M M 4 36 70
28 90 66 78 2 0 13 0.00 M M 12.0 25 50 M M 2 32 50
29 87 71 79 3 0 14 0.00 M M 16.4 31 70 M M 3 42 60
30 85 71 78 2 0 13 T M M 16.8 24 60 M M 3 31 60
================================================================================
SM 2576 2095 0 392 0.09 M 475.3 M 101
================================================================================
AV 85.9 69.8 15.8 FASTST M M 3 MAX(MPH)
MISC ----> 36 80 46 70
================================================================================
NOTES:
# LAST OF SEVERAL OCCURRENCES
COLUMN 17 PEAK WIND IN M.P.H.
PRELIMINARY LOCAL CLIMATOLOGICAL DATA (WS FORM: F-6) , PAGE 2
STATION: KAHULUI HI
MONTH: APRIL
YEAR: 2022
LATITUDE: 20 53 N
LONGITUDE: 156 26 W
[TEMPERATURE DATA] [PRECIPITATION DATA] SYMBOLS USED IN COLUMN 16
AVERAGE MONTHLY: 77.9 TOTAL FOR MONTH: 0.09 1 = FOG OR MIST
DPTR FM NORMAL: 2.4 DPTR FM NORMAL: -1.23 2 = FOG REDUCING VISIBILITY
HIGHEST: 90 ON 28 GRTST 24HR 0.06 ON 15-16 TO 1/4 MILE OR LESS
LOWEST: 64 ON 9 3 = THUNDER
SNOW, ICE PELLETS, HAIL 4 = ICE PELLETS
TOTAL MONTH: M 5 = HAIL
GRTST 24HR M ON M 6 = FREEZING RAIN OR DRIZZLE
GRTST DEPTH: M ON M 7 = DUSTSTORM OR SANDSTORM:
VSBY 1/2 MILE OR LESS
8 = SMOKE OR HAZE
[NO. OF DAYS WITH] [WEATHER - DAYS WITH] 9 = BLOWING SNOW
X = TORNADO
MAX 32 OR BELOW: 0 0.01 INCH OR MORE: 4
MAX 90 OR ABOVE: 1 0.10 INCH OR MORE: 0
MIN 32 OR BELOW: 0 0.50 INCH OR MORE: 0
MIN 0 OR BELOW: 0 1.00 INCH OR MORE: 0
[HDD (BASE 65) ]
TOTAL THIS MO. 0 CLEAR (SCALE 0-3) 12
DPTR FM NORMAL 0 PTCLDY (SCALE 4-7) 18
TOTAL FM JUL 1 0 CLOUDY (SCALE 8-10) 0
DPTR FM NORMAL 0
[CDD (BASE 65) ]
TOTAL THIS MO. 392
DPTR FM NORMAL 76 [PRESSURE DATA]
TOTAL FM JAN 1 1219 HIGHEST SLP 30.21 ON 19
DPTR FM NORMAL 155 LOWEST SLP 29.89 ON 28
[REMARKS]
#FINAL-04-22#