000
CXUS53 KEAX 010736
CF6OJC
PRELIMINARY LOCAL CLIMATOLOGICAL DATA (WS FORM: F-6)
STATION: JOHNSON COUNTY EXECUTIVE KS
MONTH: OCTOBER
YEAR: 2022
LATITUDE: 38 50 N
LONGITUDE: 94 44 W
TEMPERATURE IN F: :PCPN: SNOW: WIND :SUNSHINE: SKY :PK WND
================================================================================
1 2 3 4 5 6A 6B 7 8 9 10 11 12 13 14 15 16 17 18
12Z AVG MX 2MIN
DY MAX MIN AVG DEP HDD CDD WTR SNW DPTH SPD SPD DIR MIN PSBL S-S WX SPD DR
================================================================================
1 78 52 65 2 0 0 0.00 M M 6.3 13 120 M M 0 17 50
2 81 53 67 5 0 2 0.00 M M 5.0 12 120 M M 0 16 140
3 81 53 67 5 0 2 0.00 M M 6.4 13 160 M M 0 17 170
4 82 54 68 6 0 3 0.00 M M 7.3 12 170 M M 0 18 110
5 81 59 70 9 0 5 T M M 5.8 14 320 M M 5 21 310
6 82 56 69 8 0 4 0.00 M M 9.2 22 30 M M 0 30 20
7 60 45 53 -7 12 0 0.00 M M 8.7 15 10 M M 2 23 10
8 64 36 50 -10 15 0 0.00 M M 2.1 10 320 M M 1 14 310
9 76 42 59 -1 6 0 0.00 M M 5.4 16 230 M M 0 23 220
10 81 49 65 6 0 0 0.00 M M 4.6 14 200 M M 1 20 210
11 78 62 70 11 0 5 0.04 M M 15.1 26 200 M M 5 1 45 180
12 73 51 62 4 3 0 0.43 M M 9.9 24 320 M M 3 13 35 320
13 66 46 56 -2 9 0 0.00 M M 10.3 26 310 M M 0 43 320
14 75 41 58 0 7 0 0.00 M M 10.2 24 260 M M 2 37 270
15 70 38 54 -3 11 0 0.00 M M 3.1 10 180 M M 0 15 180
16 68 46 57 0 8 0 0.00 M M 9.5 18 320 M M 1 26 300
17 50 35 43 -13 22 0 0.00 M M 10.1 22 330 M M 0 35 340
18 45 27 36 -20 29 0 0.00 M M 7.2 16 360 M M 0 24 360
19 56 26 41 -15 24 0 0.00 M M 5.4 13 300 M M 0 19 290
20 76 37 57 2 8 0 0.00 M M 5.6 13 270 M M 0 20 260
21 86 50 68 13 0 3 0.00 M M 10.3 21 200 M M 0 31 200
22 80 61 71 17 0 6 0.00 M M 13.9 25 180 M M 0 38 200
23 84 68 76 22 0 11 0.00 M M 19.5 35 170 M M 1 49 170
24 75 47 61 7 4 0 1.00 M M 11.1 24 180 M M 8 13 38 190
25 56 41 49 -4 16 0 0.00 M M 9.2 29 360 M M 1 42 330
26 64 40 52 -1 13 0 0.00 M M 5.5 10 60 M M 0 15 100
27 61 45 53 1 12 0 0.00 M M 9.2 18 160 M M 0 26 160
28 68 45 57 5 8 0 0.00 M M 5.8 14 60 M M 2 18 40
29 69 44 57 6 8 0 0.00 M M 5.3 13 40 M M 0 15 30
30 65 52 59 8 6 0 T M M 5.4 12 10 M M 5 16 40
31 70 47 59 9 6 0 0.00 M M 3.1 10 270 M M 1 18 270
================================================================================
SM 2201 1448 227 41 1.47 M 245.5 M 38
================================================================================
AV 71.0 46.7 7.9 FASTST M M 1 MAX(MPH)
MISC ----> 35 170 49 170
================================================================================
NOTES:
# LAST OF SEVERAL OCCURRENCES
COLUMN 17 PEAK WIND IN M.P.H.
PRELIMINARY LOCAL CLIMATOLOGICAL DATA (WS FORM: F-6) , PAGE 2
STATION: JOHNSON COUNTY EXECUTIVE KS
MONTH: OCTOBER
YEAR: 2022
LATITUDE: 38 50 N
LONGITUDE: 94 44 W
[TEMPERATURE DATA] [PRECIPITATION DATA] SYMBOLS USED IN COLUMN 16
AVERAGE MONTHLY: 58.9 TOTAL FOR MONTH: 1.47 1 = FOG OR MIST
DPTR FM NORMAL: 2.2 DPTR FM NORMAL: -1.54 2 = FOG REDUCING VISIBILITY
HIGHEST: 86 ON 21 GRTST 24HR 1.00 ON 24-24 TO 1/4 MILE OR LESS
LOWEST: 26 ON 19 3 = THUNDER
SNOW, ICE PELLETS, HAIL 4 = ICE PELLETS
TOTAL MONTH: M 5 = HAIL
GRTST 24HR M ON M 6 = FREEZING RAIN OR DRIZZLE
GRTST DEPTH: M ON M 7 = DUSTSTORM OR SANDSTORM:
VSBY 1/2 MILE OR LESS
8 = SMOKE OR HAZE
[NO. OF DAYS WITH] [WEATHER - DAYS WITH] 9 = BLOWING SNOW
X = TORNADO
MAX 32 OR BELOW: 0 0.01 INCH OR MORE: 3
MAX 90 OR ABOVE: 0 0.10 INCH OR MORE: 2
MIN 32 OR BELOW: 2 0.50 INCH OR MORE: 1
MIN 0 OR BELOW: 0 1.00 INCH OR MORE: 1
[HDD (BASE 65) ]
TOTAL THIS MO. 227 CLEAR (SCALE 0-3) 27
DPTR FM NORMAL -58 PTCLDY (SCALE 4-7) 4
TOTAL FM JUL 1 246 CLOUDY (SCALE 8-10) 0
DPTR FM NORMAL -91
[CDD (BASE 65) ]
TOTAL THIS MO. 41
DPTR FM NORMAL 14 [PRESSURE DATA]
TOTAL FM JAN 1 1734 HIGHEST SLP M ON M
DPTR FM NORMAL 384 LOWEST SLP 29.50 ON 23
[REMARKS]
#FINAL-10-22#