000
CXUS55 KEAX 010736
CF6OJC
PRELIMINARY LOCAL CLIMATOLOGICAL DATA (WS FORM: F-6)
STATION: JOHNSON COUNTY EXECUTIVE KS
MONTH: MAY
YEAR: 2020
LATITUDE: 38 50 N
LONGITUDE: 94 44 W
TEMPERATURE IN F: :PCPN: SNOW: WIND :SUNSHINE: SKY :PK WND
================================================================================
1 2 3 4 5 6A 6B 7 8 9 10 11 12 13 14 15 16 17 18
12Z AVG MX 2MIN
DY MAX MIN AVG DEP HDD CDD WTR SNW DPTH SPD SPD DIR MIN PSBL S-S WX SPD DR
================================================================================
1 79 50 65 5 0 0 0.00 M M 10.3 29 170 M M 0 41 200
2 82 60 71 11 0 6 0.00 M M 7.6 16 20 M M 4 23 30
3 73 59 66 5 0 1 T M M 9.8 23 70 M M 4 32 60
4 60 49 55 -6 10 0 0.81 M M 10.0 30 240 M M 6 13 58 240
5 71 50 61 0 4 0 0.00 M M 13.6 29 320 M M 3 40 320
6 62 43 53 -9 12 0 0.00 M M 5.8 14 350 M M 4 21 330
7 60 39 50 -12 15 0 0.09 M M 4.0 12 30 M M 5 1 17 40
8 59 42 51 -11 14 0 0.18 M M 12.7 26 350 M M 3 1 39 350
9 61 36 49 -13 16 0 0.00 M M 5.3 13 240 M M 3 18 210
10 60 40 50 -13 15 0 0.00 M M 12.4 22 320 M M 1 32 350
11 50 40 45 -18 20 0 0.03 M M 4.5 12 40 M M 8 14 340
12 49 42 46 -18 19 0 0.01 M M 6.4 14 80 M M 10 19 100
13 63 47 55 -9 10 0 0.00 M M 8.5 17 120 M M 10 1 25 110
14 79 62 71 7 0 6 0.30 M M 11.2 25 220 M M 7 13 44 220
15 67 61 64 0 1 0 T M M 6.5 15 100 M M 9 1 21 80
16 72 59 66 1 0 1 0.00 M M 4.9 13 100 M M 6 18 100
17 71 55 63 -2 2 0 0.00 M M 12.0 23 320 M M 9 32 310
18 61 54 58 -7 7 0 0.00 M M 10.5 18 340 M M 9 26 330
19 70 54 62 -4 3 0 T M M 7.2 13 60 M M 8 18 60
20 68 58 63 -3 2 0 0.00 M M 6.5 13 110 M M 10 16 120
21 73 59 66 0 0 1 0.00 M M 8.8 16 110 M M 7 23 100
22 76 59 68 1 0 3 0.38 M M 8.7 24 70 M M 6 13 31 80
23 81 56 69 2 0 4 0.00 M M 7.3 12 170 M M 2 17 220
24 84 68 76 9 0 11 T M M 9.7 23 200 M M 4 32 200
25 79 67 73 5 0 8 0.09 M M 7.8 22 170 M M 6 3 29 170
26 74 63 69 1 0 4 1.11 M M 7.3 17 210 M M 10 1 26 240
27 76 62 69 1 0 4 0.94 M M 2.7 12 300 M M 8 1 14 290
28 70 61 66 -2 0 1 2.36 M M 3.8 15 250 M M 7 138 23 250
29 77 56 67 -2 0 2 0.00 M M 7.1 17 10 M M 0 24 10
30 77 55 66 -3 0 1 T M M 5.3 12 70 M M 2 17 70
31 78 61 70 1 0 5 0.00 M M 8.4 14 150 M M 4 20 150
================================================================================
SM 2162 1667 150 58 6.30 M 246.6 M 175
================================================================================
AV 69.7 53.8 8.0 FASTST M M 6 MAX(MPH)
MISC ----> 30 240 58 240
================================================================================
NOTES:
# LAST OF SEVERAL OCCURRENCES
COLUMN 17 PEAK WIND IN M.P.H.
PRELIMINARY LOCAL CLIMATOLOGICAL DATA (WS FORM: F-6) , PAGE 2
STATION: JOHNSON COUNTY EXECUTIVE KS
MONTH: MAY
YEAR: 2020
LATITUDE: 38 50 N
LONGITUDE: 94 44 W
[TEMPERATURE DATA] [PRECIPITATION DATA] SYMBOLS USED IN COLUMN 16
AVERAGE MONTHLY: 61.8 TOTAL FOR MONTH: 6.30 1 = FOG OR MIST
DPTR FM NORMAL: -2.9 DPTR FM NORMAL: 0.87 2 = FOG REDUCING VISIBILITY
HIGHEST: 84 ON 24 GRTST 24HR 3.30 ON 27-28 TO 1/4 MILE OR LESS
LOWEST: 36 ON 9 3 = THUNDER
SNOW, ICE PELLETS, HAIL 4 = ICE PELLETS
TOTAL MONTH: M 5 = HAIL
GRTST 24HR M ON M 6 = FREEZING RAIN OR DRIZZLE
GRTST DEPTH: M ON M 7 = DUSTSTORM OR SANDSTORM:
VSBY 1/2 MILE OR LESS
8 = SMOKE OR HAZE
[NO. OF DAYS WITH] [WEATHER - DAYS WITH] 9 = BLOWING SNOW
X = TORNADO
MAX 32 OR BELOW: 0 0.01 INCH OR MORE: 11
MAX 90 OR ABOVE: 0 0.10 INCH OR MORE: 7
MIN 32 OR BELOW: 0 0.50 INCH OR MORE: 4
MIN 0 OR BELOW: 0 1.00 INCH OR MORE: 2
[HDD (BASE 65) ]
TOTAL THIS MO. 150 CLEAR (SCALE 0-3) 7
DPTR FM NORMAL 55 PTCLDY (SCALE 4-7) 15
TOTAL FM JUL 1 4898 CLOUDY (SCALE 8-10) 9
DPTR FM NORMAL -26
[CDD (BASE 65) ]
TOTAL THIS MO. 58
DPTR FM NORMAL -28 [PRESSURE DATA]
TOTAL FM JAN 1 66 HIGHEST SLP M ON M
DPTR FM NORMAL -38 LOWEST SLP 29.69 ON 14
[REMARKS]
#FINAL-05-20#