000
CXUS53 KEAX 010836
CF6OJC
PRELIMINARY LOCAL CLIMATOLOGICAL DATA (WS FORM: F-6)
STATION: JOHNSON COUNTY EXECUTIVE KS
MONTH: NOVEMBER
YEAR: 2023
LATITUDE: 38 50 N
LONGITUDE: 94 44 W
TEMPERATURE IN F: :PCPN: SNOW: WIND :SUNSHINE: SKY :PK WND
================================================================================
1 2 3 4 5 6A 6B 7 8 9 10 11 12 13 14 15 16 17 18
12Z AVG MX 2MIN
DY MAX MIN AVG DEP HDD CDD WTR SNW DPTH SPD SPD DIR MIN PSBL S-S WX SPD DR
================================================================================
1 49 20 35 -15 30 0 0.00 M M 7.2 17 180 M M 0 27 170
2 63 35 49 -1 16 0 0.00 M M 10.9 21 200 M M 0 32 210
3 68 43 56 7 9 0 0.00 M M 8.7 21 200 M M 0 31 240
4 59 40 50 1 15 0 T M M 2.8 12 10 M M 3 14 360
5 70 40 55 7 10 0 0.00 M M 7.8 16 170 M M 1 23 180
6 71 56 64 16 1 0 0.00 M M 4.7 13 200 M M 2 20 190
7 76 54 65 17 0 0 0.00 M M 7.9 20 170 M M 3 27 170
8 70 54 62 15 3 0 0.00 M M 9.8 18 360 M M 3 1 26 340
9 57 41 49 2 16 0 0.00 M M 4.9 21 10 M M 0 28 10
10 56 36 46 0 19 0 0.00 M M 5.2 13 40 M M 0 17 30
11 56 34 45 -1 20 0 0.00 M M 6.7 13 160 M M 5 17 160
12 66 38 52 7 13 0 0.00 M M 7.3 16 200 M M 0 22 200
13 68 38 53 8 12 0 0.00 M M 5.2 12 130 M M 0 16 80
14 67 40 54 10 11 0 0.00 M M 6.9 17 190 M M 0 26 200
15 70 43 57 13 8 0 0.00 M M 6.5 13 200 M M 0 16 200
16 60 47 54 10 11 0 0.00 M M 9.5 20 190 M M 2 29 180
17 57 37 47 4 18 0 0.00 M M 7.7 23 10 M M 1 30 10
18 62 33 48 5 17 0 0.00 0.0 0 4.3 10 240 M M 0 14 200
19 51 42 47 5 18 0 0.32 M M 7.2 15 80 M M 6 1 23 70
20 44 42 43 1 22 0 0.64 M M 10.9 17 10 M M 10 1 26 20
21 46 31 39 -3 26 0 0.00 M M 11.2 21 340 M M 7 1 32 330
22 50 26 38 -3 27 0 0.00 M M 6.2 12 200 M M 0 17 240
23 52 31 42 1 23 0 0.00 M M 9.4 20 30 M M 0 28 40
24 36 27 32 -8 33 0 0.00 M M 12.7 20 40 M M 0 27 50
25 36 26 31 -9 34 0 0.17 M M 5.9 13 80 M M 8 1 19 80
26 35 24 30 -10 35 0 0.02 M M 8.3 15 300 M M 5 1 25 290
27 42 19 31 -8 34 0 0.00 M M 5.7 15 300 M M 0 21 300
28 43 19 31 -8 34 0 0.00 M M 6.6 17 180 M M 0 24 180
29 57 25 41 2 24 0 0.00 M M 5.8 13 200 M M 0 20 190
30 53 42 48 10 17 0 0.28 M M 8.9 20 30 M M 6 1 28 30
================================================================================
SM 1690 1083 556 0 1.43 0.0 222.8 M 62
================================================================================
AV 56.3 36.1 7.4 FASTST M M 2 MAX(MPH)
MISC ----> 23 10 # 32 210
================================================================================
NOTES:
# LAST OF SEVERAL OCCURRENCES
COLUMN 17 PEAK WIND IN M.P.H.
PRELIMINARY LOCAL CLIMATOLOGICAL DATA (WS FORM: F-6) , PAGE 2
STATION: JOHNSON COUNTY EXECUTIVE KS
MONTH: NOVEMBER
YEAR: 2023
LATITUDE: 38 50 N
LONGITUDE: 94 44 W
[TEMPERATURE DATA] [PRECIPITATION DATA] SYMBOLS USED IN COLUMN 16
AVERAGE MONTHLY: 46.2 TOTAL FOR MONTH: 1.43 1 = FOG OR MIST
DPTR FM NORMAL: 2.2 DPTR FM NORMAL: -0.60 2 = FOG REDUCING VISIBILITY
HIGHEST: 76 ON 7 GRTST 24HR 0.85 ON 19-20 TO 1/4 MILE OR LESS
LOWEST: 19 ON 28,27 3 = THUNDER
SNOW, ICE PELLETS, HAIL 4 = ICE PELLETS
TOTAL MONTH: 0.0 INCH 5 = HAIL
GRTST 24HR 0.0 6 = FREEZING RAIN OR DRIZZLE
GRTST DEPTH: 0 7 = DUSTSTORM OR SANDSTORM:
VSBY 1/2 MILE OR LESS
8 = SMOKE OR HAZE
[NO. OF DAYS WITH] [WEATHER - DAYS WITH] 9 = BLOWING SNOW
X = TORNADO
MAX 32 OR BELOW: 0 0.01 INCH OR MORE: 5
MAX 90 OR ABOVE: 0 0.10 INCH OR MORE: 4
MIN 32 OR BELOW: 10 0.50 INCH OR MORE: 1
MIN 0 OR BELOW: 0 1.00 INCH OR MORE: 0
[HDD (BASE 65) ]
TOTAL THIS MO. 556 CLEAR (SCALE 0-3) 20
DPTR FM NORMAL -76 PTCLDY (SCALE 4-7) 9
TOTAL FM JUL 1 801 CLOUDY (SCALE 8-10) 1
DPTR FM NORMAL -169
[CDD (BASE 65) ]
TOTAL THIS MO. 0
DPTR FM NORMAL -1 [PRESSURE DATA]
TOTAL FM JAN 1 1774 HIGHEST SLP 30.50 ON 1
DPTR FM NORMAL 423 LOWEST SLP 29.58 ON 8
[REMARKS]
#FINAL-11-23#