000
CXUS53 KEAX 011926 RRA
CLMOJC
CLIMATE REPORT
NATIONAL WEATHER SERVICE KANSAS CITY/PLEASANT HILL MO
222 PM CDT SAT APR 01 2023
...................................
...THE JOHNSON COUNTY EXECUTIVE KS CLIMATE SUMMARY FOR THE MONTH OF MARCH 2023...
CLIMATE NORMAL PERIOD: 1991 TO 2020
CLIMATE RECORD PERIOD: 9999 TO 9999
WEATHER OBSERVED NORMAL DEPART LAST YEAR`S
VALUE DATE(S) VALUE FROM VALUE DATE(S)
NORMAL
................................................................
TEMPERATURE (F)
HIGHEST 79 03/31 77 2 84 03/02
LOWEST 15 03/19 16 -1 8 03/12
AVG. MAXIMUM 52.8 55.1 -2.3 56.4
AVG. MINIMUM 33.4 35.1 -1.7 34.1
MEAN 43.1 45.1 -2.0 45.2
DAYS MAX >= 90 0 0.0 0.0 0
DAYS MAX <= 32 1 1.1 -0.1 1
DAYS MIN <= 32 11 11.9 -0.9 8
DAYS MIN <= 0 0 0.1 -0.1 0
PRECIPITATION (INCHES)
TOTALS 2.71R 2.27 0.44 4.71
DAILY AVG. 0.09 0.07 0.02 0.15
DAYS >= .01 11 9.1 1.9 10
DAYS >= .10 7 4.7 2.3 7
DAYS >= .50 2 1.3 0.7 4
DAYS >= 1.00 0 0.5 -0.5 2
GREATEST
24 HR. TOTAL 0.71 03/24 TO 03/24
DEGREE DAYS
HEATING TOTAL 669 620 49 607
SINCE 7/1 4215 4494 -279 MM
COOLING TOTAL 0 3 -3 0
SINCE 1/1 0 3 -3 MM
................................................................
WIND (MPH)
AVERAGE WIND SPEED 10.3
HIGHEST WIND SPEED/DIRECTION 37/300 DATE 03/31
HIGHEST GUST SPEED/DIRECTION 62/300 DATE 03/31
SKY COVER
POSSIBLE SUNSHINE (PERCENT) MM
AVERAGE SKY COVER 0.49
NUMBER OF DAYS FAIR 12
NUMBER OF DAYS PC 11
NUMBER OF DAYS CLOUDY 8
AVERAGE RH (PERCENT) 67
WEATHER CONDITIONS. NUMBER OF DAYS WITH
THUNDERSTORM 1 MIXED PRECIP 0
HEAVY RAIN 2 RAIN 7
LIGHT RAIN 10 FREEZING RAIN 0
LT FREEZING RAIN 0 HAIL 0
HEAVY SNOW 0 SNOW 0
LIGHT SNOW 3 SLEET 0
FOG 14 FOG W/VIS <= 1/4 MILE 2
HAZE 3
- INDICATES NEGATIVE NUMBERS.
R INDICATES RECORD WAS SET OR TIED.
MM INDICATES DATA IS MISSING.
T INDICATES TRACE AMOUNT.
$$